{"id":1026,"date":"2015-06-17T11:43:38","date_gmt":"2015-06-17T09:43:38","guid":{"rendered":"http:\/\/amante-menden.de\/?page_id=1026"},"modified":"2015-06-17T11:43:38","modified_gmt":"2015-06-17T09:43:38","slug":"chorfestivals-im-wildwald-vosswinkel","status":"publish","type":"page","link":"https:\/\/www.amante-menden.de\/?page_id=1026","title":{"rendered":"Chorfestivals im Wildwald Vo\u00dfwinkel"},"content":{"rendered":"<p style=\"text-align: justify;\"><a href=\"http:\/\/amante-menden.de\/wordpress\/wp-content\/uploads\/2015\/06\/wildwald.jpg\"><img loading=\"lazy\" decoding=\"async\" class=\" size-full wp-image-1027 aligncenter\" src=\"http:\/\/amante-menden.de\/wordpress\/wp-content\/uploads\/2015\/06\/wildwald.jpg\" alt=\"wildwald\" width=\"455\" height=\"180\" srcset=\"https:\/\/www.amante-menden.de\/wordpress\/wp-content\/uploads\/2015\/06\/wildwald.jpg 455w, https:\/\/www.amante-menden.de\/wordpress\/wp-content\/uploads\/2015\/06\/wildwald-300x119.jpg 300w\" sizes=\"auto, (max-width: 455px) 100vw, 455px\" \/><\/a><\/p>\n<p style=\"text-align: justify;\">Am Freitag, 9. Juli 2010, war amante della musica menden einer von neun Ch\u00f6ren, die am ersten Tag des Chorfestivals im Wildwald Vo\u00dfwinkel aufgetreten sind. Die diesmal nur 26-k\u00f6pfige Singgemeinschaft pr\u00e4sentierte unter der Leitung von Michael Oel als letzter Chor in der guten Akkustik der Freilichtb\u00fchne des Wildwaldes vier St\u00fccke aus dem Repertoire ihrer neuen CD &#8222;mixt(o)ur&#8220; &#8211; und war &#8222;Kein sch\u00f6ner Land&#8220;, &#8222;Soon ah will be done&#8220;, &#8222;Coming home&#8220; und &#8222;I get around&#8220;. Veranstalter war die Chorgemeinschaft Vo\u00dfwinkel\/H\u00f6ingen bzw. der M\u00e4nnerchor C\u00e4cilia 1892 Vo\u00dfwinkel. &#8222;Eure Mitwirkung war eine super Bereicherung dieser Veranstaltung &#8211; viele herzlichen Dank&#8220;, schrieb der Verein jetzt in einem Schreiben an amante della musica. Dem Mendener Meisterchor hat der Auftritt sehr viel Spa\u00df bereitet.<\/p>\n","protected":false},"excerpt":{"rendered":"<p>Am Freitag, 9. Juli 2010, war amante della musica menden einer von neun Ch\u00f6ren, die am ersten Tag des Chorfestivals im Wildwald Vo\u00dfwinkel aufgetreten sind. Die diesmal nur 26-k\u00f6pfige Singgemeinschaft pr\u00e4sentierte unter der Leitung von Michael Oel als letzter Chor &hellip; <a href=\"https:\/\/www.amante-menden.de\/?page_id=1026\">Weiterlesen <span class=\"meta-nav\">&rarr;<\/span><\/a><\/p>\n","protected":false},"author":1,"featured_media":0,"parent":169,"menu_order":109,"comment_status":"closed","ping_status":"closed","template":"","meta":{"footnotes":""},"class_list":["post-1026","page","type-page","status-publish","hentry"],"_links":{"self":[{"href":"https:\/\/www.amante-menden.de\/index.php?rest_route=\/wp\/v2\/pages\/1026","targetHints":{"allow":["GET"]}}],"collection":[{"href":"https:\/\/www.amante-menden.de\/index.php?rest_route=\/wp\/v2\/pages"}],"about":[{"href":"https:\/\/www.amante-menden.de\/index.php?rest_route=\/wp\/v2\/types\/page"}],"author":[{"embeddable":true,"href":"https:\/\/www.amante-menden.de\/index.php?rest_route=\/wp\/v2\/users\/1"}],"replies":[{"embeddable":true,"href":"https:\/\/www.amante-menden.de\/index.php?rest_route=%2Fwp%2Fv2%2Fcomments&post=1026"}],"version-history":[{"count":1,"href":"https:\/\/www.amante-menden.de\/index.php?rest_route=\/wp\/v2\/pages\/1026\/revisions"}],"predecessor-version":[{"id":1028,"href":"https:\/\/www.amante-menden.de\/index.php?rest_route=\/wp\/v2\/pages\/1026\/revisions\/1028"}],"up":[{"embeddable":true,"href":"https:\/\/www.amante-menden.de\/index.php?rest_route=\/wp\/v2\/pages\/169"}],"wp:attachment":[{"href":"https:\/\/www.amante-menden.de\/index.php?rest_route=%2Fwp%2Fv2%2Fmedia&parent=1026"}],"curies":[{"name":"wp","href":"https:\/\/api.w.org\/{rel}","templated":true}]}}

Chorfestivals im Wildwald Voßwinkel

<p style="text-align: justify;"><a href="http://amante-menden.de/wordpress/wp-content/uploads/2015/06/wildwald.jpg"><img loading="lazy" decoding="async" class=" size-full wp-image-1027 aligncenter" src="http://amante-menden.de/wordpress/wp-content/uploads/2015/06/wildwald.jpg" alt="wildwald" width="455" height="180" srcset="https://www.amante-menden.de/wordpress/wp-content/uploads/2015/06/wildwald.jpg 455w, https://www.amante-menden.de/wordpress/wp-content/uploads/2015/06/wildwald-300x119.jpg 300w" sizes="auto, (max-width: 455px) 100vw, 455px" /></a></p>
<p style="text-align: justify;">Am Freitag, 9. Juli 2010, war amante della musica menden einer von neun Chören, die am ersten Tag des Chorfestivals im Wildwald Voßwinkel aufgetreten sind. Die diesmal nur 26-köpfige Singgemeinschaft präsentierte unter der Leitung von Michael Oel als letzter Chor in der guten Akkustik der Freilichtbühne des Wildwaldes vier Stücke aus dem Repertoire ihrer neuen CD &#8222;mixt(o)ur&#8220; &#8211; und war &#8222;Kein schöner Land&#8220;, &#8222;Soon ah will be done&#8220;, &#8222;Coming home&#8220; und &#8222;I get around&#8220;. Veranstalter war die Chorgemeinschaft Voßwinkel/Höingen bzw. der Männerchor Cäcilia 1892 Voßwinkel. &#8222;Eure Mitwirkung war eine super Bereicherung dieser Veranstaltung &#8211; viele herzlichen Dank&#8220;, schrieb der Verein jetzt in einem Schreiben an amante della musica. Dem Mendener Meisterchor hat der Auftritt sehr viel Spaß bereitet.</p>

<p>Am Freitag, 9. Juli 2010, war amante della musica menden einer von neun Chören, die am ersten Tag des Chorfestivals im Wildwald Voßwinkel aufgetreten sind. Die diesmal nur 26-köpfige Singgemeinschaft präsentierte unter der Leitung von Michael Oel als letzter Chor &hellip; <a href="https://www.amante-menden.de/?page_id=1026">Weiterlesen <span class="meta-nav">&rarr;</span></a></p>
