{"id":1029,"date":"2015-06-17T11:45:30","date_gmt":"2015-06-17T09:45:30","guid":{"rendered":"http:\/\/amante-menden.de\/?page_id=1029"},"modified":"2015-06-17T11:45:30","modified_gmt":"2015-06-17T09:45:30","slug":"verleihung-der-ehrenamtskarten-am-25-02-2010-in-iserlohn","status":"publish","type":"page","link":"https:\/\/www.amante-menden.de\/?page_id=1029","title":{"rendered":"Verleihung der Ehrenamtskarten am 25.02.2010 in Iserlohn"},"content":{"rendered":"<h3>Gro\u00dfer Bahnhof f\u00fcr das Ehrenamt!<\/h3>\n<p><a href=\"http:\/\/amante-menden.de\/wordpress\/wp-content\/uploads\/2015\/06\/Ehrenamtskart-1.jpg\"><img loading=\"lazy\" decoding=\"async\" class=\" size-full wp-image-1030 aligncenter\" src=\"http:\/\/amante-menden.de\/wordpress\/wp-content\/uploads\/2015\/06\/Ehrenamtskart-1.jpg\" alt=\"Ehrenamtskart 1\" width=\"314\" height=\"194\" srcset=\"https:\/\/www.amante-menden.de\/wordpress\/wp-content\/uploads\/2015\/06\/Ehrenamtskart-1.jpg 314w, https:\/\/www.amante-menden.de\/wordpress\/wp-content\/uploads\/2015\/06\/Ehrenamtskart-1-300x185.jpg 300w\" sizes=\"auto, (max-width: 314px) 100vw, 314px\" \/><\/a><\/p>\n<p style=\"text-align: justify;\">Zum Bersten gef\u00fcllt war am Donnerstag, 25. Februar 2010, das Forum des Berufskollegs des M\u00e4rkischen Kreises an der Hansaallee in Iserlohn bei der feierlichen Ausgabe der ersten Ehrenamtskarten im Kreis.<\/p>\n<p style=\"text-align: justify;\" align=\"justify\">269 M\u00e4nner und Frauen, die sich in den 15 St\u00e4dten und Gemeinden seit vielen Jahren in Vereinen, Verb\u00e4nden, Kirchen, Institutionen und Einrichtungen f\u00fcr ihre Mitmenschen engagieren und einsetzen, haben bisher die Ehrenamtskarte bewilligt bekommen. Weit \u00fcber 200 von ihnen waren der Einladung zum Festakt gefolgt. Auch einige B\u00fcrgermeister aus den Kommunen, Vertreter aus Politik und Verwaltung, wohnten der \u00dcbergabe bei.Auf die Hauptperson, Armin Laschet, Minister f\u00fcr Generationen, Familien, Frauen und Integration des Landes Nordrhein-Westfalen, mussten die Anwesenden allerdings etwas warten. Er hatte wegen eines Unfalls auf der Autobahn im Stau gestanden.<\/p>\n<p style=\"text-align: justify;\" align=\"justify\">Der Chor amante della musica menden zeichnete f\u00fcr die musikalische Umrahmung des Programms verantwortlich. Unter dem Dirigat von Michael Oel standen die 25 Aktiven drei Mal auf der B\u00fchne, pr\u00e4sentierten moderne Pop-Songs, aber auch deutsche Volkslieder im modernen Jazz-Gewand. Der M\u00e4rkische Kreis hatte amante kurzfristig verpflichtet, Landrat Thomas Gemke war merklich begeistert vom Auftritt der Mendener S\u00e4ngerinnen und S\u00e4nger.<\/p>\n","protected":false},"excerpt":{"rendered":"<p>Gro\u00dfer Bahnhof f\u00fcr das Ehrenamt! Zum Bersten gef\u00fcllt war am Donnerstag, 25. Februar 2010, das Forum des Berufskollegs des M\u00e4rkischen Kreises an der Hansaallee in Iserlohn bei der feierlichen Ausgabe der ersten Ehrenamtskarten im Kreis. 269 M\u00e4nner und Frauen, die &hellip; <a href=\"https:\/\/www.amante-menden.de\/?page_id=1029\">Weiterlesen <span class=\"meta-nav\">&rarr;<\/span><\/a><\/p>\n","protected":false},"author":1,"featured_media":0,"parent":156,"menu_order":109,"comment_status":"closed","ping_status":"closed","template":"","meta":{"footnotes":""},"class_list":["post-1029","page","type-page","status-publish","hentry"],"_links":{"self":[{"href":"https:\/\/www.amante-menden.de\/index.php?rest_route=\/wp\/v2\/pages\/1029","targetHints":{"allow":["GET"]}}],"collection":[{"href":"https:\/\/www.amante-menden.de\/index.php?rest_route=\/wp\/v2\/pages"}],"about":[{"href":"https:\/\/www.amante-menden.de\/index.php?rest_route=\/wp\/v2\/types\/page"}],"author":[{"embeddable":true,"href":"https:\/\/www.amante-menden.de\/index.php?rest_route=\/wp\/v2\/users\/1"}],"replies":[{"embeddable":true,"href":"https:\/\/www.amante-menden.de\/index.php?rest_route=%2Fwp%2Fv2%2Fcomments&post=1029"}],"version-history":[{"count":1,"href":"https:\/\/www.amante-menden.de\/index.php?rest_route=\/wp\/v2\/pages\/1029\/revisions"}],"predecessor-version":[{"id":1032,"href":"https:\/\/www.amante-menden.de\/index.php?rest_route=\/wp\/v2\/pages\/1029\/revisions\/1032"}],"up":[{"embeddable":true,"href":"https:\/\/www.amante-menden.de\/index.php?rest_route=\/wp\/v2\/pages\/156"}],"wp:attachment":[{"href":"https:\/\/www.amante-menden.de\/index.php?rest_route=%2Fwp%2Fv2%2Fmedia&parent=1029"}],"curies":[{"name":"wp","href":"https:\/\/api.w.org\/{rel}","templated":true}]}}

<h3>Großer Bahnhof für das Ehrenamt!</h3>
<p><a href="http://amante-menden.de/wordpress/wp-content/uploads/2015/06/Ehrenamtskart-1.jpg"><img loading="lazy" decoding="async" class=" size-full wp-image-1030 aligncenter" src="http://amante-menden.de/wordpress/wp-content/uploads/2015/06/Ehrenamtskart-1.jpg" alt="Ehrenamtskart 1" width="314" height="194" srcset="https://www.amante-menden.de/wordpress/wp-content/uploads/2015/06/Ehrenamtskart-1.jpg 314w, https://www.amante-menden.de/wordpress/wp-content/uploads/2015/06/Ehrenamtskart-1-300x185.jpg 300w" sizes="auto, (max-width: 314px) 100vw, 314px" /></a></p>
<p style="text-align: justify;">Zum Bersten gefüllt war am Donnerstag, 25. Februar 2010, das Forum des Berufskollegs des Märkischen Kreises an der Hansaallee in Iserlohn bei der feierlichen Ausgabe der ersten Ehrenamtskarten im Kreis.</p>
<p style="text-align: justify;" align="justify">269 Männer und Frauen, die sich in den 15 Städten und Gemeinden seit vielen Jahren in Vereinen, Verbänden, Kirchen, Institutionen und Einrichtungen für ihre Mitmenschen engagieren und einsetzen, haben bisher die Ehrenamtskarte bewilligt bekommen. Weit über 200 von ihnen waren der Einladung zum Festakt gefolgt. Auch einige Bürgermeister aus den Kommunen, Vertreter aus Politik und Verwaltung, wohnten der Übergabe bei.Auf die Hauptperson, Armin Laschet, Minister für Generationen, Familien, Frauen und Integration des Landes Nordrhein-Westfalen, mussten die Anwesenden allerdings etwas warten. Er hatte wegen eines Unfalls auf der Autobahn im Stau gestanden.</p>
<p style="text-align: justify;" align="justify">Der Chor amante della musica menden zeichnete für die musikalische Umrahmung des Programms verantwortlich. Unter dem Dirigat von Michael Oel standen die 25 Aktiven drei Mal auf der Bühne, präsentierten moderne Pop-Songs, aber auch deutsche Volkslieder im modernen Jazz-Gewand. Der Märkische Kreis hatte amante kurzfristig verpflichtet, Landrat Thomas Gemke war merklich begeistert vom Auftritt der Mendener Sängerinnen und Sänger.</p>

<p>Großer Bahnhof für das Ehrenamt! Zum Bersten gefüllt war am Donnerstag, 25. Februar 2010, das Forum des Berufskollegs des Märkischen Kreises an der Hansaallee in Iserlohn bei der feierlichen Ausgabe der ersten Ehrenamtskarten im Kreis. 269 Männer und Frauen, die &hellip; <a href="https://www.amante-menden.de/?page_id=1029">Weiterlesen <span class="meta-nav">&rarr;</span></a></p>
