{"id":1443,"date":"2016-01-05T09:42:07","date_gmt":"2016-01-05T07:42:07","guid":{"rendered":"http:\/\/www.amante-menden.de\/?page_id=1443"},"modified":"2016-01-05T09:42:07","modified_gmt":"2016-01-05T07:42:07","slug":"3-konzert-mit-dem-blasorchester","status":"publish","type":"page","link":"https:\/\/www.amante-menden.de\/?page_id=1443","title":{"rendered":"3. Konzert mit dem Blasorchester"},"content":{"rendered":"<h3><span style=\"color: #000000;\">Herausragende Synthese Blasorchester Menden, Greenhorns und amante della musica<\/span><u> <\/u><\/h3>\n<h3>350 Zuh\u00f6rer in der Hubertushalle begeistert \u2013 Konzert spontan Hubert Sch\u00fcngel gewidmet<\/h3>\n<p><a href=\"http:\/\/www.amante-menden.de\/wordpress\/wp-content\/uploads\/2016\/01\/blas09.jpg\" rel=\"attachment wp-att-1446\"><img loading=\"lazy\" decoding=\"async\" class=\"size-medium wp-image-1446 aligncenter\" src=\"http:\/\/www.amante-menden.de\/wordpress\/wp-content\/uploads\/2016\/01\/blas09-300x145.jpg\" alt=\"blas09\" width=\"300\" height=\"145\" srcset=\"https:\/\/www.amante-menden.de\/wordpress\/wp-content\/uploads\/2016\/01\/blas09-300x145.jpg 300w, https:\/\/www.amante-menden.de\/wordpress\/wp-content\/uploads\/2016\/01\/blas09.jpg 500w\" sizes=\"auto, (max-width: 300px) 100vw, 300px\" \/><\/a><\/p>\n<p>Von Dirk Becker<\/p>\n<p><b>MENDEN<\/b> Einen grandiosen Konzertabend, den Frank Westhoff, 1.Brudermeister der Sch\u00fctzenbruderschaft Hubertus Menden-Nord, spontan und sichtlich ger\u00fchrt dem am Donnerstag verstorbenen Ehrenoberst Hubert Sch\u00fcngel widmete, erlebten 350 Zuh\u00f6rer in der Sch\u00fctzenhalle an der Stiftstra\u00dfe.<\/p>\n<p align=\"justify\">Das Blasorchester Menden mit seinem Jugendorchester Greenhorns und der Meisterchor amante della musica menden \u2013 das war zum wiederholten Male eine herausragende Synthese instrumentaler und vokaler Musikkunst. Dumm nur, dass sich der Chor mit seinen 44 Stimmen vor der B\u00fchne dr\u00e4ngeln musste \u2013 mehr Platz h\u00e4tte wahrlich gut getan, zumal sich das von Chordirektor FDB geleitete Ensemble einmal mehr als \u201eChor in Bewegung\u201c pr\u00e4<a href=\"http:\/\/www.amante-menden.de\/wordpress\/wp-content\/uploads\/2016\/01\/2-3.jpg\" rel=\"attachment wp-att-1445\"><img loading=\"lazy\" decoding=\"async\" class=\"size-medium wp-image-1445 alignleft\" src=\"http:\/\/www.amante-menden.de\/wordpress\/wp-content\/uploads\/2016\/01\/2-3-300x200.jpg\" alt=\"2\" width=\"300\" height=\"200\" \/><\/a>sentierte.<\/p>\n<p><img loading=\"lazy\" decoding=\"async\" src=\"file:\/\/\/D:\/Homepage\/amante\/cc\/2009\/blas09\/1.jpg\" alt=\"\" width=\"300\" height=\"200\" align=\"left\" border=\"0\" \/><\/p>\n<p align=\"justify\">Wie das Blasorchester kehrte der heimische Meisterchor seine moderne Seite hervor: Acht Titel, sechs davon in englisch, die beiden deutschen Volkslieder \u201eAm Brunnen vor dem Tore\u201c und \u201eDer Mond ist aufgegangen\u201c als Jazz-Versionen: Wer behauptet, das \u201eklassische\u201c Publikum k\u00f6nne mit diesem Repertoire nicht begeistert werden, irrte gewaltig. Die 350 Zuh\u00f6rer feierten die S\u00e4ngerinnen und S\u00e4nger, die trotz des engen Platzes ihr K\u00f6nnen unter Beweis stellten.<\/p>\n<p align=\"justify\">Einziger Makel war das etwas zu leise E-Piano, an dem Michael Oel seinen Chor bei der \u201eBohemian Rhapsody\u201c und bei \u201eBridge over troubled water\u201c begleitete. Dennoch brillierte amante, beherrschte leisestes Piano ebenso wie stimmgewaltiges Forte.<\/p>\n<p align=\"justify\"><a href=\"http:\/\/www.amante-menden.de\/wordpress\/wp-content\/uploads\/2016\/01\/1-3.jpg\" rel=\"attachment wp-att-1444\"><img loading=\"lazy\" decoding=\"async\" class=\"size-medium wp-image-1444 alignright\" src=\"http:\/\/www.amante-menden.de\/wordpress\/wp-content\/uploads\/2016\/01\/1-3-300x200.jpg\" alt=\"1\" width=\"300\" height=\"200\" \/><\/a>Das Blasorchester Menden, das nach dem Konzert Martina Bieschke f\u00fcr ihre zw\u00f6lfj\u00e4hrige T\u00e4tigkeit als Vorsitzende auszeichnete, r\u00fcckte in seinen Vortr\u00e4gen immer wieder andere Instrumente in den Vordergrund. Ein \u00fcberzeugendes Solo am Tenorhorn legte Thomas Metzer bei der instrumentalen Interpretation von \u201eGro\u00dfvaters Uhr\u201c hin. Unter der Leitung von J\u00f6rg Krause pr\u00e4sentierte das Blasorchester zudem mehrere Medleys \u2013 von K\u00fcnstlern der Moderne wie Robbie Williams ebenso wie von den \u201eGentlemen of Rock\u201c, Tom Jones und Neil Diamond.<\/p>\n<p align=\"justify\">Doch damit nicht genug: Die Bl\u00e4ser verstanden es, einen Mix aus bekannten Werken und weniger oft zu h\u00f6renden Melodien zu finden und verfolgte zudem die Vorstellungen des eigenen musikalischen Nachwuchses: Die Greenhorns, in Vertretung dirigiert von Lisa B\u00f6ckelmann, zeigten bei ihren beiden Auftritten, dass die jungen Instrumentalisten auf dem besten Wege sind, in die Fu\u00dfstapfen der \u201eGro\u00dfen\u201c zu treten.<\/p>\n<p align=\"justify\"><img loading=\"lazy\" decoding=\"async\" src=\"file:\/\/\/D:\/Homepage\/amante\/cc\/2009\/blas09\/2.jpg\" alt=\"\" width=\"300\" height=\"200\" align=\"right\" border=\"0\" \/><\/p>\n<p align=\"justify\">Nach fast drei Stunden, unter anderem auch wegen einer deutlich zu langen Pause, gab es stehende Ovationen f\u00fcr die drei Ensembles, die musikalisch absolut \u00fcberzeugt hatten. Musikalische Gegens\u00e4tze zogen sich am Samstag fast magisch an und bildeten eine gelungene Mixtur musikalischen K\u00f6nnens.<\/p>\n<p><b>Mendener Zeitung vom 30. M\u00e4rz 2009<\/b><\/p>\n<p align=\"justify\">\n","protected":false},"excerpt":{"rendered":"<p>Herausragende Synthese Blasorchester Menden, Greenhorns und amante della musica 350 Zuh\u00f6rer in der Hubertushalle begeistert \u2013 Konzert spontan Hubert Sch\u00fcngel gewidmet Von Dirk Becker MENDEN Einen grandiosen Konzertabend, den Frank Westhoff, 1.Brudermeister der Sch\u00fctzenbruderschaft Hubertus Menden-Nord, spontan und sichtlich ger\u00fchrt &hellip; <a href=\"https:\/\/www.amante-menden.de\/?page_id=1443\">Weiterlesen <span class=\"meta-nav\">&rarr;<\/span><\/a><\/p>\n","protected":false},"author":1,"featured_media":0,"parent":159,"menu_order":94,"comment_status":"closed","ping_status":"closed","template":"","meta":{"footnotes":""},"class_list":["post-1443","page","type-page","status-publish","hentry"],"_links":{"self":[{"href":"https:\/\/www.amante-menden.de\/index.php?rest_route=\/wp\/v2\/pages\/1443","targetHints":{"allow":["GET"]}}],"collection":[{"href":"https:\/\/www.amante-menden.de\/index.php?rest_route=\/wp\/v2\/pages"}],"about":[{"href":"https:\/\/www.amante-menden.de\/index.php?rest_route=\/wp\/v2\/types\/page"}],"author":[{"embeddable":true,"href":"https:\/\/www.amante-menden.de\/index.php?rest_route=\/wp\/v2\/users\/1"}],"replies":[{"embeddable":true,"href":"https:\/\/www.amante-menden.de\/index.php?rest_route=%2Fwp%2Fv2%2Fcomments&post=1443"}],"version-history":[{"count":1,"href":"https:\/\/www.amante-menden.de\/index.php?rest_route=\/wp\/v2\/pages\/1443\/revisions"}],"predecessor-version":[{"id":1448,"href":"https:\/\/www.amante-menden.de\/index.php?rest_route=\/wp\/v2\/pages\/1443\/revisions\/1448"}],"up":[{"embeddable":true,"href":"https:\/\/www.amante-menden.de\/index.php?rest_route=\/wp\/v2\/pages\/159"}],"wp:attachment":[{"href":"https:\/\/www.amante-menden.de\/index.php?rest_route=%2Fwp%2Fv2%2Fmedia&parent=1443"}],"curies":[{"name":"wp","href":"https:\/\/api.w.org\/{rel}","templated":true}]}}