{"id":1461,"date":"2016-01-05T09:45:09","date_gmt":"2016-01-05T07:45:09","guid":{"rendered":"http:\/\/www.amante-menden.de\/?page_id=1461"},"modified":"2016-01-05T09:45:09","modified_gmt":"2016-01-05T07:45:09","slug":"verabschiedung-von-peter-schmidt","status":"publish","type":"page","link":"https:\/\/www.amante-menden.de\/?page_id=1461","title":{"rendered":"Verabschiedung von Peter Schmidt"},"content":{"rendered":"<p><a href=\"http:\/\/www.amante-menden.de\/wordpress\/wp-content\/uploads\/2016\/01\/s1.jpg\" rel=\"attachment wp-att-1462\"><img loading=\"lazy\" decoding=\"async\" class=\"size-full wp-image-1462 aligncenter\" src=\"http:\/\/www.amante-menden.de\/wordpress\/wp-content\/uploads\/2016\/01\/s1.jpg\" alt=\"s1\" width=\"278\" height=\"200\" \/><\/a><\/p>\n<p>F\u00fcr Freitag, 5. Juni, war amante della musica gebucht worden, um die Feierstunde im Spiegelsaal der Wilhelmsh\u00f6he musikalisch zu umrahmen, mit der die Mendener Bank ihren Vorstandsvorsitzenden Peter Schmidt in den Vorruhestand entlie\u00df. Unter der Leitung von Vizechorleiterin Andrea Ferber pr\u00e4sentierten an diesem Vormittag 30 S\u00e4ngerinnen und S\u00e4nger drei Bl\u00f6cke.<\/p>\n<p align=\"justify\">Zur Er\u00f6ffnung gab&#8217;s die beiden Volkslieder &#8222;Untreue&#8220; im Satz von Max Reger und &#8222;Der Mond ist aufgegangen&#8220;, eine amante-Auftragskomposition von Prof. Michael Schmoll. Nach den Gru\u00dfworten pr\u00e4sentierte der Chor dann die beiden St\u00fccke &#8222;Bridge over troubled water&#8220; (Simon and Garfunkel) und &#8222;I get around&#8220; (Beach Boys), ehe zum Abschluss der Veranstaltung das Spiritual &#8222;Soon ah will be done&#8220; und das St\u00fccke &#8222;Hungriges Herz&#8220; ert\u00f6nten.<\/p>\n<p align=\"justify\"><a href=\"http:\/\/www.amante-menden.de\/wordpress\/wp-content\/uploads\/2016\/01\/s2.jpg\" rel=\"attachment wp-att-1463\"><img loading=\"lazy\" decoding=\"async\" class=\"size-medium wp-image-1463 alignleft\" src=\"http:\/\/www.amante-menden.de\/wordpress\/wp-content\/uploads\/2016\/01\/s2-300x208.jpg\" alt=\"s2\" width=\"300\" height=\"208\" srcset=\"https:\/\/www.amante-menden.de\/wordpress\/wp-content\/uploads\/2016\/01\/s2-300x208.jpg 300w, https:\/\/www.amante-menden.de\/wordpress\/wp-content\/uploads\/2016\/01\/s2.jpg 433w\" sizes=\"auto, (max-width: 300px) 100vw, 300px\" \/><\/a>Dieser Chart-Hit der K\u00fcnstlerin &#8222;Mia&#8220; ist Titelsong der Werbekampagne &#8222;Was uns antreibt&#8220; des Bundesverbandes der Deutschen Volksbanken und Raiffeisenbanken e.V. (BVR). Der Chorsatz wurde zur Verf\u00fcgung gestellt vom belgischen M\u00e4dchenchor &#8222;Scala&#8220; &#8211; und begeisterte die G\u00e4ste auf der Wilhelmsh\u00f6he, zumal eine Pr\u00e4sentation auf der 3 x 4 Meter gro\u00dfen Leinwand den Gesang untermalte. Einstudiert hatte diesen Satz die Chorleiter-Vertretung Rainer Heidemeier &#8211; herzlichen Dank daf\u00fcr! <img loading=\"lazy\" decoding=\"async\" src=\"file:\/\/\/D:\/Homepage\/amante\/cc\/2009\/schmidt\/s1.jpg\" alt=\"\" width=\"278\" height=\"200\" align=\"left\" border=\"0\" \/><\/p>\n<p align=\"justify\">Am Klavier begleitete amante die Musikstudentin Christina, die im Anschluss ebenso einen Blumenstrau\u00df \u00fcberreicht bekam wie Andrea Ferber. Der Vorsitzende Lars Becker \u00fcberreichte auch Peter Schmidt Blumen und eine Gru\u00dfkarte von amante &#8211; verbunden mit der Hoffnung, ihn und viele andere G\u00e4ste bei einer der n\u00e4chsten Gelegenheiten wiederzusehen. Der komplette Chor war anschlie\u00dfend zum Mittagessen eingeladen und genoss merklich die gute Stimmung.<\/p>\n","protected":false},"excerpt":{"rendered":"<p>F\u00fcr Freitag, 5. Juni, war amante della musica gebucht worden, um die Feierstunde im Spiegelsaal der Wilhelmsh\u00f6he musikalisch zu umrahmen, mit der die Mendener Bank ihren Vorstandsvorsitzenden Peter Schmidt in den Vorruhestand entlie\u00df. Unter der Leitung von Vizechorleiterin Andrea Ferber &hellip; <a href=\"https:\/\/www.amante-menden.de\/?page_id=1461\">Weiterlesen <span class=\"meta-nav\">&rarr;<\/span><\/a><\/p>\n","protected":false},"author":1,"featured_media":0,"parent":159,"menu_order":96,"comment_status":"closed","ping_status":"closed","template":"","meta":{"footnotes":""},"class_list":["post-1461","page","type-page","status-publish","hentry"],"_links":{"self":[{"href":"https:\/\/www.amante-menden.de\/index.php?rest_route=\/wp\/v2\/pages\/1461","targetHints":{"allow":["GET"]}}],"collection":[{"href":"https:\/\/www.amante-menden.de\/index.php?rest_route=\/wp\/v2\/pages"}],"about":[{"href":"https:\/\/www.amante-menden.de\/index.php?rest_route=\/wp\/v2\/types\/page"}],"author":[{"embeddable":true,"href":"https:\/\/www.amante-menden.de\/index.php?rest_route=\/wp\/v2\/users\/1"}],"replies":[{"embeddable":true,"href":"https:\/\/www.amante-menden.de\/index.php?rest_route=%2Fwp%2Fv2%2Fcomments&post=1461"}],"version-history":[{"count":1,"href":"https:\/\/www.amante-menden.de\/index.php?rest_route=\/wp\/v2\/pages\/1461\/revisions"}],"predecessor-version":[{"id":1464,"href":"https:\/\/www.amante-menden.de\/index.php?rest_route=\/wp\/v2\/pages\/1461\/revisions\/1464"}],"up":[{"embeddable":true,"href":"https:\/\/www.amante-menden.de\/index.php?rest_route=\/wp\/v2\/pages\/159"}],"wp:attachment":[{"href":"https:\/\/www.amante-menden.de\/index.php?rest_route=%2Fwp%2Fv2%2Fmedia&parent=1461"}],"curies":[{"name":"wp","href":"https:\/\/api.w.org\/{rel}","templated":true}]}}