{"id":1557,"date":"2016-01-05T10:09:36","date_gmt":"2016-01-05T08:09:36","guid":{"rendered":"http:\/\/www.amante-menden.de\/?page_id=1557"},"modified":"2016-01-05T10:09:43","modified_gmt":"2016-01-05T08:09:43","slug":"weihnachtskonzert-2009-von-zion-bis-dion","status":"publish","type":"page","link":"https:\/\/www.amante-menden.de\/?page_id=1557","title":{"rendered":"Weihnachtskonzert 2009 &#8212; Von Zion bis Dion"},"content":{"rendered":"<h3>&#8222;amante della musica&#8220; mit abwechslungsreichem Krankenhaus-Konzert<br \/>\nGro\u00dfer Applaus und gro\u00dfz\u00fcgige Spenden nach fulminantem Auftritt<\/h3>\n<p><a href=\"http:\/\/www.amante-menden.de\/wordpress\/wp-content\/uploads\/2016\/01\/wei3.jpg\" rel=\"attachment wp-att-1561\"><img loading=\"lazy\" decoding=\"async\" class=\"size-medium wp-image-1561 aligncenter\" src=\"http:\/\/www.amante-menden.de\/wordpress\/wp-content\/uploads\/2016\/01\/wei3-300x225.jpg\" alt=\"Amante della musica,Kapelle Vincenz-Krankenhaus Foto: \u00a9 Mendener Zeitung\/Vera Straub *** Local Caption *** Amante della musica,Kapelle Vincenz-Krankenhaus\" width=\"300\" height=\"225\" srcset=\"https:\/\/www.amante-menden.de\/wordpress\/wp-content\/uploads\/2016\/01\/wei3-300x225.jpg 300w, https:\/\/www.amante-menden.de\/wordpress\/wp-content\/uploads\/2016\/01\/wei3-768x576.jpg 768w, https:\/\/www.amante-menden.de\/wordpress\/wp-content\/uploads\/2016\/01\/wei3-1024x768.jpg 1024w\" sizes=\"auto, (max-width: 300px) 100vw, 300px\" \/><\/a><\/p>\n<div class=\"wp-caption-dd\">\n<p><b>Von Thomas Hagemann<\/b><\/p>\n<p>MENDENEin wahres Wechselbad der Gef\u00fchle und Musikstile bescherten die S\u00e4ngerinnen und S\u00e4nger von &#8222;amante della musica&#8220; am Samstagabend ihren \u00fcber 200 Zuh\u00f6rern in der bis auf den letzten Platz gef\u00fcllten Kapelle des St.-Vincenz-Krankenhauses &#8211; und all den Patienten, die das ungew\u00f6hnliche adventliche Konzert auf den Bildschirmen ihrer Krankenzimmer verfolgen konnten.<\/p>\n<\/div>\n<p align=\"justify\"><a href=\"http:\/\/www.amante-menden.de\/wordpress\/wp-content\/uploads\/2016\/01\/wei2.jpg\" rel=\"attachment wp-att-1560\"><img loading=\"lazy\" decoding=\"async\" class=\"size-medium wp-image-1560 alignright\" src=\"http:\/\/www.amante-menden.de\/wordpress\/wp-content\/uploads\/2016\/01\/wei2.jpg\" alt=\"wei2\" width=\"250\" height=\"188\" \/><\/a>Zum zweiten Mal trat der experimentierfreudige Mendener Chor unter Leitung von Michael Oel hier auf &#8211; mit neuen St\u00fccken und amante-Klassikern, die das Ensemble weithin bekannt gemacht haben. Dabei wurde gleich ein Premieren-Patzer behoben, wie Vorsitzender Lars Becker in seiner launigen Begr\u00fc\u00dfung berichtete. Beim ersten Mal hatte er nach seinen Ansagen das Mikrofon noch pflichtschuldigst ausgeschaltet &#8211; mit dem Resultat, dass der Gesang auf den Zimmern nicht mehr zu h\u00f6ren war.<\/p>\n<p align=\"justify\">Diesmal also blieben die Mikros an &#8211; was die Zuh\u00f6rer als Gl\u00fcck empfunden haben d\u00fcrften. Das Repertoire des Abends reichte von H\u00e4ndels &#8222;Tochter Zion&#8220; oder Bachs &#8222;Brich an, o sch\u00f6nes Morgenlicht&#8220; (Michael Oel: &#8222;Dieser Choral ist kurz, aber wirksam&#8220;) bis hin zu modernem Pop mit &#8222;My heart will go on&#8220; von Celine Dion. Dazu gab&#8217;s Swing-Nummern zum Mitschnippen und Gospelsongs, bei denen sich der Chor buchst\u00e4blich in einen rhythmisch wogenden Klang-K\u00f6rper verwandelte. Amante-Interpretationen \u00fcberraschen; kein Wunder, dass sich erkl\u00e4rte Fans wie B\u00fcrgermeister Volker Fleige immer wieder zu den Auftritten einfinden.<\/p>\n<p align=\"justify\"><a href=\"http:\/\/www.amante-menden.de\/wordpress\/wp-content\/uploads\/2016\/01\/amante_krankenhaus_2008.jpg\" rel=\"attachment wp-att-1558\"><img loading=\"lazy\" decoding=\"async\" class=\"wp-image-1558 alignleft\" src=\"http:\/\/www.amante-menden.de\/wordpress\/wp-content\/uploads\/2016\/01\/amante_krankenhaus_2008.jpg\" alt=\"amante_krankenhaus_2008\" width=\"326\" height=\"155\" \/><\/a>Stimmlich stark und variantenreich zeigt sich der Chor gerade in gesanglich schwierigen Passagen, am Samstag zu h\u00f6ren etwa beim &#8222;Irish Blessing&#8220;. Ruhige amante-St\u00fccke bieten nach gelungenen dynamischen Wechseln Klarheit und Genauigkeit bis in den letzten Halbton, und Michael Oel schafft es trotz naturgem\u00e4\u00df wechselnder Besetzungen, eine jeweils perfekt anmutende Abstimmung zu erreichen. Hinzu kommen die bei aller Konzentration ersichtliche Freude der Akteure an der Vielsprachigkeit der St\u00fccke und eine Performance, die den ber\u00fchmten Funken \u00fcberspringen l\u00e4sst.<\/p>\n<p align=\"justify\">Zwischen der Chorliteratur lasen amante-S\u00e4nger nachdenkliche wie am\u00fcsante Geschichten vor &#8211; ob von Reinhard Mey oder Loriot, wobei dessen makabre Story von der F\u00f6rstersgattin, die ihren Mann im Advent fachgerecht zerlegt, in einem Krankenhaus nicht ohne augenzwinkernde Vorwarnung bleiben konnte. Abstimmung war indes auch hier Trumpf, wenn etwa das Gleichnis von der herabbrennenden Kerze als Symbol f\u00fcr den Menschen, der sich mit Liebe und W\u00e4rme hergibt, ihre Entsprechung im Bach-Choral fand.<\/p>\n<p align=\"justify\">Alles in allem ein h\u00f6chst gelungener Abend, die Zuh\u00f6rer spendeten reichlich Applaus &#8211; und machten an der T\u00fcr zur Kapelle mit dem Spenden gro\u00dfz\u00fcgig weiter. Der Erl\u00f6s des eintrittsfreien Konzerts kommt der Aktion &#8222;Mendener in Not&#8220; zugute.<b>MZ<\/b><\/p>\n","protected":false},"excerpt":{"rendered":"<p>&#8222;amante della musica&#8220; mit abwechslungsreichem Krankenhaus-Konzert Gro\u00dfer Applaus und gro\u00dfz\u00fcgige Spenden nach fulminantem Auftritt Von Thomas Hagemann MENDENEin wahres Wechselbad der Gef\u00fchle und Musikstile bescherten die S\u00e4ngerinnen und S\u00e4nger von &#8222;amante della musica&#8220; am Samstagabend ihren \u00fcber 200 Zuh\u00f6rern in &hellip; <a href=\"https:\/\/www.amante-menden.de\/?page_id=1557\">Weiterlesen <span class=\"meta-nav\">&rarr;<\/span><\/a><\/p>\n","protected":false},"author":1,"featured_media":0,"parent":159,"menu_order":913,"comment_status":"closed","ping_status":"closed","template":"","meta":{"footnotes":""},"class_list":["post-1557","page","type-page","status-publish","hentry"],"_links":{"self":[{"href":"https:\/\/www.amante-menden.de\/index.php?rest_route=\/wp\/v2\/pages\/1557","targetHints":{"allow":["GET"]}}],"collection":[{"href":"https:\/\/www.amante-menden.de\/index.php?rest_route=\/wp\/v2\/pages"}],"about":[{"href":"https:\/\/www.amante-menden.de\/index.php?rest_route=\/wp\/v2\/types\/page"}],"author":[{"embeddable":true,"href":"https:\/\/www.amante-menden.de\/index.php?rest_route=\/wp\/v2\/users\/1"}],"replies":[{"embeddable":true,"href":"https:\/\/www.amante-menden.de\/index.php?rest_route=%2Fwp%2Fv2%2Fcomments&post=1557"}],"version-history":[{"count":2,"href":"https:\/\/www.amante-menden.de\/index.php?rest_route=\/wp\/v2\/pages\/1557\/revisions"}],"predecessor-version":[{"id":1563,"href":"https:\/\/www.amante-menden.de\/index.php?rest_route=\/wp\/v2\/pages\/1557\/revisions\/1563"}],"up":[{"embeddable":true,"href":"https:\/\/www.amante-menden.de\/index.php?rest_route=\/wp\/v2\/pages\/159"}],"wp:attachment":[{"href":"https:\/\/www.amante-menden.de\/index.php?rest_route=%2Fwp%2Fv2%2Fmedia&parent=1557"}],"curies":[{"name":"wp","href":"https:\/\/api.w.org\/{rel}","templated":true}]}}