{"id":1615,"date":"2016-01-05T10:50:09","date_gmt":"2016-01-05T08:50:09","guid":{"rendered":"http:\/\/www.amante-menden.de\/?page_id=1615"},"modified":"2016-01-05T10:50:09","modified_gmt":"2016-01-05T08:50:09","slug":"konzert-mit-dem-bergstadt-chor-in-luedenscheid","status":"publish","type":"page","link":"https:\/\/www.amante-menden.de\/?page_id=1615","title":{"rendered":"Konzert mit dem Bergstadt Chor in L\u00fcdenscheid"},"content":{"rendered":"<h3>Am 20. April 2008 trat amante beim Konzert des Bergstadt Chores in L\u00fcdenscheid das erste mal mit der neuen Meisterchor-Kluft auf. &#8222;Schwarz Wei\u00df&#8220; ist unsere Devise. Bei dieser Generalprobe vor dem Meisterchorsingen wurden die Meisterchorst\u00fccke und einige St\u00fccke aus den letzten Leistungssingen pr\u00e4sentiert. Den 400 G\u00e4sten in der Aula des Geschwister Scholl Gymnasiums wurde ein sehr abwechslungsreiches Programm geboten. Zum Abschluss sangen die beiden Meisterch\u00f6re zusammen die &#8218;Untreue&#8216; und verabschiedeten so mit \u00fcber 70 S\u00e4ngerrinnen und S\u00e4ngern das Publikum!<\/h3>\n<p style=\"text-align: justify;\"><a href=\"http:\/\/www.amante-menden.de\/wordpress\/wp-content\/uploads\/2016\/01\/1-8.jpg\" rel=\"attachment wp-att-1616\"><img loading=\"lazy\" decoding=\"async\" class=\"size-medium wp-image-1616 aligncenter\" src=\"http:\/\/www.amante-menden.de\/wordpress\/wp-content\/uploads\/2016\/01\/1-8-300x137.jpg\" alt=\"1\" width=\"300\" height=\"137\" srcset=\"https:\/\/www.amante-menden.de\/wordpress\/wp-content\/uploads\/2016\/01\/1-8-300x137.jpg 300w, https:\/\/www.amante-menden.de\/wordpress\/wp-content\/uploads\/2016\/01\/1-8.jpg 437w\" sizes=\"auto, (max-width: 300px) 100vw, 300px\" \/><\/a><\/p>\n<p style=\"text-align: justify;\">Lange mussten die Anh\u00e4nger des Bergstadt-Chores auf ein gro\u00dfes Konzert der<br \/>\nL\u00fcdenscheider warten. Am Sonntag pr\u00e4sentierten sich die S\u00e4nger in der Aula<br \/>\ndes Geschwister-Scholl-Gymnasiums jedoch vor beeindruckender Kulisse. Kaum<br \/>\nein Platz blieb unbesetzt, als der Chor sein umfangreiches Programm unter<br \/>\ndem Motto \u201eWohlauf Ihr G\u00e4ste \u2026\u201c pr\u00e4sentierte. Die Gastgeber unter der Leitung<br \/>\nvon Chordirektor Marcel Tillmann wurden unterst\u00fctzt von den S\u00e4ngerinnen und<br \/>\nS\u00e4ngern des Meisterchores \u201eamante della musica menden\u201c (Leitung: Michael Oel)<br \/>\nsowie dem Konzertgitarristen Jens Jawer aus Bergisch Gladbach.<\/p>\n<p style=\"text-align: justify;\">Im Anschluss an die Begr\u00fc\u00dfung durch den 1. Vorsitzenden des Bergstadtchores<br \/>\nWilfried Starosta, der auch den L\u00fcdenscheider B\u00fcrgermeister Dieter Dzewas<br \/>\nwillkommen hei\u00dfen konnte, sowie das von Dietrich L\u00fcttringhaus launig vorgetragene<br \/>\nGedicht \u201eFr\u00fchling l\u00e4sst sein blaues Band\u201c begannen die Gastgeber mit ihrem ersten<br \/>\nMusik-Block. Auf gewohnt souver\u00e4ne Art interpretierte der L\u00fcdenscheider Meisterchor<br \/>\ndas Titelgebende St\u00fcck \u201eWohlauf Ihr G\u00e4ste \u2026\u201c aus der Feder von Erasmus Widmann<br \/>\nund lie\u00df \u201eWanderers Nachtlied\u201c und das romantische Werk \u201eDie Rose\u201c folgen. Das<br \/>\nchristliche \u201eVirtute magna\u201c, geschaffen von Giovanni Croce, rundete den ersten<br \/>\nChormusikteil ab. Bei den nachfolgenden Auftritten des Bergstadt-Chores spielte<br \/>\ndann der Wein eine gro\u00dfe Rolle, dem die S\u00e4nger einen Block von vier Liedern<br \/>\nwidmeten. Unter anderem wurde das \u201eLied vom Rheinwein\u201c angestimmt sowie mit dem<br \/>\nSt\u00fcck \u201eWeinland\u201c von Robert Pracht dem schmackhaften alkoholischen Getr\u00e4nk gehuldigt.<\/p>\n<p style=\"text-align: justify;\">In der zweiten Programmh\u00e4lfte fuhren die L\u00fcdenscheider dann mit der \u201eSchw\u00e4bschen<br \/>\nEisenbahne\u201c und sangen als Medley drei kroatische Volkslieder. Dietrich L\u00fcttringhaus<br \/>\nund Wilfried Starosta sorgten zwischendurch immer wieder mit humorvollen Gedichten f\u00fcr Abwechslung.<br \/>\nMit vier ruhigen Zwischenspielen nach den Chorkonzertbl\u00f6cken lockerte Jens Jawer<br \/>\ndas Programm auf. Filigran und virtuos interpretierte Jawer zun\u00e4chst zwei Walzer<br \/>\ndes venezolanischen Komponisten Antonio Lauro, um sp\u00e4ter unter anderem mit einigen<br \/>\nSzenen aus \u201eLa Traviata\u201c, die mit der Gitarre interpretiert ein ungew\u00f6hnliches<br \/>\nKlangerlebnis boten, s\u00fcdl\u00e4ndisches Flair zu verbreiten. Auch Werke von Manuel<br \/>\nMaria Ponce und Leo Brouwer standen auf der Playlist des Gitarristen.<\/p>\n<p style=\"text-align: justify;\">Der Meisterchor \u201eamante della musica menden\u201c begeisterte schlie\u00dflich durch eine<br \/>\nMischung aus klassischen und modernen sowie modern interpretierten Chorwerken.<br \/>\nNach dem feierlichen \u201eSperent in te\u201c aus der Feder von Lajos Bardos folgten die<br \/>\nVolkslieder \u201eDer Mond ist aufgegangen\u201c und \u201eAm Brunnen vor dem Tore\u201c in modernen<br \/>\nInterpretationen, erstere aus der Feder von Prof. Michael Schmoll, Bundeschorleiter<br \/>\ndes Chorverbandes NRW. Ein weiterer Auftritt der Mendener in der zweiten<br \/>\nKonzerth\u00e4lfte bestach durch eine bunte, oft au\u00dfergew\u00f6hnlich gesungene Mischung<br \/>\nmoderner St\u00fccke.<\/p>\n<p style=\"text-align: justify;\">So erklang zum Beispiel das wohl gr\u00f6\u00dfte Liebeslied der Pop-Musik-Geschichte, \u201eHello\u201c<br \/>\nvon Lionel Richie, mit einer gelungenen, komplexen Chor-Interpretation in neuem Glanz,<br \/>\nund der fr\u00f6hliche A-Capella-Hit \u201eDon\u2019t worry, be happy\u201c von Bobby McFerrin regte durch<br \/>\nschrill-schmetternde Passagen tats\u00e4chlich zum Schmunzeln an. Den Gospel \u201eSoon ah<br \/>\nwill be done\u201c pr\u00e4sentierten die S\u00e4ngerinnen und S\u00e4nger in der Version eines<br \/>\namerikanischen Hochschulchores.<\/p>\n<p style=\"text-align: justify;\">Abschlie\u00dfend standen beide Ch\u00f6re dann gemeinsam auf der B\u00fchne und lie\u00dfen es sich<br \/>\nnicht nehmen, das Volkslied \u201eAn einem k\u00fchlen Grunde\u201c als Zugabe zu singen. Mit<br \/>\neinem ebenso abwechslungs- wie umfangreichen Programm meldete sich der Bergstadtchor am Sonntag auf der gro\u00dfen Konzertb\u00fchne zur\u00fcck und erntete f\u00fcr die mit viel Aufwand gestaltete Veranstaltung anhaltenden Applaus. Als n\u00e4chstes wird der Bergstadt-Chor am Sonntag, 18. Mai, ab 11 Uhr auf dem Gel\u00e4nde der Weinbar \u201eCaveau\u201c an der Talstra\u00dfe zu sehen und zu h\u00f6ren sein.<\/p>\n<div id='gallery-1' class='gallery galleryid-1615 gallery-columns-3 gallery-size-thumbnail'><dl class='gallery-item'>\n\t\t\t<dt class='gallery-icon landscape'>\n\t\t\t\t<a href='https:\/\/www.amante-menden.de\/?attachment_id=1624'><img loading=\"lazy\" decoding=\"async\" width=\"150\" height=\"150\" src=\"https:\/\/www.amante-menden.de\/wordpress\/wp-content\/uploads\/2016\/01\/8-6-150x150.jpg\" class=\"attachment-thumbnail size-thumbnail\" alt=\"\" srcset=\"https:\/\/www.amante-menden.de\/wordpress\/wp-content\/uploads\/2016\/01\/8-6-150x150.jpg 150w, https:\/\/www.amante-menden.de\/wordpress\/wp-content\/uploads\/2016\/01\/8-6-144x144.jpg 144w\" sizes=\"auto, (max-width: 150px) 100vw, 150px\" \/><\/a>\n\t\t\t<\/dt><\/dl><dl class='gallery-item'>\n\t\t\t<dt class='gallery-icon landscape'>\n\t\t\t\t<a href='https:\/\/www.amante-menden.de\/?attachment_id=1623'><img loading=\"lazy\" decoding=\"async\" width=\"150\" height=\"150\" src=\"https:\/\/www.amante-menden.de\/wordpress\/wp-content\/uploads\/2016\/01\/7-6-150x150.jpg\" class=\"attachment-thumbnail size-thumbnail\" alt=\"\" srcset=\"https:\/\/www.amante-menden.de\/wordpress\/wp-content\/uploads\/2016\/01\/7-6-150x150.jpg 150w, https:\/\/www.amante-menden.de\/wordpress\/wp-content\/uploads\/2016\/01\/7-6-144x144.jpg 144w\" sizes=\"auto, (max-width: 150px) 100vw, 150px\" \/><\/a>\n\t\t\t<\/dt><\/dl><dl class='gallery-item'>\n\t\t\t<dt class='gallery-icon landscape'>\n\t\t\t\t<a href='https:\/\/www.amante-menden.de\/?attachment_id=1622'><img loading=\"lazy\" decoding=\"async\" width=\"150\" height=\"150\" src=\"https:\/\/www.amante-menden.de\/wordpress\/wp-content\/uploads\/2016\/01\/6-7-150x150.jpg\" class=\"attachment-thumbnail size-thumbnail\" alt=\"\" srcset=\"https:\/\/www.amante-menden.de\/wordpress\/wp-content\/uploads\/2016\/01\/6-7-150x150.jpg 150w, https:\/\/www.amante-menden.de\/wordpress\/wp-content\/uploads\/2016\/01\/6-7-144x144.jpg 144w\" sizes=\"auto, (max-width: 150px) 100vw, 150px\" \/><\/a>\n\t\t\t<\/dt><\/dl><br style=\"clear: both\" \/><dl class='gallery-item'>\n\t\t\t<dt class='gallery-icon landscape'>\n\t\t\t\t<a href='https:\/\/www.amante-menden.de\/?attachment_id=1621'><img loading=\"lazy\" decoding=\"async\" width=\"150\" height=\"150\" src=\"https:\/\/www.amante-menden.de\/wordpress\/wp-content\/uploads\/2016\/01\/5-7-150x150.jpg\" class=\"attachment-thumbnail size-thumbnail\" alt=\"\" srcset=\"https:\/\/www.amante-menden.de\/wordpress\/wp-content\/uploads\/2016\/01\/5-7-150x150.jpg 150w, https:\/\/www.amante-menden.de\/wordpress\/wp-content\/uploads\/2016\/01\/5-7-144x144.jpg 144w\" sizes=\"auto, (max-width: 150px) 100vw, 150px\" \/><\/a>\n\t\t\t<\/dt><\/dl><dl class='gallery-item'>\n\t\t\t<dt class='gallery-icon landscape'>\n\t\t\t\t<a href='https:\/\/www.amante-menden.de\/?attachment_id=1620'><img loading=\"lazy\" decoding=\"async\" width=\"150\" height=\"150\" src=\"https:\/\/www.amante-menden.de\/wordpress\/wp-content\/uploads\/2016\/01\/4-7-150x150.jpg\" class=\"attachment-thumbnail size-thumbnail\" alt=\"\" srcset=\"https:\/\/www.amante-menden.de\/wordpress\/wp-content\/uploads\/2016\/01\/4-7-150x150.jpg 150w, https:\/\/www.amante-menden.de\/wordpress\/wp-content\/uploads\/2016\/01\/4-7-144x144.jpg 144w\" sizes=\"auto, (max-width: 150px) 100vw, 150px\" \/><\/a>\n\t\t\t<\/dt><\/dl><dl class='gallery-item'>\n\t\t\t<dt class='gallery-icon landscape'>\n\t\t\t\t<a href='https:\/\/www.amante-menden.de\/?attachment_id=1619'><img loading=\"lazy\" decoding=\"async\" width=\"150\" height=\"150\" src=\"https:\/\/www.amante-menden.de\/wordpress\/wp-content\/uploads\/2016\/01\/3a-150x150.jpg\" class=\"attachment-thumbnail size-thumbnail\" alt=\"\" srcset=\"https:\/\/www.amante-menden.de\/wordpress\/wp-content\/uploads\/2016\/01\/3a-150x150.jpg 150w, https:\/\/www.amante-menden.de\/wordpress\/wp-content\/uploads\/2016\/01\/3a-144x144.jpg 144w\" sizes=\"auto, (max-width: 150px) 100vw, 150px\" \/><\/a>\n\t\t\t<\/dt><\/dl><br style=\"clear: both\" \/><dl class='gallery-item'>\n\t\t\t<dt class='gallery-icon landscape'>\n\t\t\t\t<a href='https:\/\/www.amante-menden.de\/?attachment_id=1618'><img loading=\"lazy\" decoding=\"async\" width=\"150\" height=\"150\" src=\"https:\/\/www.amante-menden.de\/wordpress\/wp-content\/uploads\/2016\/01\/3-7-150x150.jpg\" class=\"attachment-thumbnail size-thumbnail\" alt=\"\" srcset=\"https:\/\/www.amante-menden.de\/wordpress\/wp-content\/uploads\/2016\/01\/3-7-150x150.jpg 150w, https:\/\/www.amante-menden.de\/wordpress\/wp-content\/uploads\/2016\/01\/3-7-144x144.jpg 144w\" sizes=\"auto, (max-width: 150px) 100vw, 150px\" \/><\/a>\n\t\t\t<\/dt><\/dl><dl class='gallery-item'>\n\t\t\t<dt class='gallery-icon landscape'>\n\t\t\t\t<a href='https:\/\/www.amante-menden.de\/?attachment_id=1617'><img loading=\"lazy\" decoding=\"async\" width=\"150\" height=\"150\" src=\"https:\/\/www.amante-menden.de\/wordpress\/wp-content\/uploads\/2016\/01\/2-8-150x150.jpg\" class=\"attachment-thumbnail size-thumbnail\" alt=\"\" srcset=\"https:\/\/www.amante-menden.de\/wordpress\/wp-content\/uploads\/2016\/01\/2-8-150x150.jpg 150w, https:\/\/www.amante-menden.de\/wordpress\/wp-content\/uploads\/2016\/01\/2-8-144x144.jpg 144w\" sizes=\"auto, (max-width: 150px) 100vw, 150px\" \/><\/a>\n\t\t\t<\/dt><\/dl>\n\t\t\t<br style='clear: both' \/>\n\t\t<\/div>\n\n","protected":false},"excerpt":{"rendered":"<p>Am 20. April 2008 trat amante beim Konzert des Bergstadt Chores in L\u00fcdenscheid das erste mal mit der neuen Meisterchor-Kluft auf. &#8222;Schwarz Wei\u00df&#8220; ist unsere Devise. Bei dieser Generalprobe vor dem Meisterchorsingen wurden die Meisterchorst\u00fccke und einige St\u00fccke aus den &hellip; <a href=\"https:\/\/www.amante-menden.de\/?page_id=1615\">Weiterlesen <span class=\"meta-nav\">&rarr;<\/span><\/a><\/p>\n","protected":false},"author":1,"featured_media":0,"parent":159,"menu_order":83,"comment_status":"closed","ping_status":"closed","template":"","meta":{"footnotes":""},"class_list":["post-1615","page","type-page","status-publish","hentry"],"_links":{"self":[{"href":"https:\/\/www.amante-menden.de\/index.php?rest_route=\/wp\/v2\/pages\/1615","targetHints":{"allow":["GET"]}}],"collection":[{"href":"https:\/\/www.amante-menden.de\/index.php?rest_route=\/wp\/v2\/pages"}],"about":[{"href":"https:\/\/www.amante-menden.de\/index.php?rest_route=\/wp\/v2\/types\/page"}],"author":[{"embeddable":true,"href":"https:\/\/www.amante-menden.de\/index.php?rest_route=\/wp\/v2\/users\/1"}],"replies":[{"embeddable":true,"href":"https:\/\/www.amante-menden.de\/index.php?rest_route=%2Fwp%2Fv2%2Fcomments&post=1615"}],"version-history":[{"count":1,"href":"https:\/\/www.amante-menden.de\/index.php?rest_route=\/wp\/v2\/pages\/1615\/revisions"}],"predecessor-version":[{"id":1626,"href":"https:\/\/www.amante-menden.de\/index.php?rest_route=\/wp\/v2\/pages\/1615\/revisions\/1626"}],"up":[{"embeddable":true,"href":"https:\/\/www.amante-menden.de\/index.php?rest_route=\/wp\/v2\/pages\/159"}],"wp:attachment":[{"href":"https:\/\/www.amante-menden.de\/index.php?rest_route=%2Fwp%2Fv2%2Fmedia&parent=1615"}],"curies":[{"name":"wp","href":"https:\/\/api.w.org\/{rel}","templated":true}]}}