{"id":1762,"date":"2016-01-06T10:36:33","date_gmt":"2016-01-06T08:36:33","guid":{"rendered":"http:\/\/www.amante-menden.de\/?page_id=1762"},"modified":"2016-01-06T10:36:33","modified_gmt":"2016-01-06T08:36:33","slug":"jahreshauptversammlung-2007","status":"publish","type":"page","link":"https:\/\/www.amante-menden.de\/?page_id=1762","title":{"rendered":"Jahreshauptversammlung 2007"},"content":{"rendered":"<p style=\"text-align: justify;\"><a href=\"http:\/\/www.amante-menden.de\/wordpress\/wp-content\/uploads\/2016\/01\/1-11.jpg\" rel=\"attachment wp-att-1763\"><img loading=\"lazy\" decoding=\"async\" class=\" wp-image-1763 aligncenter\" src=\"http:\/\/www.amante-menden.de\/wordpress\/wp-content\/uploads\/2016\/01\/1-11-300x174.jpg\" alt=\"1\" width=\"374\" height=\"217\" srcset=\"https:\/\/www.amante-menden.de\/wordpress\/wp-content\/uploads\/2016\/01\/1-11-300x174.jpg 300w, https:\/\/www.amante-menden.de\/wordpress\/wp-content\/uploads\/2016\/01\/1-11.jpg 345w\" sizes=\"auto, (max-width: 374px) 100vw, 374px\" \/><\/a>Den gesch\u00e4ftsf\u00fchrenden Vorstand einstimmig best\u00e4tigt, die musikalische Leitung endg\u00fcltig in die H\u00e4nde von Chorleiter Michael Oel gelegt, eine attraktive Konzertreise f\u00fcr die Herbstferien 2008 beschlossen, verdiente Aktive geehrt, die organisatorischen Weichen f\u00fcr die n\u00e4chsten Monate und Jahre gestellt: Die gut dreist\u00fcndige Jahreshauptversammlung von amante della musica menden in der H\u00fcingser Gastst\u00e4tte \u201eZum Alten Fritz\u201c verlief am Samstagnachmittag sehr harmonisch.<\/p>\n<p style=\"text-align: justify;\" align=\"justify\"><a href=\"http:\/\/www.amante-menden.de\/wordpress\/wp-content\/uploads\/2016\/01\/3-9.jpg\" rel=\"attachment wp-att-1765\"><img loading=\"lazy\" decoding=\"async\" class=\"size-full wp-image-1765 alignleft\" src=\"http:\/\/www.amante-menden.de\/wordpress\/wp-content\/uploads\/2016\/01\/3-9.jpg\" alt=\"3\" width=\"198\" height=\"200\" srcset=\"https:\/\/www.amante-menden.de\/wordpress\/wp-content\/uploads\/2016\/01\/3-9.jpg 198w, https:\/\/www.amante-menden.de\/wordpress\/wp-content\/uploads\/2016\/01\/3-9-144x144.jpg 144w\" sizes=\"auto, (max-width: 198px) 100vw, 198px\" \/><\/a>Die Regularien bis zum Punkt Neuwahlen wurden binnen 45 Minuten abgearbeitet. Es wurde noch einmal intensiv R\u00fcckschau auf das ereignis- und arbeitsreiche Jubil\u00e4umsjahr 2006 u.a. mit Konzerten, Freundschafts- und Leistungssingen, Berlin-Fahrt und Nachfolgeregelung auf der Chorleiterposition f\u00fcr Klaus Levermann gehalten.<\/p>\n<p style=\"text-align: justify;\" align=\"justify\">\u00a0Anschlie\u00dfend wurde Lars Becker f\u00fcr zwei weitere Jahre zum 1. Vorsitzenden gew\u00e4hlt. Er geht damit wie die ebenfalls f\u00fcr zwei Jahre best\u00e4tigte 1. Kassiererin Sandra Weier bereits in die f\u00fcnfte Amtszeit. Marie-Thres Paul wurde f\u00fcr zwei weitere Jahre als 1. Schriftf\u00fchrerin gew\u00e4hlt, Tobias Holz f\u00fcr die gleiche Dauer als Notenwart.<\/p>\n<p style=\"text-align: justify;\" align=\"justify\">Lars Becker hatte die freudidge Aufgabe, der Versammlung den einstimmigen Vorstandsbeschluss mitzuteilen, dass die urspr\u00fcnglich bis zum Sing&amp;Swing-Leistungssingen am 24. M\u00e4rz in Hamm angesetzte Probezeit f\u00fcr Chorleiter Michael Oel ausgesetzt wurde. \u201eWir sind der festen \u00dcberzeugung, den richtigen Mann gefunden zu haben\u201c, sagte Becker \u2013 und der sichtlich \u00fcberraschte Oel schlug gerne ein.<\/p>\n<p style=\"text-align: justify;\" align=\"justify\"><a href=\"http:\/\/www.amante-menden.de\/wordpress\/wp-content\/uploads\/2016\/01\/2-10.jpg\" rel=\"attachment wp-att-1764\"><img loading=\"lazy\" decoding=\"async\" class=\"size-medium wp-image-1764 alignright\" src=\"http:\/\/www.amante-menden.de\/wordpress\/wp-content\/uploads\/2016\/01\/2-10-300x156.jpg\" alt=\"2\" width=\"300\" height=\"156\" srcset=\"https:\/\/www.amante-menden.de\/wordpress\/wp-content\/uploads\/2016\/01\/2-10-300x156.jpg 300w, https:\/\/www.amante-menden.de\/wordpress\/wp-content\/uploads\/2016\/01\/2-10.jpg 384w\" sizes=\"auto, (max-width: 300px) 100vw, 300px\" \/><\/a>Der Dirigent, erst seit Mitte Oktober im Amt, konnte den 39 anwesenden Aktiven und den zahlreichen f\u00f6rdernden Mitgliedern dann berichten, dass amante della musica in den Herbstferien 2008 auf Einladung der Europ\u00e4ischen Kommisson eine achtt\u00e4gige St\u00e4dtetournee durch Belgien veranstalten wird. Konzerte stehen dabei in den Kathedralen von Br\u00fcgge, Antwerpen und Br\u00fcssel sowie in der Europ\u00e4ischen Kommission auf dem Programm. Mehr als 70 Personen wird die Reisegruppe umfassen.<\/p>\n<p style=\"text-align: justify;\" align=\"justify\">\u00a0Der musikalische Weg von amante sieht so aus, dass nach dem Leistungssingen in Hamm (vorher zwei Beratungssingen sowie ein Konzert) ein neues Repertoire erarbeitet und damit ein eigenes Konzert bestritten werden soll. Im Oktober geht es zum Volkslieder-Leistungssingen, ehe im Mai 2008 das Meisterchorsingen ansteht. Von Freitag bis Sonntag f\u00e4hrt der Chor mit 39 S\u00e4ngerinnen und S\u00e4ngern in die Musikakademie D\u00fcmmersee, arbeitet hier an den St\u00fccken f\u00fcr das Sing &amp; Swing-Festival.<\/p>\n<p style=\"text-align: justify;\" align=\"justify\">\u00a0Die 2. Vorsitzende Melanie Ferber hatte die angenehme Aufgabe, langj\u00e4hrige Aktive zu ehren \u2013 allen voran Astrid Blankenhagen, die seit 15 Jahren bei amante singt. F\u00fcr f\u00fcnfj\u00e4hrige Treue wurden Carina Gottwald, Marie-Thres Paul, Beatrix Molitor und Ludger Do\u00dfler mit einem kleines Pr\u00e4sent belohnt, ehe die JHV mit einem gemeinsamen Essen und einem geselligen Beisammensein ausklang.<\/p>\n","protected":false},"excerpt":{"rendered":"<p>Den gesch\u00e4ftsf\u00fchrenden Vorstand einstimmig best\u00e4tigt, die musikalische Leitung endg\u00fcltig in die H\u00e4nde von Chorleiter Michael Oel gelegt, eine attraktive Konzertreise f\u00fcr die Herbstferien 2008 beschlossen, verdiente Aktive geehrt, die organisatorischen Weichen f\u00fcr die n\u00e4chsten Monate und Jahre gestellt: Die gut &hellip; <a href=\"https:\/\/www.amante-menden.de\/?page_id=1762\">Weiterlesen <span class=\"meta-nav\">&rarr;<\/span><\/a><\/p>\n","protected":false},"author":1,"featured_media":0,"parent":159,"menu_order":71,"comment_status":"closed","ping_status":"closed","template":"","meta":{"footnotes":""},"class_list":["post-1762","page","type-page","status-publish","hentry"],"_links":{"self":[{"href":"https:\/\/www.amante-menden.de\/index.php?rest_route=\/wp\/v2\/pages\/1762","targetHints":{"allow":["GET"]}}],"collection":[{"href":"https:\/\/www.amante-menden.de\/index.php?rest_route=\/wp\/v2\/pages"}],"about":[{"href":"https:\/\/www.amante-menden.de\/index.php?rest_route=\/wp\/v2\/types\/page"}],"author":[{"embeddable":true,"href":"https:\/\/www.amante-menden.de\/index.php?rest_route=\/wp\/v2\/users\/1"}],"replies":[{"embeddable":true,"href":"https:\/\/www.amante-menden.de\/index.php?rest_route=%2Fwp%2Fv2%2Fcomments&post=1762"}],"version-history":[{"count":1,"href":"https:\/\/www.amante-menden.de\/index.php?rest_route=\/wp\/v2\/pages\/1762\/revisions"}],"predecessor-version":[{"id":1766,"href":"https:\/\/www.amante-menden.de\/index.php?rest_route=\/wp\/v2\/pages\/1762\/revisions\/1766"}],"up":[{"embeddable":true,"href":"https:\/\/www.amante-menden.de\/index.php?rest_route=\/wp\/v2\/pages\/159"}],"wp:attachment":[{"href":"https:\/\/www.amante-menden.de\/index.php?rest_route=%2Fwp%2Fv2%2Fmedia&parent=1762"}],"curies":[{"name":"wp","href":"https:\/\/api.w.org\/{rel}","templated":true}]}}