{"id":2078,"date":"2016-01-06T11:15:18","date_gmt":"2016-01-06T09:15:18","guid":{"rendered":"http:\/\/www.amante-menden.de\/?page_id=2078"},"modified":"2016-01-06T11:56:47","modified_gmt":"2016-01-06T09:56:47","slug":"jubilaeumskonzert-am-07-05-2006-auf-der-wilhelmshoehe-20-jahre-amante","status":"publish","type":"page","link":"https:\/\/www.amante-menden.de\/?page_id=2078","title":{"rendered":"Jubil\u00e4umskonzert am 07.05.2006 auf der Wilhelmsh\u00f6he &#8212; 20 Jahre amante"},"content":{"rendered":"<h3 style=\"text-align: justify;\">Ansteckende Fr\u00f6hlichkeit und wehm\u00fctige Tr\u00e4nen<\/h3>\n<h3 style=\"text-align: justify;\">amante della musica menden gab gestern vor ausverkauftem Haus im Spiegelsaal das letzte gro\u00dfe Konzert unter dem Dirigat von Klaus Levermann<\/h3>\n<p><a href=\"http:\/\/www.amante-menden.de\/wordpress\/wp-content\/uploads\/2016\/01\/1-19.jpg\" rel=\"attachment wp-att-2081\"><img loading=\"lazy\" decoding=\"async\" class=\"size-full wp-image-2081 aligncenter\" src=\"http:\/\/www.amante-menden.de\/wordpress\/wp-content\/uploads\/2016\/01\/1-19.jpg\" alt=\"1\" width=\"376\" height=\"300\" srcset=\"https:\/\/www.amante-menden.de\/wordpress\/wp-content\/uploads\/2016\/01\/1-19.jpg 376w, https:\/\/www.amante-menden.de\/wordpress\/wp-content\/uploads\/2016\/01\/1-19-300x239.jpg 300w\" sizes=\"auto, (max-width: 376px) 100vw, 376px\" \/><\/a><\/p>\n<p style=\"text-align: justify;\" align=\"justify\">Von Karin Drolshagen<br \/>\n<b>MENDEN<\/b> Es war nicht anders zu erwarten: Bei einem Chor mit so viel(en) Herz(en) konnte das Konzert zu 20-j\u00e4hrigen Bestehen, das gleichzeitig das letzte gro\u00dfe unter dem Dirigat von Klaus Levermann war, nur mit G\u00e4nsehaut und manch kullernder Tr\u00e4ne zu Ende gehen. \u201eHold on to your dreams\u201c \u2013 \u201eHalt an deinen Tr\u00e4umen fest\u201c gab amante della musica menden gestern abend nicht nur ihrem Mitbegr\u00fcnder und Freund mit auf den Weg, sondern auch sich selbst.<\/p>\n<p style=\"text-align: justify;\"><a href=\"http:\/\/www.amante-menden.de\/wordpress\/wp-content\/uploads\/2016\/01\/8-14.jpg\" rel=\"attachment wp-att-2088\"><img loading=\"lazy\" decoding=\"async\" class=\"size-medium wp-image-2088 alignleft\" src=\"http:\/\/www.amante-menden.de\/wordpress\/wp-content\/uploads\/2016\/01\/8-14-300x154.jpg\" alt=\"8\" width=\"300\" height=\"154\" srcset=\"https:\/\/www.amante-menden.de\/wordpress\/wp-content\/uploads\/2016\/01\/8-14-300x154.jpg 300w, https:\/\/www.amante-menden.de\/wordpress\/wp-content\/uploads\/2016\/01\/8-14.jpg 583w\" sizes=\"auto, (max-width: 300px) 100vw, 300px\" \/><\/a>Aber nat\u00fcrlich sollten auch die zuh\u00f6renden Zuschauer angesteckt werden von dem Wunsch, eine sch\u00f6ne Vorstellung nicht nur zu tr\u00e4umen, sondern auch in die Tat umzusetzen \u2013 zumindest versuchsweise.Kein Versuch, sondern von vornherein quasi \u201ebeschlossene Sache\u201c war das amante-Konzert als absoluter Erfolg. Die Aktiven des ehemals jungen Chores hatten sich lange und intensiv auf den Querschnitt ihrer musikalischen H\u00f6chstleistungen vorbereitet.<\/p>\n<p style=\"text-align: justify;\" align=\"justify\">Das Programm gab vom \u201eProbenalltag ganz zu Anfang bis hin zur Konzertreife als Meisterchor\u201c einen grandiosen \u00dcberblick \u00fcber die Vielschichtigkeit dieser Musikliebhaber: Sakrale Ges\u00e4nge auf h\u00f6chsten Niveau, schwungvolle Volksmusik \u2013 kontinent\u00fcbergreifend, jazziger und peppiger Pop \u2013 amante della musica menden zeigte, dass der Chor sich mit traumwandlerischer Sicherheit durch die kompliziertesten Tonfolgen und Rhythmen singt. Begleitet von Alexander Schwarze am Keyboard, Markus Schwarze am Schlagzeug und Sigrun Heggemann an der Querfl\u00f6te bewies der Chor auch seine \u201eTeamf\u00e4higkeit\u201c mit Instrumenalisten.<\/p>\n<p style=\"text-align: justify;\" align=\"justify\"><a href=\"http:\/\/www.amante-menden.de\/wordpress\/wp-content\/uploads\/2016\/01\/7-15.jpg\" rel=\"attachment wp-att-2087\"><img loading=\"lazy\" decoding=\"async\" class=\"size-medium wp-image-2087 alignright\" src=\"http:\/\/www.amante-menden.de\/wordpress\/wp-content\/uploads\/2016\/01\/7-15-300x157.jpg\" alt=\"7\" width=\"300\" height=\"157\" srcset=\"https:\/\/www.amante-menden.de\/wordpress\/wp-content\/uploads\/2016\/01\/7-15-300x157.jpg 300w, https:\/\/www.amante-menden.de\/wordpress\/wp-content\/uploads\/2016\/01\/7-15.jpg 575w\" sizes=\"auto, (max-width: 300px) 100vw, 300px\" \/><\/a>Der Abend war eine reine Freude f\u00fcr alle Anwesenden, auch wenn\u2018s manchmal sehr anr\u00fchrend wurde, sch\u00f6n anr\u00fchrend. B\u00fcrgermeister Rudi D\u00fcppe hatte vorangeschickt, dass er den Abend genie\u00dfen wolle, dass ein Abend mit amante \u201eEntspannung\u201c sei. Er sprach auch den scheidenden Chorleiter an, indem er ihm f\u00fcr die Arbeit und die Leistung dankte, zu der Klaus Levermann den ehemals \u201ejungen Chor\u201c in den vergangenen 20 Jahren gef\u00fchrt hat. \u201eDer Name der Stadt wird mit diesem Chor hinausgetragen!\u201cKlaus Levermann f\u00fchrte seinen Chor gewohnt souver\u00e4n durch das Konzert. \u201eIch bin stolz auf diesen Chor\u201c versicherte er. Er hat amante della music menden in den vergangenen 20 Jahren das Laufen beigebracht und l\u00e4sst ihn nun gehen, wie ein Vater \u201esein Kind\u201c halt laufen l\u00e4sst, wenn es an der Zeit ist\u2026 <b>(MZ vom 6. Mai)<\/b><\/p>\n<hr \/>\n<p style=\"text-align: justify;\"><b>Ein &#8222;Starker&#8220; Chor<\/b><\/p>\n<p style=\"text-align: justify;\"><a href=\"http:\/\/www.amante-menden.de\/wordpress\/wp-content\/uploads\/2016\/01\/0-2.jpg\" rel=\"attachment wp-att-2079\"><img loading=\"lazy\" decoding=\"async\" class=\"size-full wp-image-2079 aligncenter\" src=\"http:\/\/www.amante-menden.de\/wordpress\/wp-content\/uploads\/2016\/01\/0-2.jpg\" alt=\"0\" width=\"515\" height=\"245\" srcset=\"https:\/\/www.amante-menden.de\/wordpress\/wp-content\/uploads\/2016\/01\/0-2.jpg 515w, https:\/\/www.amante-menden.de\/wordpress\/wp-content\/uploads\/2016\/01\/0-2-300x143.jpg 300w\" sizes=\"auto, (max-width: 515px) 100vw, 515px\" \/><\/a><\/p>\n<p style=\"text-align: justify;\" align=\"justify\">Unter dem Motto &#8222;Ein starker Chor&#8220; hat sich amante della musica auf einer Waage bei OBO Bettermann wiegen lassen und beim Jubil\u00e4umskonzert ein Gewinnspiel veranstaltet: Die G\u00e4ste mussten sch\u00e4tzen, wie schwer die S\u00e4ngerinnen und S\u00e4nger gemeinsam sind. Die richtige L\u00f6sung w\u00e4re gewesen: 3220 Kilogramm. Mit seiner L\u00f6sung 3240 Kilogramm ist Albert Weische aus Lendringsen der Gewinner. Er darf amante im Jahr 2007 kostenlos f\u00fcr einen Auftritt buchen. <b>(WP vom 12. Mai)<\/b><\/p>\n<hr \/>\n<h3 style=\"text-align: justify;\">Erste Probe vor 20 Jahren als Sketch wiederholt<\/h3>\n<p style=\"text-align: justify;\" align=\"justify\"><a href=\"http:\/\/www.amante-menden.de\/wordpress\/wp-content\/uploads\/2016\/01\/0a-1.jpg\" rel=\"attachment wp-att-2080\"><img loading=\"lazy\" decoding=\"async\" class=\"alignnone size-full wp-image-2080\" src=\"http:\/\/www.amante-menden.de\/wordpress\/wp-content\/uploads\/2016\/01\/0a-1.jpg\" alt=\"0a\" width=\"621\" height=\"300\" srcset=\"https:\/\/www.amante-menden.de\/wordpress\/wp-content\/uploads\/2016\/01\/0a-1.jpg 621w, https:\/\/www.amante-menden.de\/wordpress\/wp-content\/uploads\/2016\/01\/0a-1-300x145.jpg 300w\" sizes=\"auto, (max-width: 621px) 100vw, 621px\" \/><\/a><\/p>\n<p style=\"text-align: justify;\" align=\"justify\"><b>Menden. (osw)<\/b> Launiges Geburtstagskonzert des Meisterchors amante della musica gestern Abend auf der Wilhelmsh\u00f6he: \u00dcber 200 Zuh\u00f6rer feierten den 20. Geburtstag fr\u00f6hlich mit. Wehmut kam nur auf, weil der Abschied von Chorleiter Klaus Levermann naht.<\/p>\n<p style=\"text-align: justify;\"><a href=\"http:\/\/www.amante-menden.de\/wordpress\/wp-content\/uploads\/2016\/01\/6-16.jpg\" rel=\"attachment wp-att-2086\"><img loading=\"lazy\" decoding=\"async\" class=\"size-medium wp-image-2086 alignleft\" src=\"http:\/\/www.amante-menden.de\/wordpress\/wp-content\/uploads\/2016\/01\/6-16-300x200.jpg\" alt=\"6\" width=\"300\" height=\"200\" srcset=\"https:\/\/www.amante-menden.de\/wordpress\/wp-content\/uploads\/2016\/01\/6-16-300x200.jpg 300w, https:\/\/www.amante-menden.de\/wordpress\/wp-content\/uploads\/2016\/01\/6-16.jpg 450w\" sizes=\"auto, (max-width: 300px) 100vw, 300px\" \/><\/a>20 Lieder aus 20 Jahren des Meisterchors amante della musica menden, der 1986 als Junger Chor Menden gegr\u00fcndet worden war. Die Programm-Auswahl f\u00fcr den Abend im Spiegelsaal der Wilhelmsh\u00f6he war von den Chormitgliedern per Abstimmung so gestaltet worden. Bevor reichlich Tr\u00e4nen der R\u00fchrung, aber auch der Wehmut flossen, wurde jedoch schallend gelacht. Die allererste Chorprobe, seinerzeit mit zw\u00f6lf Jugendlichen auf der Orgel-Empore der Heilig-Kreuz-Kirche, wurde in einem Sketch nachgespielt. Bei der R\u00fcckblende in das Jahr 1986 durfte Simone Rekitt nicht fehlen. Sie ist das einzige verbliebene Gr\u00fcndungsmitglied.<\/p>\n<p style=\"text-align: justify;\" align=\"justify\">Klar, dass das erste Lied des Chors (&#8222;Lied des T\u00fcrmers&#8220; von Wolfgang L\u00fcderitz) auch das Geburtstagskonzert er\u00f6ffnete. Bis zum &#8222;Wasma ajelile&#8220; von Michael Schmoll, einem der neuesten St\u00fccke im Repertoire, wurde vieles geboten, was 20 Jahre amante pr\u00e4gte. Begleitet wurde der Chor von Alexander Schwarze (Klavier), Sigrun Heggemann (Querfl\u00f6te) und Markus Schwarze (Schlagzeug).<\/p>\n<p style=\"text-align: justify;\"><a href=\"http:\/\/www.amante-menden.de\/wordpress\/wp-content\/uploads\/2016\/01\/5-17.jpg\" rel=\"attachment wp-att-2085\"><img loading=\"lazy\" decoding=\"async\" class=\"size-medium wp-image-2085 alignright\" src=\"http:\/\/www.amante-menden.de\/wordpress\/wp-content\/uploads\/2016\/01\/5-17-300x174.jpg\" alt=\"5\" width=\"300\" height=\"174\" srcset=\"https:\/\/www.amante-menden.de\/wordpress\/wp-content\/uploads\/2016\/01\/5-17-300x174.jpg 300w, https:\/\/www.amante-menden.de\/wordpress\/wp-content\/uploads\/2016\/01\/5-17.jpg 517w\" sizes=\"auto, (max-width: 300px) 100vw, 300px\" \/><\/a>Aber auch der fetzigere zweite Teil des Konzerts konnte die Abschiedsstimmung nicht wegwischen. &#8222;Das ist ein Abend mit Freud und Leid&#8220;, hatte der erste Vorsitzende Lars Becker zur Begr\u00fc\u00dfung gesagt. Freude \u00fcber 20 Jahre Chorleben (&#8222;Das ist schon was!&#8220;). Leid, weil Chorleiter Klaus Levermann nach der Berlin-Konzertfahrt im Oktober &#8222;sein Baby amante della musica&#8220; aufgibt. Der noch einmal hochgelobte Musikdirektor FDB, den auch B\u00fcrgermeister Rudolf D\u00fcppe in seiner Ansprache herausstellte, verwies lieber auf die Musikgen\u00fcsse des Abends und spielte sich mit Becker beim &#8222;amante-newstool&#8220; die B\u00e4lle zu, als man an Anekdoten aus den vergangenen 20 Jahren erinnerte. Und zum Abschluss-Lied &#8222;New York, New York&#8220; wurden auch die anwesenden Ehemaligen des Chores auf die B\u00fchne gebeten. Was f\u00fcr ein Abschluss, der nat\u00fcrlich noch um eine Zugabe erweitert wurde.<\/p>\n<p style=\"text-align: justify;\" align=\"justify\">Die Konzert-Besucher auf der ausverkauften Wilhelmsh\u00f6he haben \u00fcbrigens noch Chancen auf interessante Preise. Der Chor hatte sich im Vorfeld auf die Lkw-Waage von OBO Bettermann gestellt. Wer am besten gesch\u00e4tzt hat, wie schwer der gesamte Chor ist, wird sich demn\u00e4chst \u00fcber Pr\u00e4sente freuen k\u00f6nnen.<b>(WP vom 6. Mai)<\/b><\/p>\n<div id='gallery-1' class='gallery galleryid-2078 gallery-columns-3 gallery-size-thumbnail'><dl class='gallery-item'>\n\t\t\t<dt class='gallery-icon landscape'>\n\t\t\t\t<a href='https:\/\/www.amante-menden.de\/?attachment_id=2085'><img loading=\"lazy\" decoding=\"async\" width=\"150\" height=\"150\" src=\"https:\/\/www.amante-menden.de\/wordpress\/wp-content\/uploads\/2016\/01\/5-17-150x150.jpg\" class=\"attachment-thumbnail size-thumbnail\" alt=\"\" srcset=\"https:\/\/www.amante-menden.de\/wordpress\/wp-content\/uploads\/2016\/01\/5-17-150x150.jpg 150w, https:\/\/www.amante-menden.de\/wordpress\/wp-content\/uploads\/2016\/01\/5-17-144x144.jpg 144w\" sizes=\"auto, (max-width: 150px) 100vw, 150px\" \/><\/a>\n\t\t\t<\/dt><\/dl><dl class='gallery-item'>\n\t\t\t<dt class='gallery-icon portrait'>\n\t\t\t\t<a href='https:\/\/www.amante-menden.de\/?attachment_id=2084'><img loading=\"lazy\" decoding=\"async\" width=\"150\" height=\"150\" src=\"https:\/\/www.amante-menden.de\/wordpress\/wp-content\/uploads\/2016\/01\/4-17-150x150.jpg\" class=\"attachment-thumbnail size-thumbnail\" alt=\"\" srcset=\"https:\/\/www.amante-menden.de\/wordpress\/wp-content\/uploads\/2016\/01\/4-17-150x150.jpg 150w, https:\/\/www.amante-menden.de\/wordpress\/wp-content\/uploads\/2016\/01\/4-17-144x144.jpg 144w\" sizes=\"auto, (max-width: 150px) 100vw, 150px\" \/><\/a>\n\t\t\t<\/dt><\/dl><dl class='gallery-item'>\n\t\t\t<dt class='gallery-icon landscape'>\n\t\t\t\t<a href='https:\/\/www.amante-menden.de\/?attachment_id=2083'><img loading=\"lazy\" decoding=\"async\" width=\"150\" height=\"150\" src=\"https:\/\/www.amante-menden.de\/wordpress\/wp-content\/uploads\/2016\/01\/3-18-150x150.jpg\" class=\"attachment-thumbnail size-thumbnail\" alt=\"\" srcset=\"https:\/\/www.amante-menden.de\/wordpress\/wp-content\/uploads\/2016\/01\/3-18-150x150.jpg 150w, https:\/\/www.amante-menden.de\/wordpress\/wp-content\/uploads\/2016\/01\/3-18-144x144.jpg 144w\" sizes=\"auto, (max-width: 150px) 100vw, 150px\" \/><\/a>\n\t\t\t<\/dt><\/dl><br style=\"clear: both\" \/><dl class='gallery-item'>\n\t\t\t<dt class='gallery-icon landscape'>\n\t\t\t\t<a href='https:\/\/www.amante-menden.de\/?attachment_id=2082'><img loading=\"lazy\" decoding=\"async\" width=\"150\" height=\"150\" src=\"https:\/\/www.amante-menden.de\/wordpress\/wp-content\/uploads\/2016\/01\/2-18-150x150.jpg\" class=\"attachment-thumbnail size-thumbnail\" alt=\"\" srcset=\"https:\/\/www.amante-menden.de\/wordpress\/wp-content\/uploads\/2016\/01\/2-18-150x150.jpg 150w, https:\/\/www.amante-menden.de\/wordpress\/wp-content\/uploads\/2016\/01\/2-18-144x144.jpg 144w\" sizes=\"auto, (max-width: 150px) 100vw, 150px\" \/><\/a>\n\t\t\t<\/dt><\/dl><dl class='gallery-item'>\n\t\t\t<dt class='gallery-icon landscape'>\n\t\t\t\t<a href='https:\/\/www.amante-menden.de\/?attachment_id=2075'><img loading=\"lazy\" decoding=\"async\" width=\"150\" height=\"150\" src=\"https:\/\/www.amante-menden.de\/wordpress\/wp-content\/uploads\/2016\/01\/7-14-150x150.jpg\" class=\"attachment-thumbnail size-thumbnail\" alt=\"\" srcset=\"https:\/\/www.amante-menden.de\/wordpress\/wp-content\/uploads\/2016\/01\/7-14-150x150.jpg 150w, https:\/\/www.amante-menden.de\/wordpress\/wp-content\/uploads\/2016\/01\/7-14-144x144.jpg 144w\" sizes=\"auto, (max-width: 150px) 100vw, 150px\" \/><\/a>\n\t\t\t<\/dt><\/dl><dl class='gallery-item'>\n\t\t\t<dt class='gallery-icon landscape'>\n\t\t\t\t<a href='https:\/\/www.amante-menden.de\/?attachment_id=2074'><img loading=\"lazy\" decoding=\"async\" width=\"150\" height=\"150\" src=\"https:\/\/www.amante-menden.de\/wordpress\/wp-content\/uploads\/2016\/01\/6-15-150x150.jpg\" class=\"attachment-thumbnail size-thumbnail\" alt=\"\" srcset=\"https:\/\/www.amante-menden.de\/wordpress\/wp-content\/uploads\/2016\/01\/6-15-150x150.jpg 150w, https:\/\/www.amante-menden.de\/wordpress\/wp-content\/uploads\/2016\/01\/6-15-144x144.jpg 144w\" sizes=\"auto, (max-width: 150px) 100vw, 150px\" \/><\/a>\n\t\t\t<\/dt><\/dl><br style=\"clear: both\" \/><dl class='gallery-item'>\n\t\t\t<dt class='gallery-icon landscape'>\n\t\t\t\t<a href='https:\/\/www.amante-menden.de\/?attachment_id=2073'><img loading=\"lazy\" decoding=\"async\" width=\"150\" height=\"150\" src=\"https:\/\/www.amante-menden.de\/wordpress\/wp-content\/uploads\/2016\/01\/5-16-150x150.jpg\" class=\"attachment-thumbnail size-thumbnail\" alt=\"\" srcset=\"https:\/\/www.amante-menden.de\/wordpress\/wp-content\/uploads\/2016\/01\/5-16-150x150.jpg 150w, https:\/\/www.amante-menden.de\/wordpress\/wp-content\/uploads\/2016\/01\/5-16-144x144.jpg 144w\" sizes=\"auto, (max-width: 150px) 100vw, 150px\" \/><\/a>\n\t\t\t<\/dt><\/dl>\n\t\t\t<br style='clear: both' \/>\n\t\t<\/div>\n\n","protected":false},"excerpt":{"rendered":"<p>Ansteckende Fr\u00f6hlichkeit und wehm\u00fctige Tr\u00e4nen amante della musica menden gab gestern vor ausverkauftem Haus im Spiegelsaal das letzte gro\u00dfe Konzert unter dem Dirigat von Klaus Levermann Von Karin Drolshagen MENDEN Es war nicht anders zu erwarten: Bei einem Chor mit &hellip; <a href=\"https:\/\/www.amante-menden.de\/?page_id=2078\">Weiterlesen <span class=\"meta-nav\">&rarr;<\/span><\/a><\/p>\n","protected":false},"author":1,"featured_media":0,"parent":159,"menu_order":63,"comment_status":"closed","ping_status":"closed","template":"","meta":{"footnotes":""},"class_list":["post-2078","page","type-page","status-publish","hentry"],"_links":{"self":[{"href":"https:\/\/www.amante-menden.de\/index.php?rest_route=\/wp\/v2\/pages\/2078","targetHints":{"allow":["GET"]}}],"collection":[{"href":"https:\/\/www.amante-menden.de\/index.php?rest_route=\/wp\/v2\/pages"}],"about":[{"href":"https:\/\/www.amante-menden.de\/index.php?rest_route=\/wp\/v2\/types\/page"}],"author":[{"embeddable":true,"href":"https:\/\/www.amante-menden.de\/index.php?rest_route=\/wp\/v2\/users\/1"}],"replies":[{"embeddable":true,"href":"https:\/\/www.amante-menden.de\/index.php?rest_route=%2Fwp%2Fv2%2Fcomments&post=2078"}],"version-history":[{"count":2,"href":"https:\/\/www.amante-menden.de\/index.php?rest_route=\/wp\/v2\/pages\/2078\/revisions"}],"predecessor-version":[{"id":2487,"href":"https:\/\/www.amante-menden.de\/index.php?rest_route=\/wp\/v2\/pages\/2078\/revisions\/2487"}],"up":[{"embeddable":true,"href":"https:\/\/www.amante-menden.de\/index.php?rest_route=\/wp\/v2\/pages\/159"}],"wp:attachment":[{"href":"https:\/\/www.amante-menden.de\/index.php?rest_route=%2Fwp%2Fv2%2Fmedia&parent=2078"}],"curies":[{"name":"wp","href":"https:\/\/api.w.org\/{rel}","templated":true}]}}