{"id":223,"date":"2015-05-29T22:01:14","date_gmt":"2015-05-29T20:01:14","guid":{"rendered":"http:\/\/amante-menden.de\/wordpress\/?page_id=223"},"modified":"2018-02-02T16:24:04","modified_gmt":"2018-02-02T14:24:04","slug":"videos-2","status":"publish","type":"page","link":"https:\/\/www.amante-menden.de\/?page_id=223","title":{"rendered":"Videos"},"content":{"rendered":"<p style=\"text-align: center;\"><a href=\"https:\/\/www.youtube.com\/channel\/UCu_wQqIYPjhdHZw7_f84M9Q\" target=\"_blank\" rel=\"noopener\">Hier geht es zu allen amante-Videos auf YouTube<\/a><\/p>\n<hr \/>\n<p><!--Im a train--><\/p>\n<p style=\"text-align: center;\"><strong>I&#8217;m a train<\/strong><br \/>\nBenefizkonzert 03.10.2017 Wilhelmsh\u00f6he Menden <iframe loading=\"lazy\" src=\"https:\/\/www.youtube.com\/embed\/UWZYIiQ3EeA\" width=\"560\" height=\"315\" frameborder=\"0\" allowfullscreen=\"allowfullscreen\"><\/iframe><\/p>\n<hr \/>\n<p><!--Hit the road jack--><\/p>\n<p style=\"text-align: center;\"><strong>Hit the road, Jack<\/strong><br \/>\nBenefizkonzert 03.10.2017 Wilhelmsh\u00f6he Menden <iframe loading=\"lazy\" src=\"https:\/\/www.youtube.com\/embed\/98Wc3505kQ4\" width=\"560\" height=\"315\" frameborder=\"0\" allowfullscreen=\"allowfullscreen\"><\/iframe><\/p>\n<p><!--Nun ruhen alle W\u00e4lder--><\/p>\n<p style=\"text-align: center;\"><strong>Nun ruhen alle W\u00e4lder<\/strong><br \/>\nBenefizkonzert 03.10.2017 Wilhelmsh\u00f6he Menden <iframe loading=\"lazy\" src=\"https:\/\/www.youtube.com\/embed\/XnzozstTEGY\" width=\"560\" height=\"315\" frameborder=\"0\" allowfullscreen=\"allowfullscreen\"><\/iframe><\/p>\n<hr \/>\n<hr \/>\n<p><!--Short People--><\/p>\n<p style=\"text-align: center;\"><strong>Short People<\/strong><br \/>\nBenefizkonzert 03.10.2016 Wilhelmsh\u00f6he Menden <iframe loading=\"lazy\" src=\"https:\/\/www.youtube.com\/embed\/4iNCULyWYVo\" width=\"560\" height=\"315\" frameborder=\"0\" allowfullscreen=\"allowfullscreen\"><span class=\"mce_SELRES_start\" style=\"width: 0px; line-height: 0; overflow: hidden; display: inline-block;\" data-mce-type=\"bookmark\">\ufeff<\/span><\/iframe><\/p>\n<hr \/>\n<p><!--Australien Spring--><\/p>\n<p style=\"text-align: center;\"><strong>Australien Spring (Morten Kjaer\/Niels Norgaard)<br \/>\n<\/strong> Meisterchorsingen am 31. Mai 2014 im Kulturzentrum Neheim-H\u00fcsten<br \/>\n<object width=\"420\" height=\"315\"><param name=\"movie\" value=\"\/\/www.youtube.com\/v\/8gIo6ysuH1Q?version=3&amp;hl=de_DE\" \/><param name=\"allowFullScreen\" value=\"true\" \/><param name=\"allowscriptaccess\" value=\"always\" \/><embed width=\"420\" height=\"315\" src=\"\/\/www.youtube.com\/v\/8gIo6ysuH1Q?version=3&amp;hl=de_DE\" type=\"application\/x-shockwave-flash\" allowfullscreen=\"allowfullscreen\" allowscriptaccess=\"always\" \/><\/object><\/p>\n<hr \/>\n<p><!--Muss i denn--><\/p>\n<p style=\"text-align: center;\"><strong>Muss i denn zum St\u00e4dtele naus (Helmut Barbe)<br \/>\n<\/strong> Meisterchorsingen am 31. Mai 2014 im Kulturzentrum Neheim-H\u00fcsten<br \/>\n<object width=\"420\" height=\"315\"><param name=\"movie\" value=\"\/\/www.youtube.com\/v\/yxd8oTLWlhw?version=3&amp;hl=de_DE\" \/><param name=\"allowFullScreen\" value=\"true\" \/><param name=\"allowscriptaccess\" value=\"always\" \/><embed width=\"420\" height=\"315\" src=\"\/\/www.youtube.com\/v\/yxd8oTLWlhw?version=3&amp;hl=de_DE\" type=\"application\/x-shockwave-flash\" allowfullscreen=\"allowfullscreen\" allowscriptaccess=\"always\" \/><\/object><\/p>\n<hr \/>\n<p><!--Rosengarten--><\/p>\n<p style=\"text-align: center;\"><strong>O du sch\u00f6ner Rosengarten (Prof. Michael Schmoll)<br \/>\n<\/strong> Meisterchorsingen am 31. Mai 2014 im Kulturzentrum Neheim-H\u00fcsten<br \/>\n<object width=\"420\" height=\"315\"><param name=\"movie\" value=\"\/\/www.youtube.com\/v\/7HGtudLyIno?version=3&amp;hl=de_DE\" \/><param name=\"allowFullScreen\" value=\"true\" \/><param name=\"allowscriptaccess\" value=\"always\" \/><embed width=\"420\" height=\"315\" src=\"\/\/www.youtube.com\/v\/7HGtudLyIno?version=3&amp;hl=de_DE\" type=\"application\/x-shockwave-flash\" allowfullscreen=\"allowfullscreen\" allowscriptaccess=\"always\" \/><\/object><\/p>\n<hr \/>\n<p><!--Ich liebe dich--><\/p>\n<p style=\"text-align: center;\"><strong>Ich liebe dich (Orlando di Lasso)<br \/>\n<\/strong> Meisterchorsingen am 31. Mai 2014 im Kulturzentrum Neheim-H\u00fcsten<br \/>\n<object width=\"420\" height=\"315\"><param name=\"movie\" value=\"\/\/www.youtube.com\/v\/m75o8vuQVJY?version=3&amp;hl=de_DE\" \/><param name=\"allowFullScreen\" value=\"true\" \/><param name=\"allowscriptaccess\" value=\"always\" \/><embed width=\"420\" height=\"315\" src=\"\/\/www.youtube.com\/v\/m75o8vuQVJY?version=3&amp;hl=de_DE\" type=\"application\/x-shockwave-flash\" allowfullscreen=\"allowfullscreen\" allowscriptaccess=\"always\" \/><\/object><\/p>\n<hr \/>\n<p><!--Hallelujah--><\/p>\n<p style=\"text-align: center;\"><strong>Leonard Cohens &#8222;Hallelujah&#8220;<br \/>\n<\/strong> Chorfestival von VokalArt Menden in der Sch\u00fctzenhalle Volkringhausen am 20.09.2013<br \/>\n<object width=\"420\" height=\"315\"><param name=\"movie\" value=\"\/\/www.youtube.com\/v\/LH4y2rqNzxA?version=3&amp;hl=de_DE\" \/><param name=\"allowFullScreen\" value=\"true\" \/><param name=\"allowscriptaccess\" value=\"always\" \/><embed width=\"420\" height=\"315\" src=\"\/\/www.youtube.com\/v\/LH4y2rqNzxA?version=3&amp;hl=de_DE\" type=\"application\/x-shockwave-flash\" allowfullscreen=\"allowfullscreen\" allowscriptaccess=\"always\" \/><\/object><\/p>\n<hr \/>\n<p><!--Coming home--><\/p>\n<p align=\"center\"><b>Coming home<\/b><br \/>\nZuccalmaglio-Festival des ChorVerbandes NRW am 30.10.2010 in Rheine<br \/>\n<object width=\"425\" height=\"344\"><param name=\"movie\" value=\"http:\/\/www.youtube.com\/v\/Oad5cjNBQoc&amp;hl=en&amp;fs=1&amp;\" \/><param name=\"allowFullScreen\" value=\"true\" \/><param name=\"allowscriptaccess\" value=\"always\" \/><iframe loading=\"lazy\" width=\"420\" height=\"315\" src=\"http:\/\/www.youtube.com\/embed\/wM6EiH6-VPA\" frameborder=\"0\" allowfullscreen=\"allowfullscreen\"><\/iframe><\/object><\/p>\n<hr \/>\n<p><!--Gabriellas Song--><\/p>\n<p align=\"center\"><b>Gabriellas Song<\/b><br \/>\nZuccalmaglio-Festival des ChorVerbandes NRW am 30.10.2010 in Rheine<br \/>\n<object width=\"425\" height=\"344\"><param name=\"movie\" value=\"http:\/\/www.youtube.com\/v\/Oad5cjNBQoc&amp;hl=en&amp;fs=1&amp;\" \/><param name=\"allowFullScreen\" value=\"true\" \/><param name=\"allowscriptaccess\" value=\"always\" \/><iframe loading=\"lazy\" width=\"420\" height=\"315\" src=\"http:\/\/www.youtube.com\/embed\/N-_lXh4Y-qw\" frameborder=\"0\" allowfullscreen=\"allowfullscreen\"><\/iframe><\/object><\/p>\n<hr \/>\n<p><!--Vergi\u00df mein nicht--><\/p>\n<p align=\"center\"><b>Vergi\u00df mein nicht<\/b><br \/>\nZuccalmaglio-Festival des ChorVerbandes NRW am 30.10.2010 in Rheine<br \/>\n<object width=\"425\" height=\"344\"><param name=\"movie\" value=\"http:\/\/www.youtube.com\/v\/Oad5cjNBQoc&amp;hl=en&amp;fs=1&amp;\" \/><param name=\"allowFullScreen\" value=\"true\" \/><param name=\"allowscriptaccess\" value=\"always\" \/><iframe loading=\"lazy\" width=\"420\" height=\"315\" src=\"http:\/\/www.youtube.com\/embed\/nkaZSRDiRbQ\" frameborder=\"0\" allowfullscreen=\"allowfullscreen\"><\/iframe><\/object><\/p>\n<hr \/>\n<p><!--Hail holy queen --><\/p>\n<p align=\"center\"><b>Hail holy queen <\/b><br \/>\nZuccalmaglio-Festival des ChorVerbandes NRW am 30.10.2010 in Rheine<br \/>\n<object width=\"425\" height=\"344\"><param name=\"movie\" value=\"http:\/\/www.youtube.com\/v\/Oad5cjNBQoc&amp;hl=en&amp;fs=1&amp;\" \/><param name=\"allowFullScreen\" value=\"true\" \/><param name=\"allowscriptaccess\" value=\"always\" \/><iframe loading=\"lazy\" width=\"420\" height=\"315\" src=\"http:\/\/www.youtube.com\/embed\/n4iQBvN4QKg\" frameborder=\"0\" allowfullscreen=\"allowfullscreen\"><\/iframe><\/object><\/p>\n<hr \/>\n<p><!--Bohemian--><\/p>\n<p align=\"center\"><b>Bohemian Rhapsody von Queen<\/b><br \/>\narrangiert von Ned Bennett<br \/>\nVolksliederleistungssingen in Kamen 2007<br \/>\n<object width=\"425\" height=\"344\"><param name=\"movie\" value=\"http:\/\/www.youtube.com\/v\/Oad5cjNBQoc&amp;hl=en&amp;fs=1&amp;\" \/><param name=\"allowFullScreen\" value=\"true\" \/><param name=\"allowscriptaccess\" value=\"always\" \/><embed width=\"425\" height=\"344\" src=\"http:\/\/www.youtube.com\/v\/Oad5cjNBQoc&amp;hl=en&amp;fs=1&amp;\" type=\"application\/x-shockwave-flash\" allowfullscreen=\"allowfullscreen\" allowscriptaccess=\"always\" \/><\/object><\/p>\n<hr \/>\n<p><!--Soon--><\/p>\n<p align=\"center\"><b>Soon ah will be done<\/b><br \/>\narrangiert von William L. Dawson<br \/>\nVolksliederleistungssingen in Kamen 2007<br \/>\n<object width=\"425\" height=\"344\"><param name=\"movie\" value=\"http:\/\/www.youtube.com\/v\/LeQnfYNPqWg&amp;hl=en&amp;fs=1&amp;\" \/><param name=\"allowFullScreen\" value=\"true\" \/><param name=\"allowscriptaccess\" value=\"always\" \/><embed width=\"425\" height=\"344\" src=\"http:\/\/www.youtube.com\/v\/LeQnfYNPqWg&amp;hl=en&amp;fs=1&amp;\" type=\"application\/x-shockwave-flash\" allowfullscreen=\"allowfullscreen\" allowscriptaccess=\"always\" \/><\/object><\/p>\n<hr \/>\n<p align=\"center\"><!--Don\u00b4t worry be happy--><\/p>\n<p align=\"center\"><b>Don\u00b4t worry be happy von Bobby MacFerrin<\/b><br \/>\narrangiert von Stefan Zorzor<br \/>\nVolksliederleistungssingen in Kamen 2007<br \/>\n<object width=\"425\" height=\"344\"><param name=\"movie\" value=\"http:\/\/www.youtube.com\/v\/kZsKF6-leck&amp;hl=en&amp;fs=1&amp;\" \/><param name=\"allowFullScreen\" value=\"true\" \/><param name=\"allowscriptaccess\" value=\"always\" \/><embed width=\"425\" height=\"344\" src=\"http:\/\/www.youtube.com\/v\/kZsKF6-leck&amp;hl=en&amp;fs=1&amp;\" type=\"application\/x-shockwave-flash\" allowfullscreen=\"allowfullscreen\" allowscriptaccess=\"always\" \/><\/object><\/p>\n<hr \/>\n<p align=\"center\"><!--Kein sch\u00f6ner Land--> <b>Kein sch\u00f6ner Land<\/b><br \/>\narrangiert von Matthias Becker<br \/>\nVolksliederleistungssingen in Kamen 2007<br \/>\n<object width=\"425\" height=\"344\"><param name=\"movie\" value=\"http:\/\/www.youtube.com\/v\/ZmlZxinVKdo&amp;hl=en&amp;fs=1&amp;\" \/><param name=\"allowFullScreen\" value=\"true\" \/><param name=\"allowscriptaccess\" value=\"always\" \/><embed width=\"425\" height=\"344\" src=\"http:\/\/www.youtube.com\/v\/ZmlZxinVKdo&amp;hl=en&amp;fs=1&amp;\" type=\"application\/x-shockwave-flash\" allowfullscreen=\"allowfullscreen\" allowscriptaccess=\"always\" \/><\/object><\/p>\n","protected":false},"excerpt":{"rendered":"<p>Hier geht es zu allen amante-Videos auf YouTube I&#8217;m a train Benefizkonzert 03.10.2017 Wilhelmsh\u00f6he Menden Hit the road, Jack Benefizkonzert 03.10.2017 Wilhelmsh\u00f6he Menden Nun ruhen alle W\u00e4lder Benefizkonzert 03.10.2017 Wilhelmsh\u00f6he Menden Short People Benefizkonzert 03.10.2016 Wilhelmsh\u00f6he Menden \ufeff Australien Spring &hellip; <a href=\"https:\/\/www.amante-menden.de\/?page_id=223\">Weiterlesen <span class=\"meta-nav\">&rarr;<\/span><\/a><\/p>\n","protected":false},"author":3,"featured_media":0,"parent":0,"menu_order":0,"comment_status":"closed","ping_status":"closed","template":"","meta":{"footnotes":""},"class_list":["post-223","page","type-page","status-publish","hentry"],"_links":{"self":[{"href":"https:\/\/www.amante-menden.de\/index.php?rest_route=\/wp\/v2\/pages\/223","targetHints":{"allow":["GET"]}}],"collection":[{"href":"https:\/\/www.amante-menden.de\/index.php?rest_route=\/wp\/v2\/pages"}],"about":[{"href":"https:\/\/www.amante-menden.de\/index.php?rest_route=\/wp\/v2\/types\/page"}],"author":[{"embeddable":true,"href":"https:\/\/www.amante-menden.de\/index.php?rest_route=\/wp\/v2\/users\/3"}],"replies":[{"embeddable":true,"href":"https:\/\/www.amante-menden.de\/index.php?rest_route=%2Fwp%2Fv2%2Fcomments&post=223"}],"version-history":[{"count":20,"href":"https:\/\/www.amante-menden.de\/index.php?rest_route=\/wp\/v2\/pages\/223\/revisions"}],"predecessor-version":[{"id":3612,"href":"https:\/\/www.amante-menden.de\/index.php?rest_route=\/wp\/v2\/pages\/223\/revisions\/3612"}],"wp:attachment":[{"href":"https:\/\/www.amante-menden.de\/index.php?rest_route=%2Fwp%2Fv2%2Fmedia&parent=223"}],"curies":[{"name":"wp","href":"https:\/\/api.w.org\/{rel}","templated":true}]}}