{"id":230,"date":"2015-05-29T22:12:41","date_gmt":"2015-05-29T20:12:41","guid":{"rendered":"http:\/\/amante-menden.de\/wordpress\/?page_id=230"},"modified":"2022-02-08T13:56:57","modified_gmt":"2022-02-08T11:56:57","slug":"vorstand-impressum-2","status":"publish","type":"page","link":"https:\/\/www.amante-menden.de\/?page_id=230","title":{"rendered":"Vorstand \/ Impressum"},"content":{"rendered":"<h1>Impressum<\/h1>\n<p align=\"justify\"><span style=\"color: #333333;\">amante della musica menden<br \/>\nIm Wietloh 6<br \/>\n58644 Iserlohn<br \/>\n<\/span><\/p>\n<p>Telefon: 02374-14272<br \/>\nE-Mail: vorstand@amante-menden.de<\/p>\n<p align=\"justify\">Verantwortlich f\u00fcr den Inhalt der Website www.amante-menden.de, damit Herausgeber und Copyright-Inhaber ist der gemischte Chor amante della musica menden, vertreten durch seinen vertretungsberechtigten Vorstand:<\/p>\n<p align=\"justify\">Thorsten G\u00fcnner (1. Vorsitzender)<br \/>\nPetra Nagel (1. Kassiererin)<br \/>\nAnja Sch\u00fcrmann (1. Schriftf\u00fchrerin)<br \/>\nMatthias Nagel (2. Vorsitzender)<\/p>\n<p align=\"justify\">Webmaster: Tobias Holz, Redaktion: Lars Becker, Fotos: Privat (soweit nicht ausdr\u00fccklich anders gekennzeichnet). Werden Texte anderer Quellen verwendet, werden diese ausdr\u00fccklich genannt.<\/p>\n<p align=\"justify\"><b>Haftungshinweis:<\/b><\/p>\n<p align=\"justify\">Trotz sorgf\u00e4ltiger inhaltlicher Kontrolle \u00fcbernimmt amante della musica menden keine Haftung f\u00fcr die Inhalte externer Links. F\u00fcr den Inhalt der verlinkten Seiten sind ausschlie\u00dflich deren Betreiber verantwortlich.<\/p>\n","protected":false},"excerpt":{"rendered":"<p>Impressum amante della musica menden Im Wietloh 6 58644 Iserlohn Telefon: 02374-14272 E-Mail: vorstand@amante-menden.de Verantwortlich f\u00fcr den Inhalt der Website www.amante-menden.de, damit Herausgeber und Copyright-Inhaber ist der gemischte Chor amante della musica menden, vertreten durch seinen vertretungsberechtigten Vorstand: Thorsten G\u00fcnner &hellip; <a href=\"https:\/\/www.amante-menden.de\/?page_id=230\">Weiterlesen <span class=\"meta-nav\">&rarr;<\/span><\/a><\/p>\n","protected":false},"author":3,"featured_media":0,"parent":0,"menu_order":0,"comment_status":"closed","ping_status":"closed","template":"","meta":{"footnotes":""},"class_list":["post-230","page","type-page","status-publish","hentry"],"_links":{"self":[{"href":"https:\/\/www.amante-menden.de\/index.php?rest_route=\/wp\/v2\/pages\/230","targetHints":{"allow":["GET"]}}],"collection":[{"href":"https:\/\/www.amante-menden.de\/index.php?rest_route=\/wp\/v2\/pages"}],"about":[{"href":"https:\/\/www.amante-menden.de\/index.php?rest_route=\/wp\/v2\/types\/page"}],"author":[{"embeddable":true,"href":"https:\/\/www.amante-menden.de\/index.php?rest_route=\/wp\/v2\/users\/3"}],"replies":[{"embeddable":true,"href":"https:\/\/www.amante-menden.de\/index.php?rest_route=%2Fwp%2Fv2%2Fcomments&post=230"}],"version-history":[{"count":12,"href":"https:\/\/www.amante-menden.de\/index.php?rest_route=\/wp\/v2\/pages\/230\/revisions"}],"predecessor-version":[{"id":4361,"href":"https:\/\/www.amante-menden.de\/index.php?rest_route=\/wp\/v2\/pages\/230\/revisions\/4361"}],"wp:attachment":[{"href":"https:\/\/www.amante-menden.de\/index.php?rest_route=%2Fwp%2Fv2%2Fmedia&parent=230"}],"curies":[{"name":"wp","href":"https:\/\/api.w.org\/{rel}","templated":true}]}}