{"id":2466,"date":"2016-01-06T11:53:13","date_gmt":"2016-01-06T09:53:13","guid":{"rendered":"http:\/\/www.amante-menden.de\/?page_id=2466"},"modified":"2016-01-06T11:53:13","modified_gmt":"2016-01-06T09:53:13","slug":"michael-oel-neuer-chorleiter-bei-amante","status":"publish","type":"page","link":"https:\/\/www.amante-menden.de\/?page_id=2466","title":{"rendered":"Michael Oel neuer Chorleiter bei amante"},"content":{"rendered":"<h3 style=\"text-align: justify;\" align=\"center\"><b>MZ vom 27. September 2006:<\/b><\/h3>\n<h3 style=\"text-align: justify;\">\u201eDas sind gro\u00dfe Schuhe\u201c<\/h3>\n<h3 style=\"text-align: justify;\"><b>Bericht von Jutta Rudewig<\/b><br \/>\n<b>Fotos von Tobias Schnell MZ<\/b><\/h3>\n<p style=\"text-align: justify;\" align=\"justify\"><a href=\"http:\/\/www.amante-menden.de\/wordpress\/wp-content\/uploads\/2016\/01\/neuercl1.jpg\" rel=\"attachment wp-att-2467\"><img loading=\"lazy\" decoding=\"async\" class=\"size-full wp-image-2467 aligncenter\" src=\"http:\/\/www.amante-menden.de\/wordpress\/wp-content\/uploads\/2016\/01\/neuercl1.jpg\" alt=\"neuercl1\" width=\"350\" height=\"276\" srcset=\"https:\/\/www.amante-menden.de\/wordpress\/wp-content\/uploads\/2016\/01\/neuercl1.jpg 350w, https:\/\/www.amante-menden.de\/wordpress\/wp-content\/uploads\/2016\/01\/neuercl1-300x237.jpg 300w\" sizes=\"auto, (max-width: 350px) 100vw, 350px\" \/><\/a><\/p>\n<p style=\"text-align: justify;\" align=\"justify\"><b>MENDEN<\/b> \u201eIm Grunde ist das ein Sauhaufen. Aber Du wirst schnell merken, was f\u00fcr eine verschworene Gemeinschaft dieser Sauhaufen ist!\u201c Kernig begr\u00fc\u00dfte gestern Abend Klaus Levermann seinen Nachfolger in der Chorleitung des Meisterchores \u201eamante della musica\u201c. Und legte in seinen Abschiedsworten an den Chor noch eins nach: \u201eUnd wenn der nicht so spurt, wie Ihr das wollt, dann sagt mir Bescheid&#8230;\u201c<\/p>\n<p style=\"text-align: justify;\">Der Rest sollte an dieser Stelle zensiert bleiben, waren doch die Worte des scheidenden Chorleiters sicher nicht f\u00fcr den Abdruck gedacht, sondern eher der Versuch, Emotionen unter Kontrolle zu behalten. Denn \u201eNach ungef\u00e4hr 840 Chorproben wird das heute Abend schon komisch sein, hier aus dem Raum zu gehen!\u201c<\/p>\n<p style=\"text-align: justify;\">&lt;palign=&#8220;justify&#8220;&gt;Zwanzig Jahre leitete Klaus Levermann die Geschicke des Meisterchores und formte die Gemeinschaft zu dem, was sie heute ist: Ein Chor, der am 1. Oktober im Berliner Dom den Hauptgottesdienst gestaltet und sich dabei wahrlich nicht verstecken muss.<\/p>\n<p style=\"text-align: justify;\" align=\"justify\">Gestern Abend gab er offiziell den symbolischen Dirigentenstab an den Letmather Michael Oel weiter. Voran gegangen war die Bewerbung Oels und eines Mitkandidaten in der Aula der Regenbogenschule. Michael Oel brachte an diesem Abend \u201eBohemian Rhapsody\u201c als Chorsatz zum spontanen Einstudieren und als \u00dcberraschungsliteratur f\u00fcr amante mit. Eine gelungene \u00dcberraschung, wie sich sp\u00e4ter herausstellte, nachdem mit Beratung von Professor Michael Schmoll die Wahl auf den Musik- und Mathematikp\u00e4dagogen fiel. \u201eIch steh unheimlich auf Queen. Ich bin ein Pop-Swing- und Gospel-Typ, und ich habe einen Chor gesucht, der dabei mitzieht\u201c, begr\u00fcndete Oel die Wahl seiner \u201eArbeitsprobe\u201c. Dass der Chor mitziehen wird, zeigt sich in dem einm\u00fctigen Abstimmungsurteil.<\/p>\n<p style=\"text-align: justify;\" align=\"justify\">Am Samstag f\u00e4hrt amante nach Berlin \u2013 Abschiedstour und Abschiedsfeier f\u00fcr Klaus Levermann. Nach den Herbstferien wird sich \u201eder Neue\u201c dann in die Probearbeit st\u00fcrzen. Und daran, dass er dies mit Feuereifer tun wird, besteht sp\u00e4testens seit gestern Abend kein Zweifel mehr. Die Ziele sind hoch gesteckt. amante m\u00f6chte im kommenden M\u00e4rz am Leistungssingen Sing- und Swing-Festival des S\u00e4ngerbundes NRW in Hamm teilnehmen.<\/p>\n<p style=\"text-align: justify;\" align=\"justify\">\u201eIch wei\u00df, dass das gro\u00dfe Schuhe sind, die ich mir da anziehe. Ich habe bei meiner Vorstellung Lampenfieber gehabt. Und als Chorleiter am Ende der Chorprobe eine G\u00e4nsehaut\u201c, sagt Oel. Und man merkt ihm die Freude an, mit der er an seine neue Aufgabe geht.<\/p>\n<p style=\"text-align: justify;\">\n<p><b>MZ vom 28. September 2006:<\/b><\/p>\n<h2 style=\"text-align: justify;\">Niemals geht man so ganz<\/h2>\n<h3 style=\"text-align: justify;\">Durchdachtes Verfahren beschert Meisterchor amante della musica mit Michael Oel einen neuen Chorleiter 14 weibliche und m\u00e4nnliche Kandidaten mit Beratung von Prof. Michael Schmoll unter die Lupe genommen<\/h3>\n<p style=\"text-align: justify;\"><b><\/p>\n<p>Bericht von Jutta Rudewig<\/b><\/p>\n<p style=\"text-align: justify;\" align=\"justify\"><b>MENDEN<\/b> \u201eNiemals geht man so ganz\u201c. Was das k\u00f6lsche Original Trude Herr vor vielen Jahren treffender nicht h\u00e4tte formulieren k\u00f6nnen, trifft ohne Zweifel auch auf den scheidenden Chorleiter des Mendener Meisterchores amante della musica zu. In gegenseitigem Einvernehmen, so war im Rahmen der Jahreshauptversammlung zu Jahresbeginn zu h\u00f6ren, habe man sich getrennt. Deutlich wurde den Ger\u00fcchten entgegen getreten, dass die zum Ende des Jahres 2006 beschlossene Beendigung der Zusammenarbeit keinesfalls das Ergebnis von irgendwelchen Meinungsverschiedenheiten oder gar Zerw\u00fcrfnissen sei. \u201eWir haben mehrere intensive Gespr\u00e4che gef\u00fchrt und sind einfach gemeinsam zu dem Ergebnis gekommen, dass das Jubil\u00e4umsjahr der richtige Zeitpunkt f\u00fcr einen Chorleiter-Wechsel ist\u201c, konstatierte seinerzeit der 1. Vorsitzende Lars Becker gegen\u00fcber unserer Zeitung.<\/p>\n<p style=\"text-align: justify;\" align=\"justify\">Im Fr\u00fchsommer begann die intensive Suche nach einem geeigneten Nachfolger. \u201eWir sind sehr froh gewesen, dass uns mit Professor Michael Schmoll ein versierter Berater zur Verf\u00fcgung gestanden hat\u201c, lobte Lars Becker bei der Vorstellung des neuen Chorleiters am Dienstagabend das Engagement des Bundeschorleiters des S\u00e4ngerbundes NRW und Ehrenmitgliedes von amante. 14 weibliche und m\u00e4nnliche Kandidaten zwischen 35 und 55 Jahren &#8211; zum Beispiel aus Arnsberg, Hagen, Dortmund, Olpe, Siegen, Schwerte, Kirchhundem, Hamm und Soest &#8211; standen am Ende der Suche auf einer Liste.<\/p>\n<p style=\"text-align: justify;\" align=\"justify\">amante lud schlie\u00dflich die Kandidaten der engeren Wahl zu einer \u201eProbe-Probe\u201c ein \u2013 ein eher ungew\u00f6hnliches Verfahren, zu dem l\u00e4ngst nicht alle Dirigenten bereit waren. Die Wahl fiel am Ende auf den Musikp\u00e4dagogen Michael Oel &#8211; wir berichteten.<\/p>\n<p style=\"text-align: justify;\" align=\"justify\">Der neue Chorleiter ist verheiratet, Vater zweier S\u00f6hne und einer Tochter und geboren am 8. M\u00e4rz 1966. Sein geistiger Wegbegleiter, der Letmather Gebhard Reichmann, brachte ihn schon in fr\u00fchen Kinderjahren zur Musik und sp\u00e4ter zum Musikstudium an der Universit\u00e4t Dortmund. Michael Oel leitet Ch\u00f6re schon seit Mitte der 80-er Jahre. Konzertreisen f\u00fchrten ihn nach Polen, Wales und durch ganz Deutschland. Sein musikalischer Schwerpunkt liegt auf der Leitung von vier Ch\u00f6ren im S\u00e4ngerbund Nordrhein-Westfalen.<\/p>\n<p style=\"text-align: justify;\">\u201eWir sind sehr froh, in Michael Oel einen engagierten und hochmotivierten Nachfolger f\u00fcr Klaus Levermann gefunden zu haben, \u201c so Becker. Nach der Berlin-Fahrt steht f\u00fcr amante im neuen Jahr vom 19. bis 21. Januar 2007 ein Arbeitswochenende in der Musikakademie D\u00fcmmersee an. Geplant ist auch ein weiteres Coaching mit einem hochkar\u00e4tigen ausw\u00e4rtigen Dozenten, damit der Meisterchor beim Leistungssingen Sing-und Swing-Festival des SBNRW in Hamm am 24. M\u00e4rz 2007 gl\u00e4nzend abschneidet.<\/p>\n<p style=\"text-align: justify;\">\n<p><b>WP vom 28. September 2006:<\/b><\/p>\n<h2 style=\"text-align: justify;\">Nach zwanzig Jahren f\u00e4llt der Abschied schwer<\/h2>\n<h3 style=\"text-align: justify;\">Letzte Chorprobe des &#8222;amante&#8220;-Chorleiters Klaus Levermann in der Regenbogenschule \/ Nachfolger Michel Oel \u00fcbernimmt Amt am 17. Oktober<\/h3>\n<p style=\"text-align: justify;\"><b>Bericht von Laura Oswald<\/b><\/p>\n<p style=\"text-align: justify;\" align=\"justify\"><b>Menden<\/b>Eine \u00c4ra geht zu Ende. Nach mehr als 20 Jahren legt Musikdirektor FDB Klaus Levermann sein Amt als Chorleiter bei amante della musica Menden nieder. Am Dienstag fand die letzte regul\u00e4re Probe in der Aula der Regenbogenschule statt.<\/p>\n<p style=\"text-align: justify;\" align=\"justify\">Bei der Probe war ihm anzusehen, dass ihm der Abschied schwer f\u00e4llt. Schlie\u00dflich war amante sein erster eigener Chor, den er im Alter von 22 Jahren gr\u00fcndete. \u201eEs wird sicherlich komisch sein, aber ich blicke auf rund 840 Chorproben zur\u00fcck. Es war eine sch\u00f6ne Zeit. Au\u00dferdem komme ich dienstags auch weiterhin her, denn nach amante probt VokalArt.\u201d Viel hat Levermann in 20 Jahren erlebt: An zahlreichen Probenwochenenden trainierte er mit seinen S\u00e4ngerinnen und S\u00e4ngern f\u00fcr Leistungssingen in ganz NRW. Auf einigen Chorfahrten sang, lachte und tanzte er mit \u201eseinem Baby\u201d: zweimal in Wales, in der Toscana, am Bodensee, in Wien und Budapest.<\/p>\n<p style=\"text-align: justify;\" align=\"justify\">An seinen Nachfolger gewandt sagte er mit einem Augenzwinkern: \u201eIm Grunde \u00fcbernimmst du hier einen Sauhaufen, aber einen Sauhaufen mit Qualit\u00e4t.\u201d<\/p>\n<p style=\"text-align: justify;\" align=\"justify\">Am 17. Oktober \u00fcbernimmt Michael Oel, der einstimmig gew\u00e4hlt wurde, das Amt des Chorleiters. Der 40-J\u00e4hrige Dortmunder wurde schon vor knapp zwei Jahren Levermanns Nachfolger beim Sauerl\u00e4ndischen Polizeichor. Am Dienstag unterschrieben Michael Oel und amante-Vorsitzender Lars Becker die Chorleitervereinbarung. Oel bekam das Chor-T-Shirt \u00fcberreicht, welches er auch gleich anziehen musste. Seine neue Aufgabe bezeichnet er als \u201eunglaublich aufregend\u201d. \u201eIch freue mich riesig auf die Zusammenarbeit mit euch. Die Schuhe, die ich mir anziehe, sind riesengro\u00df, aber mit eurer Hilfe passe ich da hoffentlich rein\u201d, sagte er vor den S\u00e4ngerinnen und S\u00e4ngern.<\/p>\n<p style=\"text-align: justify;\" align=\"justify\">Am Samstag geht amante wieder auf gro\u00dfe Konzertreise, diesmal f\u00fcr sechs Tage nach Berlin. Klaus Levermann wird noch ein letztes Mal dabei sein. Am letzten Abend in der Hauptstadt schmei\u00dfen \u201eseine Kinder\u201d eine rauschende Abschiedsparty f\u00fcr ihn. Es wird wohl ein tr\u00e4nenreicher Abschied.<\/p>\n","protected":false},"excerpt":{"rendered":"<p>MZ vom 27. September 2006: \u201eDas sind gro\u00dfe Schuhe\u201c Bericht von Jutta Rudewig Fotos von Tobias Schnell MZ MENDEN \u201eIm Grunde ist das ein Sauhaufen. Aber Du wirst schnell merken, was f\u00fcr eine verschworene Gemeinschaft dieser Sauhaufen ist!\u201c Kernig begr\u00fc\u00dfte &hellip; <a href=\"https:\/\/www.amante-menden.de\/?page_id=2466\">Weiterlesen <span class=\"meta-nav\">&rarr;<\/span><\/a><\/p>\n","protected":false},"author":1,"featured_media":0,"parent":159,"menu_order":67,"comment_status":"closed","ping_status":"closed","template":"","meta":{"footnotes":""},"class_list":["post-2466","page","type-page","status-publish","hentry"],"_links":{"self":[{"href":"https:\/\/www.amante-menden.de\/index.php?rest_route=\/wp\/v2\/pages\/2466","targetHints":{"allow":["GET"]}}],"collection":[{"href":"https:\/\/www.amante-menden.de\/index.php?rest_route=\/wp\/v2\/pages"}],"about":[{"href":"https:\/\/www.amante-menden.de\/index.php?rest_route=\/wp\/v2\/types\/page"}],"author":[{"embeddable":true,"href":"https:\/\/www.amante-menden.de\/index.php?rest_route=\/wp\/v2\/users\/1"}],"replies":[{"embeddable":true,"href":"https:\/\/www.amante-menden.de\/index.php?rest_route=%2Fwp%2Fv2%2Fcomments&post=2466"}],"version-history":[{"count":1,"href":"https:\/\/www.amante-menden.de\/index.php?rest_route=\/wp\/v2\/pages\/2466\/revisions"}],"predecessor-version":[{"id":2468,"href":"https:\/\/www.amante-menden.de\/index.php?rest_route=\/wp\/v2\/pages\/2466\/revisions\/2468"}],"up":[{"embeddable":true,"href":"https:\/\/www.amante-menden.de\/index.php?rest_route=\/wp\/v2\/pages\/159"}],"wp:attachment":[{"href":"https:\/\/www.amante-menden.de\/index.php?rest_route=%2Fwp%2Fv2%2Fmedia&parent=2466"}],"curies":[{"name":"wp","href":"https:\/\/api.w.org\/{rel}","templated":true}]}}