{"id":2566,"date":"2016-01-06T13:58:10","date_gmt":"2016-01-06T11:58:10","guid":{"rendered":"http:\/\/www.amante-menden.de\/?page_id=2566"},"modified":"2016-01-06T13:58:10","modified_gmt":"2016-01-06T11:58:10","slug":"jahreshauptversammlung-2004","status":"publish","type":"page","link":"https:\/\/www.amante-menden.de\/?page_id=2566","title":{"rendered":"Jahreshauptversammlung 2004"},"content":{"rendered":"<h3>Projekte fordern amante heraus!<\/h3>\n<p><a href=\"http:\/\/www.amante-menden.de\/wordpress\/wp-content\/uploads\/2016\/01\/JHV1.jpg\" rel=\"attachment wp-att-2567\"><img loading=\"lazy\" decoding=\"async\" class=\"size-full wp-image-2567 aligncenter\" src=\"http:\/\/www.amante-menden.de\/wordpress\/wp-content\/uploads\/2016\/01\/JHV1.jpg\" alt=\"JHV1\" width=\"495\" height=\"300\" srcset=\"https:\/\/www.amante-menden.de\/wordpress\/wp-content\/uploads\/2016\/01\/JHV1.jpg 495w, https:\/\/www.amante-menden.de\/wordpress\/wp-content\/uploads\/2016\/01\/JHV1-300x182.jpg 300w\" sizes=\"auto, (max-width: 495px) 100vw, 495px\" \/><\/a><\/p>\n<p style=\"text-align: justify;\">Auf vielf\u00e4ltige musikalische Projekte (CD-Aufnahme, Volkslieder-Leistungssingen, Vorbereitung auf das Leistungssingen Jazz-Pop-Gospel, sakrale Literatur, M\u00e4rkische Chortage, Chormusik durch die Jahrhunderte) d\u00fcrfen sich die S\u00e4ngerinnen und S\u00e4nger von amante della musica menden freuen.<\/p>\n<p style=\"text-align: justify;\" align=\"justify\">Im Rahmen der Jahreshauptversammlung am Samstag im Pfarrzentrum St. Vincenz blickten 46 aktive und f\u00f6rdernde Mitglieder des heimischen Meisterchores voraus bis 2005 und zur\u00fcck auf das vergangene Jahr. Lars Becker und Martin Haupt, Vorsitzende der Singgemeinschaft, konnten gleich zu Beginn sieben langj\u00e4hrige Mitglieder f\u00fcr ihre Treue auszeichnen: Ralf Zablotny, Sandra Weier (beide 15 Jahre), Julia Brock, Edith Orlich, Steffi Schulz, Meike Wesler (alle zehn Jahre) und Tobias Holz (f\u00fcnf Jahre). Sie alle erhielten kleine Pr\u00e4sente.<\/p>\n<p style=\"text-align: justify;\" align=\"justify\"><a href=\"http:\/\/www.amante-menden.de\/wordpress\/wp-content\/uploads\/2016\/01\/JHV2.jpg\" rel=\"attachment wp-att-2568\"><img loading=\"lazy\" decoding=\"async\" class=\"wp-image-2568 alignleft\" src=\"http:\/\/www.amante-menden.de\/wordpress\/wp-content\/uploads\/2016\/01\/JHV2.jpg\" alt=\"JHV2\" width=\"262\" height=\"190\" srcset=\"https:\/\/www.amante-menden.de\/wordpress\/wp-content\/uploads\/2016\/01\/JHV2.jpg 413w, https:\/\/www.amante-menden.de\/wordpress\/wp-content\/uploads\/2016\/01\/JHV2-300x218.jpg 300w\" sizes=\"auto, (max-width: 262px) 100vw, 262px\" \/><\/a>Nach den obligatorischen Berichten, denen die Versammlung stets einstimmig die Entlastung erteilte, standen die Neuwahlen auf der Tagesordnung. Hier wurde Martin Haupt als 2. Vorsitzender ebenso f\u00fcr weitere zwei Jahre best\u00e4tigt wie Erwin Orlich als 2. Kassierer. Neue 2. Schriftf\u00fchrerin ist Melanie Ferber, Carina Gottwald zeichnet ab sofort als Jugendsprecherin verantwortlich (beide f\u00fcr zwei Jahre). Josef Drautzburg wird in den n\u00e4chsten beiden Jahren die Kasse pr\u00fcfen, der Vergn\u00fcgungsausschuss in fast gleicher Besetzung wie zuletzt die geselligen Veranstaltungen (u.a. Sommerfete) und Tagesfahrten planen.<\/p>\n<p style=\"text-align: justify;\">Chorleiter Klaus Levermann w\u00fcrdigte in seinem R\u00fcckblick, dass es amante gelungen sei, viele neue Aktive verschiedenes Alters zu integrieren und das musikalische Niveau sowie die Stimmung dabei sehr hoch zu halten. Bestes Indiz daf\u00fcr sei das Meisterchorsingen gewesen (vier Mal \u201esehr gut\u201c). Er w\u00fcnschte sich wie Lars Becker eine noch bessere Beteiligung bei den Chorproben, um die zahlreichen Verpflichtungen (Kreischorkonzert, \u201eFestival der Stimmen\u201c in Dortmund, SGV-Gebirgsfest, Herbstkonzert Hohenheide, Freundschaftssingen) ansprechend erf\u00fcllen zu k\u00f6nnen.<\/p>\n<p style=\"text-align: justify;\" align=\"justify\">Im Hinblick auf die Chorfahrt 2005 nach Wales im Rahmen der 25-j\u00e4hrigen Partnerschaft Mendens mit Flint-shire wird amante k\u00fcnftig einen Sparkasten aufstellen. 41 der 46 Anwesenden bekundeten ernsthaftes Interesse daran, die einw\u00f6chige Reise mitmachen zu wollen.Ein intensiver R\u00fcck- und Ausblick auf die Aktivit\u00e4ten des Kinderchores bambini della musica menden rundete die Versammlung ab.<\/p>\n","protected":false},"excerpt":{"rendered":"<p>Projekte fordern amante heraus! Auf vielf\u00e4ltige musikalische Projekte (CD-Aufnahme, Volkslieder-Leistungssingen, Vorbereitung auf das Leistungssingen Jazz-Pop-Gospel, sakrale Literatur, M\u00e4rkische Chortage, Chormusik durch die Jahrhunderte) d\u00fcrfen sich die S\u00e4ngerinnen und S\u00e4nger von amante della musica menden freuen. Im Rahmen der Jahreshauptversammlung am &hellip; <a href=\"https:\/\/www.amante-menden.de\/?page_id=2566\">Weiterlesen <span class=\"meta-nav\">&rarr;<\/span><\/a><\/p>\n","protected":false},"author":1,"featured_media":0,"parent":161,"menu_order":42,"comment_status":"closed","ping_status":"closed","template":"","meta":{"footnotes":""},"class_list":["post-2566","page","type-page","status-publish","hentry"],"_links":{"self":[{"href":"https:\/\/www.amante-menden.de\/index.php?rest_route=\/wp\/v2\/pages\/2566","targetHints":{"allow":["GET"]}}],"collection":[{"href":"https:\/\/www.amante-menden.de\/index.php?rest_route=\/wp\/v2\/pages"}],"about":[{"href":"https:\/\/www.amante-menden.de\/index.php?rest_route=\/wp\/v2\/types\/page"}],"author":[{"embeddable":true,"href":"https:\/\/www.amante-menden.de\/index.php?rest_route=\/wp\/v2\/users\/1"}],"replies":[{"embeddable":true,"href":"https:\/\/www.amante-menden.de\/index.php?rest_route=%2Fwp%2Fv2%2Fcomments&post=2566"}],"version-history":[{"count":1,"href":"https:\/\/www.amante-menden.de\/index.php?rest_route=\/wp\/v2\/pages\/2566\/revisions"}],"predecessor-version":[{"id":2569,"href":"https:\/\/www.amante-menden.de\/index.php?rest_route=\/wp\/v2\/pages\/2566\/revisions\/2569"}],"up":[{"embeddable":true,"href":"https:\/\/www.amante-menden.de\/index.php?rest_route=\/wp\/v2\/pages\/161"}],"wp:attachment":[{"href":"https:\/\/www.amante-menden.de\/index.php?rest_route=%2Fwp%2Fv2%2Fmedia&parent=2566"}],"curies":[{"name":"wp","href":"https:\/\/api.w.org\/{rel}","templated":true}]}}

<h3>Projekte fordern amante heraus!</h3>
<p><a href="http://www.amante-menden.de/wordpress/wp-content/uploads/2016/01/JHV1.jpg" rel="attachment wp-att-2567"><img loading="lazy" decoding="async" class="size-full wp-image-2567 aligncenter" src="http://www.amante-menden.de/wordpress/wp-content/uploads/2016/01/JHV1.jpg" alt="JHV1" width="495" height="300" srcset="https://www.amante-menden.de/wordpress/wp-content/uploads/2016/01/JHV1.jpg 495w, https://www.amante-menden.de/wordpress/wp-content/uploads/2016/01/JHV1-300x182.jpg 300w" sizes="auto, (max-width: 495px) 100vw, 495px" /></a></p>
<p style="text-align: justify;">Auf vielfältige musikalische Projekte (CD-Aufnahme, Volkslieder-Leistungssingen, Vorbereitung auf das Leistungssingen Jazz-Pop-Gospel, sakrale Literatur, Märkische Chortage, Chormusik durch die Jahrhunderte) dürfen sich die Sängerinnen und Sänger von amante della musica menden freuen.</p>
<p style="text-align: justify;" align="justify">Im Rahmen der Jahreshauptversammlung am Samstag im Pfarrzentrum St. Vincenz blickten 46 aktive und fördernde Mitglieder des heimischen Meisterchores voraus bis 2005 und zurück auf das vergangene Jahr. Lars Becker und Martin Haupt, Vorsitzende der Singgemeinschaft, konnten gleich zu Beginn sieben langjährige Mitglieder für ihre Treue auszeichnen: Ralf Zablotny, Sandra Weier (beide 15 Jahre), Julia Brock, Edith Orlich, Steffi Schulz, Meike Wesler (alle zehn Jahre) und Tobias Holz (fünf Jahre). Sie alle erhielten kleine Präsente.</p>
<p style="text-align: justify;" align="justify"><a href="http://www.amante-menden.de/wordpress/wp-content/uploads/2016/01/JHV2.jpg" rel="attachment wp-att-2568"><img loading="lazy" decoding="async" class="wp-image-2568 alignleft" src="http://www.amante-menden.de/wordpress/wp-content/uploads/2016/01/JHV2.jpg" alt="JHV2" width="262" height="190" srcset="https://www.amante-menden.de/wordpress/wp-content/uploads/2016/01/JHV2.jpg 413w, https://www.amante-menden.de/wordpress/wp-content/uploads/2016/01/JHV2-300x218.jpg 300w" sizes="auto, (max-width: 262px) 100vw, 262px" /></a>Nach den obligatorischen Berichten, denen die Versammlung stets einstimmig die Entlastung erteilte, standen die Neuwahlen auf der Tagesordnung. Hier wurde Martin Haupt als 2. Vorsitzender ebenso für weitere zwei Jahre bestätigt wie Erwin Orlich als 2. Kassierer. Neue 2. Schriftführerin ist Melanie Ferber, Carina Gottwald zeichnet ab sofort als Jugendsprecherin verantwortlich (beide für zwei Jahre). Josef Drautzburg wird in den nächsten beiden Jahren die Kasse prüfen, der Vergnügungsausschuss in fast gleicher Besetzung wie zuletzt die geselligen Veranstaltungen (u.a. Sommerfete) und Tagesfahrten planen.</p>
<p style="text-align: justify;">Chorleiter Klaus Levermann würdigte in seinem Rückblick, dass es amante gelungen sei, viele neue Aktive verschiedenes Alters zu integrieren und das musikalische Niveau sowie die Stimmung dabei sehr hoch zu halten. Bestes Indiz dafür sei das Meisterchorsingen gewesen (vier Mal „sehr gut“). Er wünschte sich wie Lars Becker eine noch bessere Beteiligung bei den Chorproben, um die zahlreichen Verpflichtungen (Kreischorkonzert, „Festival der Stimmen“ in Dortmund, SGV-Gebirgsfest, Herbstkonzert Hohenheide, Freundschaftssingen) ansprechend erfüllen zu können.</p>
<p style="text-align: justify;" align="justify">Im Hinblick auf die Chorfahrt 2005 nach Wales im Rahmen der 25-jährigen Partnerschaft Mendens mit Flint-shire wird amante künftig einen Sparkasten aufstellen. 41 der 46 Anwesenden bekundeten ernsthaftes Interesse daran, die einwöchige Reise mitmachen zu wollen.Ein intensiver Rück- und Ausblick auf die Aktivitäten des Kinderchores bambini della musica menden rundete die Versammlung ab.</p>

<p>Projekte fordern amante heraus! Auf vielfältige musikalische Projekte (CD-Aufnahme, Volkslieder-Leistungssingen, Vorbereitung auf das Leistungssingen Jazz-Pop-Gospel, sakrale Literatur, Märkische Chortage, Chormusik durch die Jahrhunderte) dürfen sich die Sängerinnen und Sänger von amante della musica menden freuen. Im Rahmen der Jahreshauptversammlung am &hellip; <a href="https://www.amante-menden.de/?page_id=2566">Weiterlesen <span class="meta-nav">&rarr;</span></a></p>
