{"id":2570,"date":"2016-01-06T14:00:34","date_gmt":"2016-01-06T12:00:34","guid":{"rendered":"http:\/\/www.amante-menden.de\/?page_id=2570"},"modified":"2016-01-06T14:00:40","modified_gmt":"2016-01-06T12:00:40","slug":"gemeinschaftskonzert-war-genuss-fuer-musikliebhaber","status":"publish","type":"page","link":"https:\/\/www.amante-menden.de\/?page_id=2570","title":{"rendered":"Gemeinschaftskonzert war Genuss f\u00fcr Musikliebhaber"},"content":{"rendered":"<h3 style=\"text-align: justify;\">Sauerl\u00e4ndischer Polizeichor und amante della musica menden meisterten schon die &#8222;Generalprobe&#8220; f\u00fcr das Volkslieder-Leistungssingen<\/h3>\n<p style=\"text-align: justify;\"><a href=\"http:\/\/www.amante-menden.de\/wordpress\/wp-content\/uploads\/2016\/01\/pkk1.jpg\" rel=\"attachment wp-att-2571\"><img loading=\"lazy\" decoding=\"async\" class=\"size-medium wp-image-2571 aligncenter\" src=\"http:\/\/www.amante-menden.de\/wordpress\/wp-content\/uploads\/2016\/01\/pkk1-300x199.jpg\" alt=\"pkk1\" width=\"300\" height=\"199\" srcset=\"https:\/\/www.amante-menden.de\/wordpress\/wp-content\/uploads\/2016\/01\/pkk1-300x199.jpg 300w, https:\/\/www.amante-menden.de\/wordpress\/wp-content\/uploads\/2016\/01\/pkk1.jpg 301w\" sizes=\"auto, (max-width: 300px) 100vw, 300px\" \/><\/a>\u00a0Der Sauerl\u00e4ndische Polizeichor und der heimische Meisterchor amante della musica menden sangen sich am Freitagabend f\u00fcr das bevorstehende Volksliederleistungssingen in Leverkusen ein. Das Konzert auf der Wilhelmsh\u00f6he mit dem vielversprechenden Titel &#8222;multi-musikalisch&#8220; wurde vom Polizeichor ausgerichtet. Durch das Programm f\u00fchrte Edmund Holz (Gesch\u00e4ftsf\u00fchrer des Polizeichores).<\/p>\n<p style=\"text-align: justify;\" align=\"justify\">Die &#8222;Generalprobe&#8220; vor Publikum sollte ein Erfolg werden. amante della musica begeisterte die Zuh\u00f6rer nicht allein durch Stimmgewalt, sondern bot auch erstmals die neu einstudierte Choreographie dar. Das Publikum reagierte mit begeistertem Applaus auf diese Premiere. Die St\u00fccke f\u00fcr das Leistungssingen waren unter anderem &#8222;Schwesterlein&#8220; sowie &#8222;Hold on to your dream&#8220;.<\/p>\n<p style=\"text-align: justify;\"><a href=\"http:\/\/www.amante-menden.de\/wordpress\/wp-content\/uploads\/2016\/01\/pkk3.jpg\" rel=\"attachment wp-att-2572\"><img loading=\"lazy\" decoding=\"async\" class=\"size-full wp-image-2572 alignleft\" src=\"http:\/\/www.amante-menden.de\/wordpress\/wp-content\/uploads\/2016\/01\/pkk3.jpg\" alt=\"pkk3\" width=\"301\" height=\"200\" srcset=\"https:\/\/www.amante-menden.de\/wordpress\/wp-content\/uploads\/2016\/01\/pkk3.jpg 301w, https:\/\/www.amante-menden.de\/wordpress\/wp-content\/uploads\/2016\/01\/pkk3-300x199.jpg 300w\" sizes=\"auto, (max-width: 301px) 100vw, 301px\" \/><\/a>Der Polizeichor sang unter anderem &#8222;Kein sch\u00f6ner Land&#8220; und &#8222;O bone Jesu&#8220;, was beim Publikum ebenfalls gut ankam. Nur eines hielt dem kr\u00e4ftig hallendem Gesang nicht stand: Urpl\u00f6tzlich fielen w\u00e4hrend der Liedvortr\u00e4ge die B\u00e4umchen, die hinter den S\u00e4ngern standen, zu Boden. Doch die S\u00e4nger und das Publikum nahmen den kleinen Zwischenfall mit Humor. Die umgefallende Deko beeintr\u00e4chtigte die Sangesleistungen n\u00e4mlich nicht.<\/p>\n<p style=\"text-align: justify;\" align=\"justify\">Aber nicht nur amante della musica und der Polizeichor lieferten ein gro\u00dfes Klangerlebnis: Auch der neu formierte M\u00e4nnerchor VoKalArt gab vier St\u00fccke zum Besten.Dieses Ensemble wird genau wie die beiden anderen Ch\u00f6re von Musikdirektor FDB Klaus Levermann geleitet. Die VoKalArt-Mitglieder sangen unter anderem das bekannte St\u00fcck &#8222;And so it goes&#8220; von Billy Joel. Doch nicht nur die leisen T\u00f6ne beherrschten sie &#8211; auch beim fetzigen &#8222;Wochenend und Sonnenschein&#8220; gab es nichts zu mergeln.<\/p>\n<p style=\"text-align: justify;\" align=\"justify\">Doch Chormusik war nicht der einzige musikalische Genuss an diesem Abend: Auch die st\u00e4dtische Musikschule Menden bot mit Klavier, Fl\u00f6te und Gitarre ein tolles Programm. Ob vierh\u00e4ndiges Klavierspiel oder die Darbietungen des jungen Gitarrenensembles unter der Leitung von Holger Busemann &#8211; das Publikum war hellauf begeistert und konnte die Leistungen der Kinder und Jugendlichen kaum laut genug beklatschen. Der Abend war also f\u00fcr alle Musikliebhaber ein Genuss.MZ<\/p>\n","protected":false},"excerpt":{"rendered":"<p>Sauerl\u00e4ndischer Polizeichor und amante della musica menden meisterten schon die &#8222;Generalprobe&#8220; f\u00fcr das Volkslieder-Leistungssingen \u00a0Der Sauerl\u00e4ndische Polizeichor und der heimische Meisterchor amante della musica menden sangen sich am Freitagabend f\u00fcr das bevorstehende Volksliederleistungssingen in Leverkusen ein. Das Konzert auf der &hellip; <a href=\"https:\/\/www.amante-menden.de\/?page_id=2570\">Weiterlesen <span class=\"meta-nav\">&rarr;<\/span><\/a><\/p>\n","protected":false},"author":1,"featured_media":0,"parent":161,"menu_order":44,"comment_status":"closed","ping_status":"closed","template":"","meta":{"footnotes":""},"class_list":["post-2570","page","type-page","status-publish","hentry"],"_links":{"self":[{"href":"https:\/\/www.amante-menden.de\/index.php?rest_route=\/wp\/v2\/pages\/2570","targetHints":{"allow":["GET"]}}],"collection":[{"href":"https:\/\/www.amante-menden.de\/index.php?rest_route=\/wp\/v2\/pages"}],"about":[{"href":"https:\/\/www.amante-menden.de\/index.php?rest_route=\/wp\/v2\/types\/page"}],"author":[{"embeddable":true,"href":"https:\/\/www.amante-menden.de\/index.php?rest_route=\/wp\/v2\/users\/1"}],"replies":[{"embeddable":true,"href":"https:\/\/www.amante-menden.de\/index.php?rest_route=%2Fwp%2Fv2%2Fcomments&post=2570"}],"version-history":[{"count":2,"href":"https:\/\/www.amante-menden.de\/index.php?rest_route=\/wp\/v2\/pages\/2570\/revisions"}],"predecessor-version":[{"id":2574,"href":"https:\/\/www.amante-menden.de\/index.php?rest_route=\/wp\/v2\/pages\/2570\/revisions\/2574"}],"up":[{"embeddable":true,"href":"https:\/\/www.amante-menden.de\/index.php?rest_route=\/wp\/v2\/pages\/161"}],"wp:attachment":[{"href":"https:\/\/www.amante-menden.de\/index.php?rest_route=%2Fwp%2Fv2%2Fmedia&parent=2570"}],"curies":[{"name":"wp","href":"https:\/\/api.w.org\/{rel}","templated":true}]}}

Gemeinschaftskonzert war Genuss für Musikliebhaber

<h3 style="text-align: justify;">Sauerländischer Polizeichor und amante della musica menden meisterten schon die &#8222;Generalprobe&#8220; für das Volkslieder-Leistungssingen</h3>
<p style="text-align: justify;"><a href="http://www.amante-menden.de/wordpress/wp-content/uploads/2016/01/pkk1.jpg" rel="attachment wp-att-2571"><img loading="lazy" decoding="async" class="size-medium wp-image-2571 aligncenter" src="http://www.amante-menden.de/wordpress/wp-content/uploads/2016/01/pkk1-300x199.jpg" alt="pkk1" width="300" height="199" srcset="https://www.amante-menden.de/wordpress/wp-content/uploads/2016/01/pkk1-300x199.jpg 300w, https://www.amante-menden.de/wordpress/wp-content/uploads/2016/01/pkk1.jpg 301w" sizes="auto, (max-width: 300px) 100vw, 300px" /></a> Der Sauerländische Polizeichor und der heimische Meisterchor amante della musica menden sangen sich am Freitagabend für das bevorstehende Volksliederleistungssingen in Leverkusen ein. Das Konzert auf der Wilhelmshöhe mit dem vielversprechenden Titel &#8222;multi-musikalisch&#8220; wurde vom Polizeichor ausgerichtet. Durch das Programm führte Edmund Holz (Geschäftsführer des Polizeichores).</p>
<p style="text-align: justify;" align="justify">Die &#8222;Generalprobe&#8220; vor Publikum sollte ein Erfolg werden. amante della musica begeisterte die Zuhörer nicht allein durch Stimmgewalt, sondern bot auch erstmals die neu einstudierte Choreographie dar. Das Publikum reagierte mit begeistertem Applaus auf diese Premiere. Die Stücke für das Leistungssingen waren unter anderem &#8222;Schwesterlein&#8220; sowie &#8222;Hold on to your dream&#8220;.</p>
<p style="text-align: justify;"><a href="http://www.amante-menden.de/wordpress/wp-content/uploads/2016/01/pkk3.jpg" rel="attachment wp-att-2572"><img loading="lazy" decoding="async" class="size-full wp-image-2572 alignleft" src="http://www.amante-menden.de/wordpress/wp-content/uploads/2016/01/pkk3.jpg" alt="pkk3" width="301" height="200" srcset="https://www.amante-menden.de/wordpress/wp-content/uploads/2016/01/pkk3.jpg 301w, https://www.amante-menden.de/wordpress/wp-content/uploads/2016/01/pkk3-300x199.jpg 300w" sizes="auto, (max-width: 301px) 100vw, 301px" /></a>Der Polizeichor sang unter anderem &#8222;Kein schöner Land&#8220; und &#8222;O bone Jesu&#8220;, was beim Publikum ebenfalls gut ankam. Nur eines hielt dem kräftig hallendem Gesang nicht stand: Urplötzlich fielen während der Liedvorträge die Bäumchen, die hinter den Sängern standen, zu Boden. Doch die Sänger und das Publikum nahmen den kleinen Zwischenfall mit Humor. Die umgefallende Deko beeinträchtigte die Sangesleistungen nämlich nicht.</p>
<p style="text-align: justify;" align="justify">Aber nicht nur amante della musica und der Polizeichor lieferten ein großes Klangerlebnis: Auch der neu formierte Männerchor VoKalArt gab vier Stücke zum Besten.Dieses Ensemble wird genau wie die beiden anderen Chöre von Musikdirektor FDB Klaus Levermann geleitet. Die VoKalArt-Mitglieder sangen unter anderem das bekannte Stück &#8222;And so it goes&#8220; von Billy Joel. Doch nicht nur die leisen Töne beherrschten sie &#8211; auch beim fetzigen &#8222;Wochenend und Sonnenschein&#8220; gab es nichts zu mergeln.</p>
<p style="text-align: justify;" align="justify">Doch Chormusik war nicht der einzige musikalische Genuss an diesem Abend: Auch die städtische Musikschule Menden bot mit Klavier, Flöte und Gitarre ein tolles Programm. Ob vierhändiges Klavierspiel oder die Darbietungen des jungen Gitarrenensembles unter der Leitung von Holger Busemann &#8211; das Publikum war hellauf begeistert und konnte die Leistungen der Kinder und Jugendlichen kaum laut genug beklatschen. Der Abend war also für alle Musikliebhaber ein Genuss.MZ</p>

<p>Sauerländischer Polizeichor und amante della musica menden meisterten schon die &#8222;Generalprobe&#8220; für das Volkslieder-Leistungssingen  Der Sauerländische Polizeichor und der heimische Meisterchor amante della musica menden sangen sich am Freitagabend für das bevorstehende Volksliederleistungssingen in Leverkusen ein. Das Konzert auf der &hellip; <a href="https://www.amante-menden.de/?page_id=2570">Weiterlesen <span class="meta-nav">&rarr;</span></a></p>
