{"id":2593,"date":"2016-01-06T14:24:57","date_gmt":"2016-01-06T12:24:57","guid":{"rendered":"http:\/\/www.amante-menden.de\/?page_id=2593"},"modified":"2016-01-06T14:24:57","modified_gmt":"2016-01-06T12:24:57","slug":"feinschliff-am-duemmersee-2003","status":"publish","type":"page","link":"https:\/\/www.amante-menden.de\/?page_id=2593","title":{"rendered":"Feinschliff am D\u00fcmmersee 2003"},"content":{"rendered":"<p style=\"text-align: justify;\"><strong><a href=\"http:\/\/www.amante-menden.de\/wordpress\/wp-content\/uploads\/2016\/01\/du3.jpg\" rel=\"attachment wp-att-2596\"><img loading=\"lazy\" decoding=\"async\" class=\"size-medium wp-image-2596 alignright\" src=\"http:\/\/www.amante-menden.de\/wordpress\/wp-content\/uploads\/2016\/01\/du3-300x181.jpg\" alt=\"du3\" width=\"300\" height=\"181\" srcset=\"https:\/\/www.amante-menden.de\/wordpress\/wp-content\/uploads\/2016\/01\/du3-300x181.jpg 300w, https:\/\/www.amante-menden.de\/wordpress\/wp-content\/uploads\/2016\/01\/du3.jpg 331w\" sizes=\"auto, (max-width: 300px) 100vw, 300px\" \/><\/a>Menden<\/strong>. Einen wichtigen Schritt auf dem Weg zum Meisterchorsingen am Samstag, 31. Mai, hat &#8222;amante della musica menden&#8220; am vergangenen Wochenende getan. Die heimische Singgemeinschaft setzte sich von Freitag bis Sonntag in der Musikakademie D\u00fcmmersee intensiv mit den vier St\u00fccken auseinander, die im Zeughaus in Neuss aufgef\u00fchrt werden m\u00fcssen. Mit Erfolg: Denn am Ende des musikalischen Teils der Tage im nieders\u00e4chsischen H\u00fcde stand ein gelungener Gesamtdurchlauf der Lieder &#8222;Untreue&#8220; (Max Reger), &#8222;Musica, die ganz lieblich Kunst&#8220; (Johannes Jeep), &#8222;Sur le pont d&#8217;Avignon&#8220; (Heinz Lemmermann) und &#8222;Eli, Eli!&#8220; (Georgius Bardos).<\/p>\n<p style=\"text-align: justify;\"><a href=\"http:\/\/www.amante-menden.de\/wordpress\/wp-content\/uploads\/2016\/01\/du2.jpg\" rel=\"attachment wp-att-2595\"><img loading=\"lazy\" decoding=\"async\" class=\"size-medium wp-image-2595 alignleft\" src=\"http:\/\/www.amante-menden.de\/wordpress\/wp-content\/uploads\/2016\/01\/du2-300x169.jpg\" alt=\"du2\" width=\"300\" height=\"169\" srcset=\"https:\/\/www.amante-menden.de\/wordpress\/wp-content\/uploads\/2016\/01\/du2-300x169.jpg 300w, https:\/\/www.amante-menden.de\/wordpress\/wp-content\/uploads\/2016\/01\/du2.jpg 354w\" sizes=\"auto, (max-width: 300px) 100vw, 300px\" \/><\/a>Amantes Chorleiter Klaus Levermann, der mit Heinz-Wilhelm Levermann und Michael Schmoll das Dozenten-Trio bildete, zeigte sich dann auch entsprechend zufrieden mit dem Ergebnis der phasenweise geteilten Probenarbeit: &#8222;Die S\u00e4ngerinnen und S\u00e4nger haben hochkonzentriert auf ihr gro\u00dfes Ziel hingearbeitet. Es hat gro\u00dfen Spa\u00df gemacht&#8220;.<\/p>\n<p style=\"text-align: justify;\">Lars Becker, 1. Vorsitzender, betonte, wie wichtig die Tage am D\u00fcmmersee auch f\u00fcr die Chorgemeinschaft gewesen seien. &#8222;Da hat man wieder gemerkt, was amante ausmacht. Jeder wei\u00df, dass musikalische H\u00f6chstleistungen nur dann zu bringen sind, wenn auch die Stimmung in der Gruppe stimmt&#8220;, sprach er den Aktiven ein Lob aus.<\/p>\n<p style=\"text-align: justify;\">Die bereits f\u00fcnfte Fahrt von amante della musica in die Musikakademie D\u00fcmmersee machten 40 Mitglieder mit &#8211; Rekordbeteiligung! Die j\u00fcngste Teilnehmerin war 13, der \u00e4lteste Teilnehmer 53 Jahre alt. Trotz, nein: Gerade wegen des gro\u00dfen Altersunterschiedes hatte die Gruppe in der zugegebenerma\u00dfen begrenzten Freizeit (Interview-Abend, Spiele-Abend, Spazierg\u00e4nge) viel Spa\u00df.<\/p>\n<p style=\"text-align: justify;\"><a href=\"http:\/\/www.amante-menden.de\/wordpress\/wp-content\/uploads\/2016\/01\/du1.jpg\" rel=\"attachment wp-att-2594\"><img loading=\"lazy\" decoding=\"async\" class=\"size-medium wp-image-2594 alignright\" src=\"http:\/\/www.amante-menden.de\/wordpress\/wp-content\/uploads\/2016\/01\/du1-300x200.jpg\" alt=\"du1\" width=\"300\" height=\"200\" \/><\/a>Schon am Dienstag stand dann die n\u00e4chste Probe auf dem Programm. Das neue Repertoire wird amante teilweise auch schon bei den anstehenden Gutachter- und Freundschaftssingen zu Geh\u00f6r bringen. Und bis dahin werden die hochmotivierten S\u00e4ngerinnen und S\u00e4nger weiter intensiv unter der Federf\u00fchrung von Musikdirektor FDB Klaus Levermann proben, damit am 31. Mai zum dritten Mal der Meisterchor-Titel ersungen wird.<\/p>\n","protected":false},"excerpt":{"rendered":"<p>Menden. Einen wichtigen Schritt auf dem Weg zum Meisterchorsingen am Samstag, 31. Mai, hat &#8222;amante della musica menden&#8220; am vergangenen Wochenende getan. Die heimische Singgemeinschaft setzte sich von Freitag bis Sonntag in der Musikakademie D\u00fcmmersee intensiv mit den vier St\u00fccken &hellip; <a href=\"https:\/\/www.amante-menden.de\/?page_id=2593\">Weiterlesen <span class=\"meta-nav\">&rarr;<\/span><\/a><\/p>\n","protected":false},"author":1,"featured_media":0,"parent":161,"menu_order":33,"comment_status":"closed","ping_status":"closed","template":"","meta":{"footnotes":""},"class_list":["post-2593","page","type-page","status-publish","hentry"],"_links":{"self":[{"href":"https:\/\/www.amante-menden.de\/index.php?rest_route=\/wp\/v2\/pages\/2593","targetHints":{"allow":["GET"]}}],"collection":[{"href":"https:\/\/www.amante-menden.de\/index.php?rest_route=\/wp\/v2\/pages"}],"about":[{"href":"https:\/\/www.amante-menden.de\/index.php?rest_route=\/wp\/v2\/types\/page"}],"author":[{"embeddable":true,"href":"https:\/\/www.amante-menden.de\/index.php?rest_route=\/wp\/v2\/users\/1"}],"replies":[{"embeddable":true,"href":"https:\/\/www.amante-menden.de\/index.php?rest_route=%2Fwp%2Fv2%2Fcomments&post=2593"}],"version-history":[{"count":1,"href":"https:\/\/www.amante-menden.de\/index.php?rest_route=\/wp\/v2\/pages\/2593\/revisions"}],"predecessor-version":[{"id":2597,"href":"https:\/\/www.amante-menden.de\/index.php?rest_route=\/wp\/v2\/pages\/2593\/revisions\/2597"}],"up":[{"embeddable":true,"href":"https:\/\/www.amante-menden.de\/index.php?rest_route=\/wp\/v2\/pages\/161"}],"wp:attachment":[{"href":"https:\/\/www.amante-menden.de\/index.php?rest_route=%2Fwp%2Fv2%2Fmedia&parent=2593"}],"curies":[{"name":"wp","href":"https:\/\/api.w.org\/{rel}","templated":true}]}}

Feinschliff am Dümmersee 2003

<p style="text-align: justify;"><strong><a href="http://www.amante-menden.de/wordpress/wp-content/uploads/2016/01/du3.jpg" rel="attachment wp-att-2596"><img loading="lazy" decoding="async" class="size-medium wp-image-2596 alignright" src="http://www.amante-menden.de/wordpress/wp-content/uploads/2016/01/du3-300x181.jpg" alt="du3" width="300" height="181" srcset="https://www.amante-menden.de/wordpress/wp-content/uploads/2016/01/du3-300x181.jpg 300w, https://www.amante-menden.de/wordpress/wp-content/uploads/2016/01/du3.jpg 331w" sizes="auto, (max-width: 300px) 100vw, 300px" /></a>Menden</strong>. Einen wichtigen Schritt auf dem Weg zum Meisterchorsingen am Samstag, 31. Mai, hat &#8222;amante della musica menden&#8220; am vergangenen Wochenende getan. Die heimische Singgemeinschaft setzte sich von Freitag bis Sonntag in der Musikakademie Dümmersee intensiv mit den vier Stücken auseinander, die im Zeughaus in Neuss aufgeführt werden müssen. Mit Erfolg: Denn am Ende des musikalischen Teils der Tage im niedersächsischen Hüde stand ein gelungener Gesamtdurchlauf der Lieder &#8222;Untreue&#8220; (Max Reger), &#8222;Musica, die ganz lieblich Kunst&#8220; (Johannes Jeep), &#8222;Sur le pont d&#8217;Avignon&#8220; (Heinz Lemmermann) und &#8222;Eli, Eli!&#8220; (Georgius Bardos).</p>
<p style="text-align: justify;"><a href="http://www.amante-menden.de/wordpress/wp-content/uploads/2016/01/du2.jpg" rel="attachment wp-att-2595"><img loading="lazy" decoding="async" class="size-medium wp-image-2595 alignleft" src="http://www.amante-menden.de/wordpress/wp-content/uploads/2016/01/du2-300x169.jpg" alt="du2" width="300" height="169" srcset="https://www.amante-menden.de/wordpress/wp-content/uploads/2016/01/du2-300x169.jpg 300w, https://www.amante-menden.de/wordpress/wp-content/uploads/2016/01/du2.jpg 354w" sizes="auto, (max-width: 300px) 100vw, 300px" /></a>Amantes Chorleiter Klaus Levermann, der mit Heinz-Wilhelm Levermann und Michael Schmoll das Dozenten-Trio bildete, zeigte sich dann auch entsprechend zufrieden mit dem Ergebnis der phasenweise geteilten Probenarbeit: &#8222;Die Sängerinnen und Sänger haben hochkonzentriert auf ihr großes Ziel hingearbeitet. Es hat großen Spaß gemacht&#8220;.</p>
<p style="text-align: justify;">Lars Becker, 1. Vorsitzender, betonte, wie wichtig die Tage am Dümmersee auch für die Chorgemeinschaft gewesen seien. &#8222;Da hat man wieder gemerkt, was amante ausmacht. Jeder weiß, dass musikalische Höchstleistungen nur dann zu bringen sind, wenn auch die Stimmung in der Gruppe stimmt&#8220;, sprach er den Aktiven ein Lob aus.</p>
<p style="text-align: justify;">Die bereits fünfte Fahrt von amante della musica in die Musikakademie Dümmersee machten 40 Mitglieder mit &#8211; Rekordbeteiligung! Die jüngste Teilnehmerin war 13, der älteste Teilnehmer 53 Jahre alt. Trotz, nein: Gerade wegen des großen Altersunterschiedes hatte die Gruppe in der zugegebenermaßen begrenzten Freizeit (Interview-Abend, Spiele-Abend, Spaziergänge) viel Spaß.</p>
<p style="text-align: justify;"><a href="http://www.amante-menden.de/wordpress/wp-content/uploads/2016/01/du1.jpg" rel="attachment wp-att-2594"><img loading="lazy" decoding="async" class="size-medium wp-image-2594 alignright" src="http://www.amante-menden.de/wordpress/wp-content/uploads/2016/01/du1-300x200.jpg" alt="du1" width="300" height="200" /></a>Schon am Dienstag stand dann die nächste Probe auf dem Programm. Das neue Repertoire wird amante teilweise auch schon bei den anstehenden Gutachter- und Freundschaftssingen zu Gehör bringen. Und bis dahin werden die hochmotivierten Sängerinnen und Sänger weiter intensiv unter der Federführung von Musikdirektor FDB Klaus Levermann proben, damit am 31. Mai zum dritten Mal der Meisterchor-Titel ersungen wird.</p>

<p>Menden. Einen wichtigen Schritt auf dem Weg zum Meisterchorsingen am Samstag, 31. Mai, hat &#8222;amante della musica menden&#8220; am vergangenen Wochenende getan. Die heimische Singgemeinschaft setzte sich von Freitag bis Sonntag in der Musikakademie Dümmersee intensiv mit den vier Stücken &hellip; <a href="https://www.amante-menden.de/?page_id=2593">Weiterlesen <span class="meta-nav">&rarr;</span></a></p>
