{"id":260,"date":"2015-06-02T12:06:07","date_gmt":"2015-06-02T10:06:07","guid":{"rendered":"http:\/\/amante-menden.de\/wordpress\/?page_id=260"},"modified":"2019-05-20T12:22:50","modified_gmt":"2019-05-20T10:22:50","slug":"leistungssingen","status":"publish","type":"page","link":"https:\/\/www.amante-menden.de\/?page_id=260","title":{"rendered":"Leistungssingen"},"content":{"rendered":"<h3 style=\"text-align: center;\"><strong><u>Meisterchorsingen<br \/>\n<\/u><\/strong><\/h3>\n<div id=\"attachment_3947\" style=\"width: 650px\" class=\"wp-caption alignnone\"><a href=\"http:\/\/www.amante-menden.de\/wordpress\/wp-content\/uploads\/2019\/05\/Jubel.jpg\"><img loading=\"lazy\" decoding=\"async\" aria-describedby=\"caption-attachment-3947\" class=\"wp-image-3947 size-large\" src=\"http:\/\/www.amante-menden.de\/wordpress\/wp-content\/uploads\/2019\/05\/Jubel-1024x497.jpg\" alt=\"\" width=\"640\" height=\"311\" srcset=\"https:\/\/www.amante-menden.de\/wordpress\/wp-content\/uploads\/2019\/05\/Jubel-1024x497.jpg 1024w, https:\/\/www.amante-menden.de\/wordpress\/wp-content\/uploads\/2019\/05\/Jubel-300x145.jpg 300w, https:\/\/www.amante-menden.de\/wordpress\/wp-content\/uploads\/2019\/05\/Jubel-768x372.jpg 768w\" sizes=\"auto, (max-width: 640px) 100vw, 640px\" \/><\/a><p id=\"caption-attachment-3947\" class=\"wp-caption-text\">Die S\u00e4ngerinnen und S\u00e4nger von amante della musica menden bejubeln am Samstag, 18. Mai 2019 gemeinsam mit Chorleiter Stefan Risse in der Kulturst\u00e4tte Morsbach den Meisterchor-Titel 2019.<\/p><\/div>\n<p style=\"text-align: center;\"><strong>Sa. 18.05.2019 \/ Chorleiter: Stefan Risse<br \/>\n<\/strong>(Kulturst\u00e4tte Morsbach)<\/p>\n<p style=\"text-align: center;\">&#8222;Als wir j\u00fcngst in Regensburg waren&#8220; von Rolf Lukowsky (sehr gut)<br \/>\n&#8222;Ubi caritas&#8220; von Maurice Durufl\u00e9 (gut)<br \/>\n&#8222;Guten Abend, gut&#8216; Nacht&#8220; von Prof. Michael Schmoll (sehr gut)<br \/>\n&#8222;It was a lover &amp; his lass&#8220; von Thomas Morley (sehr gut)<\/p>\n<div id='gallery-1' class='gallery galleryid-260 gallery-columns-3 gallery-size-thumbnail'><dl class='gallery-item'>\n\t\t\t<dt class='gallery-icon portrait'>\n\t\t\t\t<a href='https:\/\/www.amante-menden.de\/?attachment_id=3926'><img loading=\"lazy\" decoding=\"async\" width=\"150\" height=\"150\" src=\"https:\/\/www.amante-menden.de\/wordpress\/wp-content\/uploads\/2019\/05\/IMG_3740-150x150.jpg\" class=\"attachment-thumbnail size-thumbnail\" alt=\"\" aria-describedby=\"gallery-1-3926\" srcset=\"https:\/\/www.amante-menden.de\/wordpress\/wp-content\/uploads\/2019\/05\/IMG_3740-150x150.jpg 150w, https:\/\/www.amante-menden.de\/wordpress\/wp-content\/uploads\/2019\/05\/IMG_3740-144x144.jpg 144w\" sizes=\"auto, (max-width: 150px) 100vw, 150px\" \/><\/a>\n\t\t\t<\/dt>\n\t\t\t\t<dd class='wp-caption-text gallery-caption' id='gallery-1-3926'>\n\t\t\t\tKreisleistungssingen 1991 in Enger\n\t\t\t\t<\/dd><\/dl><dl class='gallery-item'>\n\t\t\t<dt class='gallery-icon portrait'>\n\t\t\t\t<a href='https:\/\/www.amante-menden.de\/?attachment_id=3927'><img loading=\"lazy\" decoding=\"async\" width=\"150\" height=\"150\" src=\"https:\/\/www.amante-menden.de\/wordpress\/wp-content\/uploads\/2019\/05\/IMG_3741-150x150.jpg\" class=\"attachment-thumbnail size-thumbnail\" alt=\"\" aria-describedby=\"gallery-1-3927\" srcset=\"https:\/\/www.amante-menden.de\/wordpress\/wp-content\/uploads\/2019\/05\/IMG_3741-150x150.jpg 150w, https:\/\/www.amante-menden.de\/wordpress\/wp-content\/uploads\/2019\/05\/IMG_3741-144x144.jpg 144w\" sizes=\"auto, (max-width: 150px) 100vw, 150px\" \/><\/a>\n\t\t\t<\/dt>\n\t\t\t\t<dd class='wp-caption-text gallery-caption' id='gallery-1-3927'>\n\t\t\t\tBezirksleistungssingen 1992 in Siegen\n\t\t\t\t<\/dd><\/dl><dl class='gallery-item'>\n\t\t\t<dt class='gallery-icon portrait'>\n\t\t\t\t<a href='https:\/\/www.amante-menden.de\/?attachment_id=3924'><img loading=\"lazy\" decoding=\"async\" width=\"150\" height=\"150\" src=\"https:\/\/www.amante-menden.de\/wordpress\/wp-content\/uploads\/2019\/05\/IMG_3738-150x150.jpg\" class=\"attachment-thumbnail size-thumbnail\" alt=\"\" aria-describedby=\"gallery-1-3924\" srcset=\"https:\/\/www.amante-menden.de\/wordpress\/wp-content\/uploads\/2019\/05\/IMG_3738-150x150.jpg 150w, https:\/\/www.amante-menden.de\/wordpress\/wp-content\/uploads\/2019\/05\/IMG_3738-144x144.jpg 144w\" sizes=\"auto, (max-width: 150px) 100vw, 150px\" \/><\/a>\n\t\t\t<\/dt>\n\t\t\t\t<dd class='wp-caption-text gallery-caption' id='gallery-1-3924'>\n\t\t\t\tMeisterchorsingen 1993 in Meinerzhagen\n\t\t\t\t<\/dd><\/dl><br style=\"clear: both\" \/><dl class='gallery-item'>\n\t\t\t<dt class='gallery-icon portrait'>\n\t\t\t\t<a href='https:\/\/www.amante-menden.de\/?attachment_id=3925'><img loading=\"lazy\" decoding=\"async\" width=\"150\" height=\"150\" src=\"https:\/\/www.amante-menden.de\/wordpress\/wp-content\/uploads\/2019\/05\/IMG_3739-150x150.jpg\" class=\"attachment-thumbnail size-thumbnail\" alt=\"\" aria-describedby=\"gallery-1-3925\" srcset=\"https:\/\/www.amante-menden.de\/wordpress\/wp-content\/uploads\/2019\/05\/IMG_3739-150x150.jpg 150w, https:\/\/www.amante-menden.de\/wordpress\/wp-content\/uploads\/2019\/05\/IMG_3739-144x144.jpg 144w\" sizes=\"auto, (max-width: 150px) 100vw, 150px\" \/><\/a>\n\t\t\t<\/dt>\n\t\t\t\t<dd class='wp-caption-text gallery-caption' id='gallery-1-3925'>\n\t\t\t\tMeisterchorsingen 1993 in Meinerzhagen\n\t\t\t\t<\/dd><\/dl><dl class='gallery-item'>\n\t\t\t<dt class='gallery-icon portrait'>\n\t\t\t\t<a href='https:\/\/www.amante-menden.de\/?attachment_id=3933'><img loading=\"lazy\" decoding=\"async\" width=\"150\" height=\"150\" src=\"https:\/\/www.amante-menden.de\/wordpress\/wp-content\/uploads\/2019\/05\/IMG_3748-150x150.jpg\" class=\"attachment-thumbnail size-thumbnail\" alt=\"\" aria-describedby=\"gallery-1-3933\" srcset=\"https:\/\/www.amante-menden.de\/wordpress\/wp-content\/uploads\/2019\/05\/IMG_3748-150x150.jpg 150w, https:\/\/www.amante-menden.de\/wordpress\/wp-content\/uploads\/2019\/05\/IMG_3748-144x144.jpg 144w\" sizes=\"auto, (max-width: 150px) 100vw, 150px\" \/><\/a>\n\t\t\t<\/dt>\n\t\t\t\t<dd class='wp-caption-text gallery-caption' id='gallery-1-3933'>\n\t\t\t\tMeisterchorsingen 1998 in Moers\n\t\t\t\t<\/dd><\/dl><dl class='gallery-item'>\n\t\t\t<dt class='gallery-icon portrait'>\n\t\t\t\t<a href='https:\/\/www.amante-menden.de\/?attachment_id=3934'><img loading=\"lazy\" decoding=\"async\" width=\"150\" height=\"150\" src=\"https:\/\/www.amante-menden.de\/wordpress\/wp-content\/uploads\/2019\/05\/IMG_3749-150x150.jpg\" class=\"attachment-thumbnail size-thumbnail\" alt=\"\" aria-describedby=\"gallery-1-3934\" srcset=\"https:\/\/www.amante-menden.de\/wordpress\/wp-content\/uploads\/2019\/05\/IMG_3749-150x150.jpg 150w, https:\/\/www.amante-menden.de\/wordpress\/wp-content\/uploads\/2019\/05\/IMG_3749-144x144.jpg 144w\" sizes=\"auto, (max-width: 150px) 100vw, 150px\" \/><\/a>\n\t\t\t<\/dt>\n\t\t\t\t<dd class='wp-caption-text gallery-caption' id='gallery-1-3934'>\n\t\t\t\tMeisterchorsingen 1998 in Moers\n\t\t\t\t<\/dd><\/dl><br style=\"clear: both\" \/><dl class='gallery-item'>\n\t\t\t<dt class='gallery-icon portrait'>\n\t\t\t\t<a href='https:\/\/www.amante-menden.de\/?attachment_id=3935'><img loading=\"lazy\" decoding=\"async\" width=\"150\" height=\"150\" src=\"https:\/\/www.amante-menden.de\/wordpress\/wp-content\/uploads\/2019\/05\/IMG_3750-150x150.jpg\" class=\"attachment-thumbnail size-thumbnail\" alt=\"\" aria-describedby=\"gallery-1-3935\" srcset=\"https:\/\/www.amante-menden.de\/wordpress\/wp-content\/uploads\/2019\/05\/IMG_3750-150x150.jpg 150w, https:\/\/www.amante-menden.de\/wordpress\/wp-content\/uploads\/2019\/05\/IMG_3750-144x144.jpg 144w\" sizes=\"auto, (max-width: 150px) 100vw, 150px\" \/><\/a>\n\t\t\t<\/dt>\n\t\t\t\t<dd class='wp-caption-text gallery-caption' id='gallery-1-3935'>\n\t\t\t\tMeisterchorsingen 2003 in Neuss\n\t\t\t\t<\/dd><\/dl><dl class='gallery-item'>\n\t\t\t<dt class='gallery-icon portrait'>\n\t\t\t\t<a href='https:\/\/www.amante-menden.de\/?attachment_id=3936'><img loading=\"lazy\" decoding=\"async\" width=\"150\" height=\"150\" src=\"https:\/\/www.amante-menden.de\/wordpress\/wp-content\/uploads\/2019\/05\/IMG_3751-150x150.jpg\" class=\"attachment-thumbnail size-thumbnail\" alt=\"\" aria-describedby=\"gallery-1-3936\" srcset=\"https:\/\/www.amante-menden.de\/wordpress\/wp-content\/uploads\/2019\/05\/IMG_3751-150x150.jpg 150w, https:\/\/www.amante-menden.de\/wordpress\/wp-content\/uploads\/2019\/05\/IMG_3751-144x144.jpg 144w\" sizes=\"auto, (max-width: 150px) 100vw, 150px\" \/><\/a>\n\t\t\t<\/dt>\n\t\t\t\t<dd class='wp-caption-text gallery-caption' id='gallery-1-3936'>\n\t\t\t\tMeisterchorsingen 2003 in Neuss\n\t\t\t\t<\/dd><\/dl><dl class='gallery-item'>\n\t\t\t<dt class='gallery-icon portrait'>\n\t\t\t\t<a href='https:\/\/www.amante-menden.de\/?attachment_id=3931'><img loading=\"lazy\" decoding=\"async\" width=\"150\" height=\"150\" src=\"https:\/\/www.amante-menden.de\/wordpress\/wp-content\/uploads\/2019\/05\/IMG_3745-150x150.jpg\" class=\"attachment-thumbnail size-thumbnail\" alt=\"\" aria-describedby=\"gallery-1-3931\" srcset=\"https:\/\/www.amante-menden.de\/wordpress\/wp-content\/uploads\/2019\/05\/IMG_3745-150x150.jpg 150w, https:\/\/www.amante-menden.de\/wordpress\/wp-content\/uploads\/2019\/05\/IMG_3745-144x144.jpg 144w\" sizes=\"auto, (max-width: 150px) 100vw, 150px\" \/><\/a>\n\t\t\t<\/dt>\n\t\t\t\t<dd class='wp-caption-text gallery-caption' id='gallery-1-3931'>\n\t\t\t\tMeisterchorsingen 2008 in Werl\n\t\t\t\t<\/dd><\/dl><br style=\"clear: both\" \/><dl class='gallery-item'>\n\t\t\t<dt class='gallery-icon portrait'>\n\t\t\t\t<a href='https:\/\/www.amante-menden.de\/?attachment_id=3932'><img loading=\"lazy\" decoding=\"async\" width=\"150\" height=\"150\" src=\"https:\/\/www.amante-menden.de\/wordpress\/wp-content\/uploads\/2019\/05\/IMG_3747-150x150.jpg\" class=\"attachment-thumbnail size-thumbnail\" alt=\"\" aria-describedby=\"gallery-1-3932\" srcset=\"https:\/\/www.amante-menden.de\/wordpress\/wp-content\/uploads\/2019\/05\/IMG_3747-150x150.jpg 150w, https:\/\/www.amante-menden.de\/wordpress\/wp-content\/uploads\/2019\/05\/IMG_3747-144x144.jpg 144w\" sizes=\"auto, (max-width: 150px) 100vw, 150px\" \/><\/a>\n\t\t\t<\/dt>\n\t\t\t\t<dd class='wp-caption-text gallery-caption' id='gallery-1-3932'>\n\t\t\t\tMeisterchorsingen 2008 in Werl\n\t\t\t\t<\/dd><\/dl><dl class='gallery-item'>\n\t\t\t<dt class='gallery-icon portrait'>\n\t\t\t\t<a href='https:\/\/www.amante-menden.de\/?attachment_id=3930'><img loading=\"lazy\" decoding=\"async\" width=\"150\" height=\"150\" src=\"https:\/\/www.amante-menden.de\/wordpress\/wp-content\/uploads\/2019\/05\/IMG_3744-150x150.jpg\" class=\"attachment-thumbnail size-thumbnail\" alt=\"\" aria-describedby=\"gallery-1-3930\" srcset=\"https:\/\/www.amante-menden.de\/wordpress\/wp-content\/uploads\/2019\/05\/IMG_3744-150x150.jpg 150w, https:\/\/www.amante-menden.de\/wordpress\/wp-content\/uploads\/2019\/05\/IMG_3744-144x144.jpg 144w\" sizes=\"auto, (max-width: 150px) 100vw, 150px\" \/><\/a>\n\t\t\t<\/dt>\n\t\t\t\t<dd class='wp-caption-text gallery-caption' id='gallery-1-3930'>\n\t\t\t\tMeisterchorsingen 2014 in Neheim-H\u00fcsten\n\t\t\t\t<\/dd><\/dl><dl class='gallery-item'>\n\t\t\t<dt class='gallery-icon portrait'>\n\t\t\t\t<a href='https:\/\/www.amante-menden.de\/?attachment_id=3929'><img loading=\"lazy\" decoding=\"async\" width=\"150\" height=\"150\" src=\"https:\/\/www.amante-menden.de\/wordpress\/wp-content\/uploads\/2019\/05\/IMG_3743-150x150.jpg\" class=\"attachment-thumbnail size-thumbnail\" alt=\"\" aria-describedby=\"gallery-1-3929\" srcset=\"https:\/\/www.amante-menden.de\/wordpress\/wp-content\/uploads\/2019\/05\/IMG_3743-150x150.jpg 150w, https:\/\/www.amante-menden.de\/wordpress\/wp-content\/uploads\/2019\/05\/IMG_3743-144x144.jpg 144w\" sizes=\"auto, (max-width: 150px) 100vw, 150px\" \/><\/a>\n\t\t\t<\/dt>\n\t\t\t\t<dd class='wp-caption-text gallery-caption' id='gallery-1-3929'>\n\t\t\t\tMeisterchorsingen 2014 in Neheim-H\u00fcsten\n\t\t\t\t<\/dd><\/dl><br style=\"clear: both\" \/><dl class='gallery-item'>\n\t\t\t<dt class='gallery-icon portrait'>\n\t\t\t\t<a href='https:\/\/www.amante-menden.de\/?attachment_id=3928'><img loading=\"lazy\" decoding=\"async\" width=\"150\" height=\"150\" src=\"https:\/\/www.amante-menden.de\/wordpress\/wp-content\/uploads\/2019\/05\/IMG_3742-150x150.jpg\" class=\"attachment-thumbnail size-thumbnail\" alt=\"\" aria-describedby=\"gallery-1-3928\" srcset=\"https:\/\/www.amante-menden.de\/wordpress\/wp-content\/uploads\/2019\/05\/IMG_3742-150x150.jpg 150w, https:\/\/www.amante-menden.de\/wordpress\/wp-content\/uploads\/2019\/05\/IMG_3742-144x144.jpg 144w\" sizes=\"auto, (max-width: 150px) 100vw, 150px\" \/><\/a>\n\t\t\t<\/dt>\n\t\t\t\t<dd class='wp-caption-text gallery-caption' id='gallery-1-3928'>\n\t\t\t\tMeisterchorsingen 2014 in Neheim-H\u00fcsten\n\t\t\t\t<\/dd><\/dl><dl class='gallery-item'>\n\t\t\t<dt class='gallery-icon portrait'>\n\t\t\t\t<a href='https:\/\/www.amante-menden.de\/?attachment_id=3948'><img loading=\"lazy\" decoding=\"async\" width=\"150\" height=\"150\" src=\"https:\/\/www.amante-menden.de\/wordpress\/wp-content\/uploads\/2019\/05\/IMG_3774-150x150.jpg\" class=\"attachment-thumbnail size-thumbnail\" alt=\"\" aria-describedby=\"gallery-1-3948\" srcset=\"https:\/\/www.amante-menden.de\/wordpress\/wp-content\/uploads\/2019\/05\/IMG_3774-150x150.jpg 150w, https:\/\/www.amante-menden.de\/wordpress\/wp-content\/uploads\/2019\/05\/IMG_3774-144x144.jpg 144w\" sizes=\"auto, (max-width: 150px) 100vw, 150px\" \/><\/a>\n\t\t\t<\/dt>\n\t\t\t\t<dd class='wp-caption-text gallery-caption' id='gallery-1-3948'>\n\t\t\t\tMeisterchorsingen 2019 in Morsbach\n\t\t\t\t<\/dd><\/dl>\n\t\t\t<br style='clear: both' \/>\n\t\t<\/div>\n\n<p style=\"text-align: center;\"><strong>Sa. 31.05.2014 \/ Chorleiter: Luc van den Broek<br \/>\n<\/strong>(Kulturzentrum Neheim-H\u00fcsten)<\/p>\n<p style=\"text-align: center;\">&#8222;Muss i denn zum St\u00e4dtele naus&#8220; von Helmut Barbe (23,8 &#8211; sehr gut)<br \/>\n&#8222;Australian Spring&#8220; von Niels Norgaard (23,6 &#8211; sehr gut)<br \/>\n&#8222;Rosengarten&#8220; von Michael Schmoll (22,6 &#8211; sehr gut)<br \/>\n&#8222;Ich liebe Dich&#8220; von Orlando di Lasso (22,0 &#8211; sehr gut)<br \/>\n<a href=\"http:\/\/amante-menden.de\/?page_id=385\">[Bericht und Bilder]<\/a><\/p>\n<p style=\"text-align: center;\"><strong>Sa. 31.05.2008 \/ Chorleiter: Michael Oel<br \/>\n<\/strong>(Stadthalle Werl)<\/p>\n<p style=\"text-align: center;\">&#8222;Der 130. Psalm&#8220; von Kurt Lissmann (21,6 &#8211; sehr gut)<br \/>\n&#8222;Am Brunnen vor dem Tore&#8220; von Matthias Becker (22,4 &#8211; sehr gut)<br \/>\n&#8222;Der Mond ist aufgegangen&#8220; von Michael Schmoll (23,8 &#8211; sehr gut)<br \/>\n&#8222;Sperent in te&#8220; von Lajos Bardos (22,4 &#8211; sehr gut)<\/p>\n<p style=\"text-align: center;\"><strong>Sa. 31.05.2003 \/ Chorleiter: Klaus Levermann<br \/>\n<\/strong>(Zeughaus Neuss)<\/p>\n<p style=\"text-align: center;\">&#8222;Eli, Eli!&#8220; (22,0 &#8211; sehr gut)<br \/>\n&#8222;Sur le pont d&#8217;Avignon&#8220; (22,8 &#8211; sehr gut)&#8216;<br \/>\n&#8222;Musica, die ganz lieblich Kunst&#8220; (21,8 &#8211; sehr gut)<br \/>\n&#8222;Untreue&#8220; (22,0 &#8211; sehr gut)<\/p>\n<p style=\"text-align: center;\"><strong>Sa. 6.6.1998 \/ Chorleiter: Klaus Levermann<br \/>\n<\/strong>(Kulturzentrum Moers)<\/p>\n<p style=\"text-align: center;\">&#8222;Fr\u00fchlingsankunft&#8220; (22,4 &#8211; sehr gut)<br \/>\n&#8222;Pan schritt vorbei&#8220; (22,4 &#8211; sehr gut)<br \/>\n&#8222;Abendlied&#8220; (22,6 &#8211; sehr gut)<br \/>\n&#8222;Wer recht in Freuden wandern will&#8220; (21,2 &#8211; sehr gut)<\/p>\n<p style=\"text-align: center;\"><strong>So. 23.5.1993 \/ Chorleiter: Klaus Levermann<br \/>\n<\/strong>(Stadthalle Meinerzhagen \/ noch kein Punktesystem)<\/p>\n<p style=\"text-align: center;\">&#8222;Der traurige J\u00e4ger&#8220; (gut+)<br \/>\n&#8222;Saitenspiel&#8220; (sehr gut -)<br \/>\n&#8222;F\u00e4llt ein Regen&#8220; (gut+)<br \/>\n&#8222;V\u00f6glein im K\u00e4fig&#8220; (sehr gut -)<\/p>\n<p style=\"text-align: center;\"><strong>Sa. 14.11.1992 \/ Chorleiter: Klaus Levermann<br \/>\n<\/strong><strong>Bezirksleistungssingen<\/strong> &#8211; Qualifikationsstufe II<br \/>\n(Siegerlandhalle Siegen)<\/p>\n<p style=\"text-align: center;\">&#8222;Rondella&#8220;: sehr gut-<br \/>\n&#8222;Dank&#8220;: sehr gut-<br \/>\n&#8222;Du mein einzig Lichte&#8220;: gut+<\/p>\n<p style=\"text-align: center;\"><strong>Sa. 16.11.1991 \/ Chorleiter: Klaus Levermann<br \/>\n<\/strong><strong>Kreisleistungssingen<\/strong> &#8211; Qualifikationsstufe I<br \/>\n(Schulaula Enger)<\/p>\n<p style=\"text-align: center;\">&#8222;Zur Nacht&#8220;: sehr gut-<br \/>\n&#8222;Abend wird es wieder&#8220;: sehr gut-<\/p>\n<hr \/>\n<h2 style=\"text-align: center;\"><strong><u>Jazz-Pop-Gospel etc. \/ Sing und Swing<br \/>\n<\/u><\/strong><\/h2>\n<p style=\"text-align: center;\"><strong>Sa. 24.3.2007 \/ Chorleiter: Michael Oel<br \/>\n<\/strong><strong>Ergebnis: Sing und Swing-Konzertchor<br \/>\n<\/strong>(Kurhaus Bad Hamm)<\/p>\n<p style=\"text-align: center;\">&#8222;Hello&#8220; (21,0 &#8211; sehr gut)<br \/>\n&#8222;Aux champs elysees&#8220; (20,0 &#8211; gut)<br \/>\n&#8222;Why do fools fall in love&#8220; (20,0 &#8211; gut)<\/p>\n<p style=\"text-align: center;\">Pr\u00e4sentation: 20,0 Punkte<br \/>\nGesang \/ Musik: 20,33 Punkte<br \/>\nGesamtergebnis: 20,30 Punkte<\/p>\n<p style=\"text-align: center;\"><strong>Sa. 24.3.2001 \/ Chorleiter: Klaus Levermann<br \/>\n<\/strong><strong>Ergebnis: Leistungschor Jazz-Pop-Gospel etc.<br \/>\n<\/strong>(Siegerlandhalle Siegen)<\/p>\n<p style=\"text-align: center;\">&#8222;I get around&#8220; (20,6 &#8211; gut)<br \/>\n&#8222;Another day in paradise&#8220; (21,0 &#8211; sehr gut)<br \/>\n<span style=\"font-size: inherit;\">&#8222;Nature boy&#8220; (22,2 &#8211; sehr gut)<br \/>\n<\/span>&#8222;Black is the colour&#8220; (20,0 &#8211; gut)<\/p>\n<hr \/>\n<h3 style=\"text-align: center;\"><strong><u>Volkslieder-Leistungssingen<br \/>\n<\/u><\/strong><\/h3>\n<p style=\"text-align: center;\"><strong>Sa. 30.10.2010 \/ Chorleiter: Michael Oel<br \/>\nErgebnis: Leistungsstufe A \/ Goldmedaille<br \/>\n<\/strong>(Stadthalle Rheine)<\/p>\n<p style=\"text-align: center;\">&#8222;Vergi\u00df mein nicht&#8220; von Michael Schmoll (21,66 &#8211; gut)<br \/>\n&#8222;Hail holy queen&#8220; von Michael Oel (22,33 &#8211; sehr gut)<br \/>\n&#8222;Coming home&#8220; von Peter Schnur (22,66 &#8211; sehr gut)<br \/>\n&#8222;Gabriellas Song&#8220; von Maurizio Quaremba (21,66 &#8211; gut)<\/p>\n<p style=\"text-align: center;\">Pr\u00e4sentation: 23,00 &#8211; sehr gut<br \/>\n<strong>Gesamtergebnis:<\/strong> 22,27 Punkte<\/p>\n<p style=\"text-align: center;\"><strong>Sa. 13.10.2007 \/ Chorleiter: Michael Oel<br \/>\nErgebnis: Leistungssufe A \/ Goldmedaille<br \/>\n<\/strong>(Stadthalle Kamen)<\/p>\n<p style=\"text-align: center;\">&#8222;Kein sch\u00f6ner Land&#8220; (23,75 &#8211; sehr gut)<br \/>\n&#8222;Bohemian Rhapsody&#8220; (24,75 &#8211; sehr gut)<br \/>\n&#8222;Don\u2018t worry, be happy&#8220; (24,0 &#8211; sehr gut)<br \/>\n&#8222;Soon ah will be done&#8220; (24,5 &#8211; sehr gut)<\/p>\n<p style=\"text-align: center;\"><strong>Gesamtergebnis:<\/strong> 24,25 Punkte<\/p>\n<p style=\"text-align: center;\"><strong>So. 09.10.2004 \/ Chorleiter: Klaus Levermann<br \/>\n<\/strong>(Stadthalle Monheim)<\/p>\n<p style=\"text-align: center;\">&#8222;Schwesterlein&#8220; (21,75 &#8211; sehr gut)<br \/>\n&#8222;Hold on to your dream&#8220; (22,0 &#8211; sehr gut)<br \/>\n&#8222;Sur le pont d&#8217;Avignon&#8220; (21,75 &#8211; sehr gut)<br \/>\n&#8222;Wirklich, er war unentbehrlich&#8220; (20,75 &#8211; gut)<\/p>\n<p style=\"text-align: center;\"><strong>So. 10.6.2001 \/ Chorleiter: Klaus Levermann<br \/>\n<\/strong>(Stadthalle Schmallenberg)<\/p>\n<p style=\"text-align: center;\">&#8222;Drei Heinz-Erhard-Lieder&#8220; (23,75 &#8211; sehr gut)<br \/>\n&#8222;Flying free&#8220; (23,5 &#8211; sehr gut)<br \/>\n&#8222;Chim chim cheree&#8220; (22,25 &#8211; sehr gut)<\/p>\n<p style=\"text-align: center;\"><strong>So. 27.9.1998 \/ Chorleiter: Klaus Levermann<br \/>\n<\/strong>(Stadthalle M\u00fclheim\/Ruhr)<\/p>\n<p style=\"text-align: center;\">&#8222;Feinsliebchen&#8220; (23,75 &#8211; sehr gut)<br \/>\n&#8222;Zigeunerlied Nr. 2&#8220; (23,75 &#8211; sehr gut)<br \/>\n&#8222;Vetter Michel&#8220; (23,0 &#8211; sehr gut)<br \/>\n&#8222;Der alte F\u00f6rster P\u00fcsterich&#8220; (23,0 &#8211; sehr gut)<\/p>\n<p style=\"text-align: center;\"><strong>Sa. 5.10.1996 \/ Chorleiter: Klaus Levermann<br \/>\n<\/strong>(Schlussveranstaltung \/ SIHK Hagen)<\/p>\n<p style=\"text-align: center;\">&#8222;Was woll&#8217;n wir auf den Abend tun&#8220;<br \/>\n&#8222;Herz mein Herz&#8220;<br \/>\n&#8222;Kl\u00e4nge aus M\u00e4hren Nr. 1&#8220;<br \/>\n&#8222;Ei du M\u00e4del vom Lande&#8220;<\/p>\n<p style=\"text-align: center;\"><strong>Sa. 15.10.1994 \/ Chorleiter: Klaus Levermann<br \/>\n<\/strong>(regionale Vorausscheidung \/ SIHK Hagen)<\/p>\n<p style=\"text-align: center;\">&#8222;Was woll&#8217;n wir auf den Abend tun&#8220;<br \/>\n&#8222;Sch\u00f6nster Abendstern&#8220;<br \/>\n&#8222;Der Mond ist aufgegangen&#8220;<br \/>\n&#8222;V\u00f6glein im K\u00e4fig&#8220;<\/p>\n<hr \/>\n<h3 style=\"text-align: center;\"><strong><u>Jugend singt 1988<\/u><\/strong><\/h3>\n<p style=\"text-align: center;\"><strong>So. 9.10.1988 \/ Chorleiter: Klaus Levermann<br \/>\nLandesausscheidung<\/strong><br \/>\n(Stadthalle Wattenscheid)<\/p>\n<p style=\"text-align: center;\">&#8222;Weidenbusch&#8220;<br \/>\n&#8222;Tanzen und Springen&#8220;<br \/>\n&#8222;Zigeunerlied Nr. 8&#8220;<\/p>\n<p style=\"text-align: center;\"><strong>So. 19.06.1988 \/ Chorleiter: Klaus Levermann<\/strong><br \/>\n<strong>Regionalausscheidung<\/strong><br \/>\n(Leverkusen)<\/p>\n<p style=\"text-align: center;\"><strong>Ergebnis:<\/strong> Leistungsstufe 2<\/p>\n","protected":false},"excerpt":{"rendered":"<p>Meisterchorsingen Sa. 18.05.2019 \/ Chorleiter: Stefan Risse (Kulturst\u00e4tte Morsbach) &#8222;Als wir j\u00fcngst in Regensburg waren&#8220; von Rolf Lukowsky (sehr gut) &#8222;Ubi caritas&#8220; von Maurice Durufl\u00e9 (gut) &#8222;Guten Abend, gut&#8216; Nacht&#8220; von Prof. Michael Schmoll (sehr gut) &#8222;It was a lover &hellip; <a href=\"https:\/\/www.amante-menden.de\/?page_id=260\">Weiterlesen <span class=\"meta-nav\">&rarr;<\/span><\/a><\/p>\n","protected":false},"author":1,"featured_media":0,"parent":0,"menu_order":0,"comment_status":"closed","ping_status":"closed","template":"","meta":{"footnotes":""},"class_list":["post-260","page","type-page","status-publish","hentry"],"_links":{"self":[{"href":"https:\/\/www.amante-menden.de\/index.php?rest_route=\/wp\/v2\/pages\/260","targetHints":{"allow":["GET"]}}],"collection":[{"href":"https:\/\/www.amante-menden.de\/index.php?rest_route=\/wp\/v2\/pages"}],"about":[{"href":"https:\/\/www.amante-menden.de\/index.php?rest_route=\/wp\/v2\/types\/page"}],"author":[{"embeddable":true,"href":"https:\/\/www.amante-menden.de\/index.php?rest_route=\/wp\/v2\/users\/1"}],"replies":[{"embeddable":true,"href":"https:\/\/www.amante-menden.de\/index.php?rest_route=%2Fwp%2Fv2%2Fcomments&post=260"}],"version-history":[{"count":28,"href":"https:\/\/www.amante-menden.de\/index.php?rest_route=\/wp\/v2\/pages\/260\/revisions"}],"predecessor-version":[{"id":3951,"href":"https:\/\/www.amante-menden.de\/index.php?rest_route=\/wp\/v2\/pages\/260\/revisions\/3951"}],"wp:attachment":[{"href":"https:\/\/www.amante-menden.de\/index.php?rest_route=%2Fwp%2Fv2%2Fmedia&parent=260"}],"curies":[{"name":"wp","href":"https:\/\/api.w.org\/{rel}","templated":true}]}}