{"id":2625,"date":"2016-01-06T14:28:50","date_gmt":"2016-01-06T12:28:50","guid":{"rendered":"http:\/\/www.amante-menden.de\/?page_id=2625"},"modified":"2016-01-06T14:28:50","modified_gmt":"2016-01-06T12:28:50","slug":"amante-sang-karfreitag-2003-in-der-antoniuskapelle-das-eli","status":"publish","type":"page","link":"https:\/\/www.amante-menden.de\/?page_id=2625","title":{"rendered":"amante sang Karfreitag 2003 in der Antoniuskapelle das ELI"},"content":{"rendered":"<p style=\"text-align: justify;\"><a href=\"http:\/\/www.amante-menden.de\/wordpress\/wp-content\/uploads\/2016\/01\/kreuztracht.jpg\" rel=\"attachment wp-att-2626\"><img loading=\"lazy\" decoding=\"async\" class=\"size-full wp-image-2626 aligncenter\" src=\"http:\/\/www.amante-menden.de\/wordpress\/wp-content\/uploads\/2016\/01\/kreuztracht.jpg\" alt=\"kreuztracht\" width=\"450\" height=\"267\" srcset=\"https:\/\/www.amante-menden.de\/wordpress\/wp-content\/uploads\/2016\/01\/kreuztracht.jpg 450w, https:\/\/www.amante-menden.de\/wordpress\/wp-content\/uploads\/2016\/01\/kreuztracht-300x178.jpg 300w\" sizes=\"auto, (max-width: 450px) 100vw, 450px\" \/><\/a><\/p>\n<p style=\"text-align: justify;\"><strong>Menden.<\/strong> Etliche Sekunden herrscht in der Antoniuskapelle gespannte Stille. Man k\u00f6nnte die ber\u00fchmte Stecknadel auf den Boden fallen h\u00f6ren. Die letzten T\u00f6ne des vierstimmigen Passionsgesanges &#8222;Eli, Eli!&#8220; von Georgius Bardos verhallen. Erst jetzt klatschen die Zuh\u00f6rer zun\u00e4chst vorsichtig, dann bestimmt Beifall f\u00fcr &#8222;amante della musica menden&#8220;. Der heimische Klangk\u00f6rper sang am Karfreitag w\u00e4hrend der traditionellen Kreuztracht auf dem Kapellenberg und machte damit einen weiteren Schritt zur zweiten Titelverteidigung des Meisterchor-Titels am 31. Mai in Neuss.<\/p>\n<p>Um das Feingef\u00fchl f\u00fcr &#8222;Eli, Eli!&#8220; entscheidend auszupr\u00e4gen, hatten sich Chorleiter Klaus Levermann und die Aktiven von amante dazu entschieden, Bardos&#8216; Komposition \u00fcber das Leiden und den Tod Jesu am Karfreitag zu singen. Zum Erstaunen des Chores war die Antoniuskapelle dann bis auf den letzten Platz gef\u00fcllt, als sich die 40 S\u00e4ngerinnen und S\u00e4nger von amante nach dem Weg mit der Kreuztracht auf den Kapellenbeg am Altar aufstellten.<\/p>\n<p>Mit &#8222;Jesus Christus ist der Herr&#8220; und &#8222;O Haupt voll Blut und Wunden&#8220; aus dem Gotteslob bereitete die Singgmeinschaft ihre Zuh\u00f6rer vor. Klaus Levermann las aus dem Matth\u00e4us-Evangelium vor bis zu der Textstelle, von der &#8222;Eli, Eli!&#8220; erz\u00e4hlt: &#8222;Eli, Eli, lama sabachtani&#8220; (Mein Gott, mein Gott, warum hast Du mich verlassen?). Direkt daran schloss sich dann die Auff\u00fchrung an.<\/p>\n<p>Zwar sa\u00df bei amante della musica knapp sechs Wochen vor dem Meisterchorsingen noch nicht jeder Ton perfekt. Doch so viel ist sicher: F\u00fcr dieses anspruchsvolle Chorwerk von Georgius Bardos hat der Chor sp\u00e4testens jetzt ein feines Gesp\u00fcr entwickelt, das es in den n\u00e4chsten Proben weiter auszuarbeiten gilt.<\/p>\n<p>Apropos Proben: Die heutige Chorstunde von amante in der Regenbogenschule f\u00e4llt aus. N\u00e4chste Probe ist am Dienstag, 29. April, um 18.30 Uhr. F\u00fcr Mittwoch, 30. April, wurde zudem die erste Sonderprobe angesetzt. \u00dcber Uhrzeit und Ort wird noch rechtzeitig informiert.<\/p>\n","protected":false},"excerpt":{"rendered":"<p>Menden. Etliche Sekunden herrscht in der Antoniuskapelle gespannte Stille. Man k\u00f6nnte die ber\u00fchmte Stecknadel auf den Boden fallen h\u00f6ren. Die letzten T\u00f6ne des vierstimmigen Passionsgesanges &#8222;Eli, Eli!&#8220; von Georgius Bardos verhallen. Erst jetzt klatschen die Zuh\u00f6rer zun\u00e4chst vorsichtig, dann bestimmt &hellip; <a href=\"https:\/\/www.amante-menden.de\/?page_id=2625\">Weiterlesen <span class=\"meta-nav\">&rarr;<\/span><\/a><\/p>\n","protected":false},"author":1,"featured_media":0,"parent":161,"menu_order":35,"comment_status":"closed","ping_status":"closed","template":"","meta":{"footnotes":""},"class_list":["post-2625","page","type-page","status-publish","hentry"],"_links":{"self":[{"href":"https:\/\/www.amante-menden.de\/index.php?rest_route=\/wp\/v2\/pages\/2625","targetHints":{"allow":["GET"]}}],"collection":[{"href":"https:\/\/www.amante-menden.de\/index.php?rest_route=\/wp\/v2\/pages"}],"about":[{"href":"https:\/\/www.amante-menden.de\/index.php?rest_route=\/wp\/v2\/types\/page"}],"author":[{"embeddable":true,"href":"https:\/\/www.amante-menden.de\/index.php?rest_route=\/wp\/v2\/users\/1"}],"replies":[{"embeddable":true,"href":"https:\/\/www.amante-menden.de\/index.php?rest_route=%2Fwp%2Fv2%2Fcomments&post=2625"}],"version-history":[{"count":1,"href":"https:\/\/www.amante-menden.de\/index.php?rest_route=\/wp\/v2\/pages\/2625\/revisions"}],"predecessor-version":[{"id":2627,"href":"https:\/\/www.amante-menden.de\/index.php?rest_route=\/wp\/v2\/pages\/2625\/revisions\/2627"}],"up":[{"embeddable":true,"href":"https:\/\/www.amante-menden.de\/index.php?rest_route=\/wp\/v2\/pages\/161"}],"wp:attachment":[{"href":"https:\/\/www.amante-menden.de\/index.php?rest_route=%2Fwp%2Fv2%2Fmedia&parent=2625"}],"curies":[{"name":"wp","href":"https:\/\/api.w.org\/{rel}","templated":true}]}}

<p style="text-align: justify;"><a href="http://www.amante-menden.de/wordpress/wp-content/uploads/2016/01/kreuztracht.jpg" rel="attachment wp-att-2626"><img loading="lazy" decoding="async" class="size-full wp-image-2626 aligncenter" src="http://www.amante-menden.de/wordpress/wp-content/uploads/2016/01/kreuztracht.jpg" alt="kreuztracht" width="450" height="267" srcset="https://www.amante-menden.de/wordpress/wp-content/uploads/2016/01/kreuztracht.jpg 450w, https://www.amante-menden.de/wordpress/wp-content/uploads/2016/01/kreuztracht-300x178.jpg 300w" sizes="auto, (max-width: 450px) 100vw, 450px" /></a></p>
<p style="text-align: justify;"><strong>Menden.</strong> Etliche Sekunden herrscht in der Antoniuskapelle gespannte Stille. Man könnte die berühmte Stecknadel auf den Boden fallen hören. Die letzten Töne des vierstimmigen Passionsgesanges &#8222;Eli, Eli!&#8220; von Georgius Bardos verhallen. Erst jetzt klatschen die Zuhörer zunächst vorsichtig, dann bestimmt Beifall für &#8222;amante della musica menden&#8220;. Der heimische Klangkörper sang am Karfreitag während der traditionellen Kreuztracht auf dem Kapellenberg und machte damit einen weiteren Schritt zur zweiten Titelverteidigung des Meisterchor-Titels am 31. Mai in Neuss.</p>
<p>Um das Feingefühl für &#8222;Eli, Eli!&#8220; entscheidend auszuprägen, hatten sich Chorleiter Klaus Levermann und die Aktiven von amante dazu entschieden, Bardos&#8216; Komposition über das Leiden und den Tod Jesu am Karfreitag zu singen. Zum Erstaunen des Chores war die Antoniuskapelle dann bis auf den letzten Platz gefüllt, als sich die 40 Sängerinnen und Sänger von amante nach dem Weg mit der Kreuztracht auf den Kapellenbeg am Altar aufstellten.</p>
<p>Mit &#8222;Jesus Christus ist der Herr&#8220; und &#8222;O Haupt voll Blut und Wunden&#8220; aus dem Gotteslob bereitete die Singgmeinschaft ihre Zuhörer vor. Klaus Levermann las aus dem Matthäus-Evangelium vor bis zu der Textstelle, von der &#8222;Eli, Eli!&#8220; erzählt: &#8222;Eli, Eli, lama sabachtani&#8220; (Mein Gott, mein Gott, warum hast Du mich verlassen?). Direkt daran schloss sich dann die Aufführung an.</p>
<p>Zwar saß bei amante della musica knapp sechs Wochen vor dem Meisterchorsingen noch nicht jeder Ton perfekt. Doch so viel ist sicher: Für dieses anspruchsvolle Chorwerk von Georgius Bardos hat der Chor spätestens jetzt ein feines Gespür entwickelt, das es in den nächsten Proben weiter auszuarbeiten gilt.</p>
<p>Apropos Proben: Die heutige Chorstunde von amante in der Regenbogenschule fällt aus. Nächste Probe ist am Dienstag, 29. April, um 18.30 Uhr. Für Mittwoch, 30. April, wurde zudem die erste Sonderprobe angesetzt. Über Uhrzeit und Ort wird noch rechtzeitig informiert.</p>

<p>Menden. Etliche Sekunden herrscht in der Antoniuskapelle gespannte Stille. Man könnte die berühmte Stecknadel auf den Boden fallen hören. Die letzten Töne des vierstimmigen Passionsgesanges &#8222;Eli, Eli!&#8220; von Georgius Bardos verhallen. Erst jetzt klatschen die Zuhörer zunächst vorsichtig, dann bestimmt &hellip; <a href="https://www.amante-menden.de/?page_id=2625">Weiterlesen <span class="meta-nav">&rarr;</span></a></p>
