{"id":2628,"date":"2016-01-06T14:33:33","date_gmt":"2016-01-06T12:33:33","guid":{"rendered":"http:\/\/www.amante-menden.de\/?page_id=2628"},"modified":"2016-01-06T14:33:33","modified_gmt":"2016-01-06T12:33:33","slug":"fuenf-jahre-amante-della-musica-menden","status":"publish","type":"page","link":"https:\/\/www.amante-menden.de\/?page_id=2628","title":{"rendered":"F\u00fcnf Jahre amante della musica menden"},"content":{"rendered":"<h3 style=\"text-align: justify;\">Gesteckte Ziele erreicht<\/h3>\n<h3 style=\"text-align: justify;\">F\u00fcnf Jahre &#8222;amante della musica menden&#8220;. Alle Titel, die der S\u00e4ngerbund NRW zu vergeben hat, f\u00fcr sich verbucht<\/h3>\n<p style=\"text-align: justify;\"><a href=\"http:\/\/www.amante-menden.de\/wordpress\/wp-content\/uploads\/2016\/01\/Festakt.jpg\" rel=\"attachment wp-att-2636\"><img loading=\"lazy\" decoding=\"async\" class=\"size-full wp-image-2636 aligncenter\" src=\"http:\/\/www.amante-menden.de\/wordpress\/wp-content\/uploads\/2016\/01\/Festakt.jpg\" alt=\"Festakt\" width=\"400\" height=\"300\" srcset=\"https:\/\/www.amante-menden.de\/wordpress\/wp-content\/uploads\/2016\/01\/Festakt.jpg 400w, https:\/\/www.amante-menden.de\/wordpress\/wp-content\/uploads\/2016\/01\/Festakt-300x225.jpg 300w\" sizes=\"auto, (max-width: 400px) 100vw, 400px\" \/><\/a>Menden. Viel gelacht wurde gestern Vormittag im Zimmertheater der <a href=\"http:\/\/www.amante-menden.de\/wordpress\/wp-content\/uploads\/2016\/01\/1-32.jpg\" rel=\"attachment wp-att-2629\"><img loading=\"lazy\" decoding=\"async\" class=\"size-medium wp-image-2629 alignright\" src=\"http:\/\/www.amante-menden.de\/wordpress\/wp-content\/uploads\/2016\/01\/1-32-300x189.jpg\" alt=\"1\" width=\"300\" height=\"189\" srcset=\"https:\/\/www.amante-menden.de\/wordpress\/wp-content\/uploads\/2016\/01\/1-32-300x189.jpg 300w, https:\/\/www.amante-menden.de\/wordpress\/wp-content\/uploads\/2016\/01\/1-32.jpg 476w\" sizes=\"auto, (max-width: 300px) 100vw, 300px\" \/><\/a>Katastrophen Kultur unter dem Hallenbad &#8211; an und f\u00fcr sich nicht ungew\u00f6hnlich an dieser Stelle. Doch der Anlass war diesmal wenig theatralisch: &#8222;amante della musica menden&#8220; feierte dort sein f\u00fcnfj\u00e4hriges Bestehen. &#8222;In Zeiten, in denen wir als Stadt nicht mehr viel zu verteilen haben, findet das gesellschaftliche Leben \u00fcberwiegend in den Vereinen statt. Immerhin sind 31 000 B\u00fcrgerinnen und B\u00fcrger unserer Stadt in Vereinen t\u00e4tig&#8220;, lobte B\u00fcrgermeister Rudolf D\u00fcppe den Zusammenhalt und das Engagement der S\u00e4ngerinnen und S\u00e4nger.<\/p>\n<p style=\"text-align: justify;\"><a href=\"http:\/\/www.amante-menden.de\/wordpress\/wp-content\/uploads\/2016\/01\/Fe2.gif\" rel=\"attachment wp-att-2634\"><img loading=\"lazy\" decoding=\"async\" class=\"size-medium wp-image-2634 alignleft\" src=\"http:\/\/www.amante-menden.de\/wordpress\/wp-content\/uploads\/2016\/01\/Fe2-300x130.gif\" alt=\"Fe2\" width=\"300\" height=\"130\" srcset=\"https:\/\/www.amante-menden.de\/wordpress\/wp-content\/uploads\/2016\/01\/Fe2-300x130.gif 300w, https:\/\/www.amante-menden.de\/wordpress\/wp-content\/uploads\/2016\/01\/Fe2-460x198.gif 460w\" sizes=\"auto, (max-width: 300px) 100vw, 300px\" \/><\/a>Hervorgegangen aus dem Jungen Chor Menden 1986 steckte man sich seinerzeit bei der Gr\u00fcndung von &#8222;amante&#8220; hohe Ziele. Ziele, von denen die meisten inzwischen erreicht sind. &#8222;Der Chor hat alle Titel erreicht, die der S\u00e4ngerbund NRW vergeben kann &#8211; und das mit exzellenten Noten. &#8222;Ich f\u00fchre diese engagierten jungen Menschen oft als Vorbild f\u00fcr andere an&#8220;, w\u00fcrdigte auch Hermann Otto, Vize-Pr\u00e4sident des S\u00e4ngerbundes NRW, die Leistung des Meisterchores.<\/p>\n<p style=\"text-align: justify;\"><a href=\"http:\/\/www.amante-menden.de\/wordpress\/wp-content\/uploads\/2016\/01\/5-24.jpg\" rel=\"attachment wp-att-2633\"><img loading=\"lazy\" decoding=\"async\" class=\"size-medium wp-image-2633 alignright\" src=\"http:\/\/www.amante-menden.de\/wordpress\/wp-content\/uploads\/2016\/01\/5-24-180x300.jpg\" alt=\"5\" width=\"180\" height=\"300\" \/><\/a>Die vergangenen f\u00fcnf Jahre in humorvoller Weise Revue passieren lie\u00df der Vorsitzende Lars Becker, erinnert an den damaligen Wunsch nach mehr Professionalit\u00e4t, an den Austritt aus der S\u00e4ngerjugend, um auch \u00e4lteren Musikliebhabern den Weg in den Chor zu \u00f6ffnen und daran, dass inzwischen der Altersunterschied zwischen dem &#8222;K\u00fcken&#8220; und dem &#8222;Senior&#8220; in den eigenen Reihen 40 Jahre betr\u00e4gt. &#8222;Und trotzdem seid ihr einfach ein toller Haufen&#8220;, fasste am Ende Chorleiter Klaus Levermann die w\u00fcrdigenden Worte des Vormittags in einem Satz zusammen, bevor sich der Chor &#8211; nat\u00fcrlich musikalisch &#8211; von seinen G\u00e4sten verabschiedete und zum &#8222;gem\u00fctlichen Teil&#8220; \u00fcberging.<b>MZ<\/b><\/p>\n<hr \/>\n<h3 style=\"text-align: justify;\">Chor legte mit neuem Namen eine steile Musik-Karriere hin<\/h3>\n<p style=\"text-align: justify;\" align=\"justify\"><a href=\"http:\/\/www.amante-menden.de\/wordpress\/wp-content\/uploads\/2016\/01\/Fe3.gif\" rel=\"attachment wp-att-2635\"><img loading=\"lazy\" decoding=\"async\" class=\"size-medium wp-image-2635 alignleft\" src=\"http:\/\/www.amante-menden.de\/wordpress\/wp-content\/uploads\/2016\/01\/Fe3-300x130.gif\" alt=\"Fe3\" width=\"300\" height=\"130\" srcset=\"https:\/\/www.amante-menden.de\/wordpress\/wp-content\/uploads\/2016\/01\/Fe3-300x130.gif 300w, https:\/\/www.amante-menden.de\/wordpress\/wp-content\/uploads\/2016\/01\/Fe3-460x198.gif 460w\" sizes=\"auto, (max-width: 300px) 100vw, 300px\" \/><\/a>Menden. &#8222;F\u00fcnf Jahre ,amante della musica\u00b4, das hei\u00dft ja eigentlich schon 17-j\u00e4hriges Jubil\u00e4um&#8220;, erkl\u00e4rte Rudolf D\u00fcppe am Sonntag bei der Geburtstagsfeier im Scaramouche. Vor siebzehn Jahren wurde der &#8222;Junge Chor&#8220; in Menden gegr\u00fcndet, seit 1998 haben sich die S\u00e4ngerinnen und S\u00e4nger unter dem Namen &#8222;amante della musica&#8220; auch \u00fcber die Ortsgrenzen hinweg durch die Teilnahme an zahlreichen Meistersingen einen Namen gemacht. &#8220; ,amante della musica\u00b4 hei\u00dft \u00fcbersetzt ,Freude an der Musik\u00b4. An diesen Grundsatz haben sich die Musiker gehalten&#8220;, zeigte sich B\u00fcrgermeister Rudolf D\u00fcppe begeistert. &#8222;Wir k\u00f6nnen auf unsere Ch\u00f6re stolz sein.&#8220;<\/p>\n<p style=\"text-align: justify;\"><a href=\"http:\/\/www.amante-menden.de\/wordpress\/wp-content\/uploads\/2016\/01\/4-26.jpg\" rel=\"attachment wp-att-2632\"><img loading=\"lazy\" decoding=\"async\" class=\"size-medium wp-image-2632 alignright\" src=\"http:\/\/www.amante-menden.de\/wordpress\/wp-content\/uploads\/2016\/01\/4-26-300x225.jpg\" alt=\"4\" width=\"300\" height=\"225\" srcset=\"https:\/\/www.amante-menden.de\/wordpress\/wp-content\/uploads\/2016\/01\/4-26-300x225.jpg 300w, https:\/\/www.amante-menden.de\/wordpress\/wp-content\/uploads\/2016\/01\/4-26.jpg 400w\" sizes=\"auto, (max-width: 300px) 100vw, 300px\" \/><\/a>Unter dem Motto &#8222;Gib\u00b4 deinem Leben eine neue Note&#8220; d\u00fcrfen in dem einstigen Jugendchor seit 1998 auch &#8222;Musikbegeisterte 30+&#8220; mitsingen. Ein buntes Gemisch von S\u00e4ngern aller Altersgruppen, von 14 bis 40, gibt dem Chor eine &#8222;besondere Note&#8220;. Mit ihrem Repertoire vom Volkslied bis hin zum Pop sprechen &#8222;amante della musica&#8220; deshalb auch einen besonders gro\u00dfen H\u00f6rerkreis an.<\/p>\n<p style=\"text-align: justify;\">&#8222;Die Umbenennung hat unseren Chor aufgeweckt&#8220;, wusste Vorsitzender Lars Becker am Sonntag zu berichten. &#8222;Wir haben eine steile Karriere hingelegt.&#8220; Und sie haben eine Klasse erreicht, die der Chor auch w\u00e4hrend der Jubil\u00e4umsfeier wieder einmal eindrucksvoll und dynamisch bewies.<\/p>\n<p style=\"text-align: justify;\"><a href=\"http:\/\/www.amante-menden.de\/wordpress\/wp-content\/uploads\/2016\/01\/3-31.jpg\" rel=\"attachment wp-att-2631\"><img loading=\"lazy\" decoding=\"async\" class=\"size-medium wp-image-2631 alignleft\" src=\"http:\/\/www.amante-menden.de\/wordpress\/wp-content\/uploads\/2016\/01\/3-31-300x225.jpg\" alt=\"3\" width=\"300\" height=\"225\" srcset=\"https:\/\/www.amante-menden.de\/wordpress\/wp-content\/uploads\/2016\/01\/3-31-300x225.jpg 300w, https:\/\/www.amante-menden.de\/wordpress\/wp-content\/uploads\/2016\/01\/3-31.jpg 400w\" sizes=\"auto, (max-width: 300px) 100vw, 300px\" \/><\/a>&#8222;Sie sind bekannt geworden durch ihre Leistung&#8220;, so der Vertreter des S\u00e4ngerbundes NRW. &#8222;Durch ihre Teilname an zahlreichen Leistungssingen hat ,amante della musica\u00b4 inzwischen alle in NRW zu vergebenen Titel geholt.&#8220; Im Mai steht die Verteidigung des Meistertitels an. Ein Ereignis, auf das Chorleiter Klaus Levermann seine S\u00e4ngerinnen und S\u00e4nger akribisch vorbereitet. Seit 17 Jahren, seit der Gr\u00fcndung des &#8222;Jungen Chores&#8220; 1986, dirigiert Levermann &#8222;seinen&#8220; Chor. F\u00fcr diese besondere Zusammenarbeit bedankte er sich am Sonntag.<\/p>\n<p style=\"text-align: justify;\"><a href=\"http:\/\/www.amante-menden.de\/wordpress\/wp-content\/uploads\/2016\/01\/2-30.jpg\" rel=\"attachment wp-att-2630\"><img loading=\"lazy\" decoding=\"async\" class=\"size-medium wp-image-2630 alignright\" src=\"http:\/\/www.amante-menden.de\/wordpress\/wp-content\/uploads\/2016\/01\/2-30-300x225.jpg\" alt=\"2\" width=\"300\" height=\"225\" srcset=\"https:\/\/www.amante-menden.de\/wordpress\/wp-content\/uploads\/2016\/01\/2-30-300x225.jpg 300w, https:\/\/www.amante-menden.de\/wordpress\/wp-content\/uploads\/2016\/01\/2-30.jpg 400w\" sizes=\"auto, (max-width: 300px) 100vw, 300px\" \/><\/a>Ebenso lange, also auch seit 1986, engagiert sich Helmut Heide f\u00fcr &#8222;amante&#8220;. Seit Sonntag ist er Ehrenmitglied des Chores. Ein weiteres Highlight dieser besonderen Jubil\u00e4umsfeier: &#8222;amante&#8220; gratulierte Edith Orlich mit einem musikalischen &#8222;Happy Birthday&#8220; zum 22. Geburtstag.<b>WP<\/b><\/p>\n","protected":false},"excerpt":{"rendered":"<p>Gesteckte Ziele erreicht F\u00fcnf Jahre &#8222;amante della musica menden&#8220;. Alle Titel, die der S\u00e4ngerbund NRW zu vergeben hat, f\u00fcr sich verbucht Menden. Viel gelacht wurde gestern Vormittag im Zimmertheater der Katastrophen Kultur unter dem Hallenbad &#8211; an und f\u00fcr sich &hellip; <a href=\"https:\/\/www.amante-menden.de\/?page_id=2628\">Weiterlesen <span class=\"meta-nav\">&rarr;<\/span><\/a><\/p>\n","protected":false},"author":1,"featured_media":0,"parent":161,"menu_order":36,"comment_status":"closed","ping_status":"closed","template":"","meta":{"footnotes":""},"class_list":["post-2628","page","type-page","status-publish","hentry"],"_links":{"self":[{"href":"https:\/\/www.amante-menden.de\/index.php?rest_route=\/wp\/v2\/pages\/2628","targetHints":{"allow":["GET"]}}],"collection":[{"href":"https:\/\/www.amante-menden.de\/index.php?rest_route=\/wp\/v2\/pages"}],"about":[{"href":"https:\/\/www.amante-menden.de\/index.php?rest_route=\/wp\/v2\/types\/page"}],"author":[{"embeddable":true,"href":"https:\/\/www.amante-menden.de\/index.php?rest_route=\/wp\/v2\/users\/1"}],"replies":[{"embeddable":true,"href":"https:\/\/www.amante-menden.de\/index.php?rest_route=%2Fwp%2Fv2%2Fcomments&post=2628"}],"version-history":[{"count":1,"href":"https:\/\/www.amante-menden.de\/index.php?rest_route=\/wp\/v2\/pages\/2628\/revisions"}],"predecessor-version":[{"id":2637,"href":"https:\/\/www.amante-menden.de\/index.php?rest_route=\/wp\/v2\/pages\/2628\/revisions\/2637"}],"up":[{"embeddable":true,"href":"https:\/\/www.amante-menden.de\/index.php?rest_route=\/wp\/v2\/pages\/161"}],"wp:attachment":[{"href":"https:\/\/www.amante-menden.de\/index.php?rest_route=%2Fwp%2Fv2%2Fmedia&parent=2628"}],"curies":[{"name":"wp","href":"https:\/\/api.w.org\/{rel}","templated":true}]}}

Fünf Jahre amante della musica menden

<h3 style="text-align: justify;">Gesteckte Ziele erreicht</h3>
<h3 style="text-align: justify;">Fünf Jahre &#8222;amante della musica menden&#8220;. Alle Titel, die der Sängerbund NRW zu vergeben hat, für sich verbucht</h3>
<p style="text-align: justify;"><a href="http://www.amante-menden.de/wordpress/wp-content/uploads/2016/01/Festakt.jpg" rel="attachment wp-att-2636"><img loading="lazy" decoding="async" class="size-full wp-image-2636 aligncenter" src="http://www.amante-menden.de/wordpress/wp-content/uploads/2016/01/Festakt.jpg" alt="Festakt" width="400" height="300" srcset="https://www.amante-menden.de/wordpress/wp-content/uploads/2016/01/Festakt.jpg 400w, https://www.amante-menden.de/wordpress/wp-content/uploads/2016/01/Festakt-300x225.jpg 300w" sizes="auto, (max-width: 400px) 100vw, 400px" /></a>Menden. Viel gelacht wurde gestern Vormittag im Zimmertheater der <a href="http://www.amante-menden.de/wordpress/wp-content/uploads/2016/01/1-32.jpg" rel="attachment wp-att-2629"><img loading="lazy" decoding="async" class="size-medium wp-image-2629 alignright" src="http://www.amante-menden.de/wordpress/wp-content/uploads/2016/01/1-32-300x189.jpg" alt="1" width="300" height="189" srcset="https://www.amante-menden.de/wordpress/wp-content/uploads/2016/01/1-32-300x189.jpg 300w, https://www.amante-menden.de/wordpress/wp-content/uploads/2016/01/1-32.jpg 476w" sizes="auto, (max-width: 300px) 100vw, 300px" /></a>Katastrophen Kultur unter dem Hallenbad &#8211; an und für sich nicht ungewöhnlich an dieser Stelle. Doch der Anlass war diesmal wenig theatralisch: &#8222;amante della musica menden&#8220; feierte dort sein fünfjähriges Bestehen. &#8222;In Zeiten, in denen wir als Stadt nicht mehr viel zu verteilen haben, findet das gesellschaftliche Leben überwiegend in den Vereinen statt. Immerhin sind 31 000 Bürgerinnen und Bürger unserer Stadt in Vereinen tätig&#8220;, lobte Bürgermeister Rudolf Düppe den Zusammenhalt und das Engagement der Sängerinnen und Sänger.</p>
<p style="text-align: justify;"><a href="http://www.amante-menden.de/wordpress/wp-content/uploads/2016/01/Fe2.gif" rel="attachment wp-att-2634"><img loading="lazy" decoding="async" class="size-medium wp-image-2634 alignleft" src="http://www.amante-menden.de/wordpress/wp-content/uploads/2016/01/Fe2-300x130.gif" alt="Fe2" width="300" height="130" srcset="https://www.amante-menden.de/wordpress/wp-content/uploads/2016/01/Fe2-300x130.gif 300w, https://www.amante-menden.de/wordpress/wp-content/uploads/2016/01/Fe2-460x198.gif 460w" sizes="auto, (max-width: 300px) 100vw, 300px" /></a>Hervorgegangen aus dem Jungen Chor Menden 1986 steckte man sich seinerzeit bei der Gründung von &#8222;amante&#8220; hohe Ziele. Ziele, von denen die meisten inzwischen erreicht sind. &#8222;Der Chor hat alle Titel erreicht, die der Sängerbund NRW vergeben kann &#8211; und das mit exzellenten Noten. &#8222;Ich führe diese engagierten jungen Menschen oft als Vorbild für andere an&#8220;, würdigte auch Hermann Otto, Vize-Präsident des Sängerbundes NRW, die Leistung des Meisterchores.</p>
<p style="text-align: justify;"><a href="http://www.amante-menden.de/wordpress/wp-content/uploads/2016/01/5-24.jpg" rel="attachment wp-att-2633"><img loading="lazy" decoding="async" class="size-medium wp-image-2633 alignright" src="http://www.amante-menden.de/wordpress/wp-content/uploads/2016/01/5-24-180x300.jpg" alt="5" width="180" height="300" /></a>Die vergangenen fünf Jahre in humorvoller Weise Revue passieren ließ der Vorsitzende Lars Becker, erinnert an den damaligen Wunsch nach mehr Professionalität, an den Austritt aus der Sängerjugend, um auch älteren Musikliebhabern den Weg in den Chor zu öffnen und daran, dass inzwischen der Altersunterschied zwischen dem &#8222;Küken&#8220; und dem &#8222;Senior&#8220; in den eigenen Reihen 40 Jahre beträgt. &#8222;Und trotzdem seid ihr einfach ein toller Haufen&#8220;, fasste am Ende Chorleiter Klaus Levermann die würdigenden Worte des Vormittags in einem Satz zusammen, bevor sich der Chor &#8211; natürlich musikalisch &#8211; von seinen Gästen verabschiedete und zum &#8222;gemütlichen Teil&#8220; überging.<b>MZ</b></p>
<hr />
<h3 style="text-align: justify;">Chor legte mit neuem Namen eine steile Musik-Karriere hin</h3>
<p style="text-align: justify;" align="justify"><a href="http://www.amante-menden.de/wordpress/wp-content/uploads/2016/01/Fe3.gif" rel="attachment wp-att-2635"><img loading="lazy" decoding="async" class="size-medium wp-image-2635 alignleft" src="http://www.amante-menden.de/wordpress/wp-content/uploads/2016/01/Fe3-300x130.gif" alt="Fe3" width="300" height="130" srcset="https://www.amante-menden.de/wordpress/wp-content/uploads/2016/01/Fe3-300x130.gif 300w, https://www.amante-menden.de/wordpress/wp-content/uploads/2016/01/Fe3-460x198.gif 460w" sizes="auto, (max-width: 300px) 100vw, 300px" /></a>Menden. &#8222;Fünf Jahre ,amante della musica´, das heißt ja eigentlich schon 17-jähriges Jubiläum&#8220;, erklärte Rudolf Düppe am Sonntag bei der Geburtstagsfeier im Scaramouche. Vor siebzehn Jahren wurde der &#8222;Junge Chor&#8220; in Menden gegründet, seit 1998 haben sich die Sängerinnen und Sänger unter dem Namen &#8222;amante della musica&#8220; auch über die Ortsgrenzen hinweg durch die Teilnahme an zahlreichen Meistersingen einen Namen gemacht. &#8220; ,amante della musica´ heißt übersetzt ,Freude an der Musik´. An diesen Grundsatz haben sich die Musiker gehalten&#8220;, zeigte sich Bürgermeister Rudolf Düppe begeistert. &#8222;Wir können auf unsere Chöre stolz sein.&#8220;</p>
<p style="text-align: justify;"><a href="http://www.amante-menden.de/wordpress/wp-content/uploads/2016/01/4-26.jpg" rel="attachment wp-att-2632"><img loading="lazy" decoding="async" class="size-medium wp-image-2632 alignright" src="http://www.amante-menden.de/wordpress/wp-content/uploads/2016/01/4-26-300x225.jpg" alt="4" width="300" height="225" srcset="https://www.amante-menden.de/wordpress/wp-content/uploads/2016/01/4-26-300x225.jpg 300w, https://www.amante-menden.de/wordpress/wp-content/uploads/2016/01/4-26.jpg 400w" sizes="auto, (max-width: 300px) 100vw, 300px" /></a>Unter dem Motto &#8222;Gib´ deinem Leben eine neue Note&#8220; dürfen in dem einstigen Jugendchor seit 1998 auch &#8222;Musikbegeisterte 30+&#8220; mitsingen. Ein buntes Gemisch von Sängern aller Altersgruppen, von 14 bis 40, gibt dem Chor eine &#8222;besondere Note&#8220;. Mit ihrem Repertoire vom Volkslied bis hin zum Pop sprechen &#8222;amante della musica&#8220; deshalb auch einen besonders großen Hörerkreis an.</p>
<p style="text-align: justify;">&#8222;Die Umbenennung hat unseren Chor aufgeweckt&#8220;, wusste Vorsitzender Lars Becker am Sonntag zu berichten. &#8222;Wir haben eine steile Karriere hingelegt.&#8220; Und sie haben eine Klasse erreicht, die der Chor auch während der Jubiläumsfeier wieder einmal eindrucksvoll und dynamisch bewies.</p>
<p style="text-align: justify;"><a href="http://www.amante-menden.de/wordpress/wp-content/uploads/2016/01/3-31.jpg" rel="attachment wp-att-2631"><img loading="lazy" decoding="async" class="size-medium wp-image-2631 alignleft" src="http://www.amante-menden.de/wordpress/wp-content/uploads/2016/01/3-31-300x225.jpg" alt="3" width="300" height="225" srcset="https://www.amante-menden.de/wordpress/wp-content/uploads/2016/01/3-31-300x225.jpg 300w, https://www.amante-menden.de/wordpress/wp-content/uploads/2016/01/3-31.jpg 400w" sizes="auto, (max-width: 300px) 100vw, 300px" /></a>&#8222;Sie sind bekannt geworden durch ihre Leistung&#8220;, so der Vertreter des Sängerbundes NRW. &#8222;Durch ihre Teilname an zahlreichen Leistungssingen hat ,amante della musica´ inzwischen alle in NRW zu vergebenen Titel geholt.&#8220; Im Mai steht die Verteidigung des Meistertitels an. Ein Ereignis, auf das Chorleiter Klaus Levermann seine Sängerinnen und Sänger akribisch vorbereitet. Seit 17 Jahren, seit der Gründung des &#8222;Jungen Chores&#8220; 1986, dirigiert Levermann &#8222;seinen&#8220; Chor. Für diese besondere Zusammenarbeit bedankte er sich am Sonntag.</p>
<p style="text-align: justify;"><a href="http://www.amante-menden.de/wordpress/wp-content/uploads/2016/01/2-30.jpg" rel="attachment wp-att-2630"><img loading="lazy" decoding="async" class="size-medium wp-image-2630 alignright" src="http://www.amante-menden.de/wordpress/wp-content/uploads/2016/01/2-30-300x225.jpg" alt="2" width="300" height="225" srcset="https://www.amante-menden.de/wordpress/wp-content/uploads/2016/01/2-30-300x225.jpg 300w, https://www.amante-menden.de/wordpress/wp-content/uploads/2016/01/2-30.jpg 400w" sizes="auto, (max-width: 300px) 100vw, 300px" /></a>Ebenso lange, also auch seit 1986, engagiert sich Helmut Heide für &#8222;amante&#8220;. Seit Sonntag ist er Ehrenmitglied des Chores. Ein weiteres Highlight dieser besonderen Jubiläumsfeier: &#8222;amante&#8220; gratulierte Edith Orlich mit einem musikalischen &#8222;Happy Birthday&#8220; zum 22. Geburtstag.<b>WP</b></p>

<p>Gesteckte Ziele erreicht Fünf Jahre &#8222;amante della musica menden&#8220;. Alle Titel, die der Sängerbund NRW zu vergeben hat, für sich verbucht Menden. Viel gelacht wurde gestern Vormittag im Zimmertheater der Katastrophen Kultur unter dem Hallenbad &#8211; an und für sich &hellip; <a href="https://www.amante-menden.de/?page_id=2628">Weiterlesen <span class="meta-nav">&rarr;</span></a></p>
