{"id":2638,"date":"2016-01-06T14:36:37","date_gmt":"2016-01-06T12:36:37","guid":{"rendered":"http:\/\/www.amante-menden.de\/?page_id=2638"},"modified":"2016-01-06T14:36:37","modified_gmt":"2016-01-06T12:36:37","slug":"riesenjubel-amante-bleibt-meisterchor","status":"publish","type":"page","link":"https:\/\/www.amante-menden.de\/?page_id=2638","title":{"rendered":"Riesenjubel: amante bleibt Meisterchor"},"content":{"rendered":"<h3 style=\"text-align: justify;\">amante della musica menden darf sich f\u00fcr f\u00fcnf weitere Jahre Meisterchor nennen!<\/h3>\n<h3 style=\"text-align: justify;\"><a href=\"http:\/\/www.amante-menden.de\/wordpress\/wp-content\/uploads\/2016\/01\/1-33.jpg\" rel=\"attachment wp-att-2639\"><img loading=\"lazy\" decoding=\"async\" class=\"alignnone size-full wp-image-2639\" src=\"http:\/\/www.amante-menden.de\/wordpress\/wp-content\/uploads\/2016\/01\/1-33.jpg\" alt=\"1\" width=\"847\" height=\"200\" srcset=\"https:\/\/www.amante-menden.de\/wordpress\/wp-content\/uploads\/2016\/01\/1-33.jpg 847w, https:\/\/www.amante-menden.de\/wordpress\/wp-content\/uploads\/2016\/01\/1-33-300x71.jpg 300w, https:\/\/www.amante-menden.de\/wordpress\/wp-content\/uploads\/2016\/01\/1-33-768x181.jpg 768w\" sizes=\"auto, (max-width: 847px) 100vw, 847px\" \/><\/a><\/h3>\n<h3 style=\"text-align: justify;\">Am 31.05.03 bestand amante das Leistungssingen der Stufe 3 mit viermal der Note &#8222;sehr gut&#8220;!<\/h3>\n<p style=\"text-align: justify;\"><a href=\"http:\/\/www.amante-menden.de\/wordpress\/wp-content\/uploads\/2016\/01\/5-25.jpg\" rel=\"attachment wp-att-2643\"><img loading=\"lazy\" decoding=\"async\" class=\"size-medium wp-image-2643 alignright\" src=\"http:\/\/www.amante-menden.de\/wordpress\/wp-content\/uploads\/2016\/01\/5-25-300x244.jpg\" alt=\"5\" width=\"300\" height=\"244\" srcset=\"https:\/\/www.amante-menden.de\/wordpress\/wp-content\/uploads\/2016\/01\/5-25-300x244.jpg 300w, https:\/\/www.amante-menden.de\/wordpress\/wp-content\/uploads\/2016\/01\/5-25.jpg 369w\" sizes=\"auto, (max-width: 300px) 100vw, 300px\" \/><\/a>Um exakt 22.14 Uhr hatte das Hoffen und Bangen am Samstag f\u00fcr Chorleiter Klaus Levermann, die 45 Aktiven und die zahlreich mitgereisten &#8222;Fans&#8220; ein Ende: amante della musica menden hat den Titel &#8222;Meisterchor im S\u00e4ngerbund Nordrhein-Westfalen e.V.&#8220; zum dritten Mal ersungen. Damit d\u00fcrfen die &#8222;Musikliebhaber&#8220; diese h\u00f6chste Auszeichnung der Leistungssingen im Bundesland bis zur neuerlichen Titelverteidigung im Jahr 2008 tragen.<\/p>\n<p><a href=\"http:\/\/www.amante-menden.de\/wordpress\/wp-content\/uploads\/2016\/01\/2-31.jpg\" rel=\"attachment wp-att-2640\"><img loading=\"lazy\" decoding=\"async\" class=\" wp-image-2640 alignleft\" src=\"http:\/\/www.amante-menden.de\/wordpress\/wp-content\/uploads\/2016\/01\/2-31-300x225.jpg\" alt=\"2\" width=\"259\" height=\"194\" srcset=\"https:\/\/www.amante-menden.de\/wordpress\/wp-content\/uploads\/2016\/01\/2-31-300x225.jpg 300w, https:\/\/www.amante-menden.de\/wordpress\/wp-content\/uploads\/2016\/01\/2-31.jpg 400w\" sizes=\"auto, (max-width: 259px) 100vw, 259px\" \/><\/a>Hermann Otto, der Pr\u00e4sident des S\u00e4ngerbundes NRW, \u00fcberreichte dem 1. Vorsitzenden Lars Becker und Musikdirektor FDB Klaus Levermann auf der B\u00fchne des Zeughauses in Neuss vor mehr als 800 G\u00e4sten die Urkunde &#8211; verbunden mit den Gl\u00fcckw\u00fcnschen f\u00fcr eine imposante Leistung. Denn alle vier Liedvortr\u00e4ge bewertete die sechsk\u00f6pfige Jury mit einem &#8222;sehr gut&#8220;.<\/p>\n<p><a href=\"http:\/\/www.amante-menden.de\/wordpress\/wp-content\/uploads\/2016\/01\/6-23.jpg\" rel=\"attachment wp-att-2644\"><img loading=\"lazy\" decoding=\"async\" class=\" wp-image-2644 alignright\" src=\"http:\/\/www.amante-menden.de\/wordpress\/wp-content\/uploads\/2016\/01\/6-23-225x300.jpg\" alt=\"6\" width=\"134\" height=\"179\" \/><\/a>&#8222;Dieser Chor hat es geschafft, in k\u00fcrzester Zeit viele neue Aktive zu integrieren und wieder einmal auf den Punkt genau einen Top-Auftritt hinzulegen. Ich bin einfach nur unglaublich stolz&#8220;, strahlte Chorleiter Levermann. &#8222;23 unserer 45 Aktiven waren zuvor noch nie auf einem Meisterchorsingen, 13 noch nie bei einem Leistungssingen. Wir h\u00e4tten nicht zu tr\u00e4umen gewagt, dass uns ein solcher Wurf gelingt. Das ist die Belohnung f\u00fcr ein halbes Jahr harter Arbeit&#8220;, erg\u00e4nzte Becker.<\/p>\n<p><a href=\"http:\/\/www.amante-menden.de\/wordpress\/wp-content\/uploads\/2016\/01\/4-27.jpg\" rel=\"attachment wp-att-2642\"><img loading=\"lazy\" decoding=\"async\" class=\"size-medium wp-image-2642 alignleft\" src=\"http:\/\/www.amante-menden.de\/wordpress\/wp-content\/uploads\/2016\/01\/4-27-300x198.jpg\" alt=\"4\" width=\"300\" height=\"198\" srcset=\"https:\/\/www.amante-menden.de\/wordpress\/wp-content\/uploads\/2016\/01\/4-27-300x198.jpg 300w, https:\/\/www.amante-menden.de\/wordpress\/wp-content\/uploads\/2016\/01\/4-27.jpg 455w\" sizes=\"auto, (max-width: 300px) 100vw, 300px\" \/><\/a>Nach einer gem\u00fctlichen Grillfete am Vorabend, einer schlaflosen Nacht sowie der letzten Probe in Neuss musste amante um 19.20 Uhr auf die B\u00fchne. F\u00fcr das Madrigal &#8222;Musica, die ganz liebliche Kunst&#8220; (Johannes Jeep) gab es 21,8 von jeweils 25 m\u00f6glichen Punkten; f\u00fcr den Passionsgesang &#8222;Eli, Eli!&#8220; (Georgius Bardos) und das Volkslied &#8222;Untreue&#8220; (Max Reger) 22,0 Punkte. &#8222;Sur le pont d&#8217;Avignon&#8220; (Heinz Lemmermann) wurde sogar mit 22,8 Punkten bewertet.<\/p>\n<p><a href=\"http:\/\/www.amante-menden.de\/wordpress\/wp-content\/uploads\/2016\/01\/3-32.jpg\" rel=\"attachment wp-att-2641\"><img loading=\"lazy\" decoding=\"async\" class=\"size-medium wp-image-2641 alignright\" src=\"http:\/\/www.amante-menden.de\/wordpress\/wp-content\/uploads\/2016\/01\/3-32-300x134.jpg\" alt=\"3\" width=\"300\" height=\"134\" srcset=\"https:\/\/www.amante-menden.de\/wordpress\/wp-content\/uploads\/2016\/01\/3-32-300x134.jpg 300w, https:\/\/www.amante-menden.de\/wordpress\/wp-content\/uploads\/2016\/01\/3-32.jpg 671w\" sizes=\"auto, (max-width: 300px) 100vw, 300px\" \/><\/a>Da war es kein Wunder, dass noch in Neuss auf dem Vorplatz des Zeughauses reichlich Freudentr\u00e4nen flossen, die Sektkorken knallten und anschlie\u00dfend in der Mendener M\u00fchle die Nacht zum Tag gemacht wurde. Das hatten sich die amante-Aktiven und die vielen &#8222;Schlachtenbummler&#8220; aber auch redlich verdient&#8230;<\/p>\n","protected":false},"excerpt":{"rendered":"<p>amante della musica menden darf sich f\u00fcr f\u00fcnf weitere Jahre Meisterchor nennen! Am 31.05.03 bestand amante das Leistungssingen der Stufe 3 mit viermal der Note &#8222;sehr gut&#8220;! Um exakt 22.14 Uhr hatte das Hoffen und Bangen am Samstag f\u00fcr Chorleiter &hellip; <a href=\"https:\/\/www.amante-menden.de\/?page_id=2638\">Weiterlesen <span class=\"meta-nav\">&rarr;<\/span><\/a><\/p>\n","protected":false},"author":1,"featured_media":0,"parent":159,"menu_order":37,"comment_status":"closed","ping_status":"closed","template":"","meta":{"footnotes":""},"class_list":["post-2638","page","type-page","status-publish","hentry"],"_links":{"self":[{"href":"https:\/\/www.amante-menden.de\/index.php?rest_route=\/wp\/v2\/pages\/2638","targetHints":{"allow":["GET"]}}],"collection":[{"href":"https:\/\/www.amante-menden.de\/index.php?rest_route=\/wp\/v2\/pages"}],"about":[{"href":"https:\/\/www.amante-menden.de\/index.php?rest_route=\/wp\/v2\/types\/page"}],"author":[{"embeddable":true,"href":"https:\/\/www.amante-menden.de\/index.php?rest_route=\/wp\/v2\/users\/1"}],"replies":[{"embeddable":true,"href":"https:\/\/www.amante-menden.de\/index.php?rest_route=%2Fwp%2Fv2%2Fcomments&post=2638"}],"version-history":[{"count":1,"href":"https:\/\/www.amante-menden.de\/index.php?rest_route=\/wp\/v2\/pages\/2638\/revisions"}],"predecessor-version":[{"id":2645,"href":"https:\/\/www.amante-menden.de\/index.php?rest_route=\/wp\/v2\/pages\/2638\/revisions\/2645"}],"up":[{"embeddable":true,"href":"https:\/\/www.amante-menden.de\/index.php?rest_route=\/wp\/v2\/pages\/159"}],"wp:attachment":[{"href":"https:\/\/www.amante-menden.de\/index.php?rest_route=%2Fwp%2Fv2%2Fmedia&parent=2638"}],"curies":[{"name":"wp","href":"https:\/\/api.w.org\/{rel}","templated":true}]}}

<h3 style="text-align: justify;">amante della musica menden darf sich für fünf weitere Jahre Meisterchor nennen!</h3>
<h3 style="text-align: justify;"><a href="http://www.amante-menden.de/wordpress/wp-content/uploads/2016/01/1-33.jpg" rel="attachment wp-att-2639"><img loading="lazy" decoding="async" class="alignnone size-full wp-image-2639" src="http://www.amante-menden.de/wordpress/wp-content/uploads/2016/01/1-33.jpg" alt="1" width="847" height="200" srcset="https://www.amante-menden.de/wordpress/wp-content/uploads/2016/01/1-33.jpg 847w, https://www.amante-menden.de/wordpress/wp-content/uploads/2016/01/1-33-300x71.jpg 300w, https://www.amante-menden.de/wordpress/wp-content/uploads/2016/01/1-33-768x181.jpg 768w" sizes="auto, (max-width: 847px) 100vw, 847px" /></a></h3>
<h3 style="text-align: justify;">Am 31.05.03 bestand amante das Leistungssingen der Stufe 3 mit viermal der Note &#8222;sehr gut&#8220;!</h3>
<p style="text-align: justify;"><a href="http://www.amante-menden.de/wordpress/wp-content/uploads/2016/01/5-25.jpg" rel="attachment wp-att-2643"><img loading="lazy" decoding="async" class="size-medium wp-image-2643 alignright" src="http://www.amante-menden.de/wordpress/wp-content/uploads/2016/01/5-25-300x244.jpg" alt="5" width="300" height="244" srcset="https://www.amante-menden.de/wordpress/wp-content/uploads/2016/01/5-25-300x244.jpg 300w, https://www.amante-menden.de/wordpress/wp-content/uploads/2016/01/5-25.jpg 369w" sizes="auto, (max-width: 300px) 100vw, 300px" /></a>Um exakt 22.14 Uhr hatte das Hoffen und Bangen am Samstag für Chorleiter Klaus Levermann, die 45 Aktiven und die zahlreich mitgereisten &#8222;Fans&#8220; ein Ende: amante della musica menden hat den Titel &#8222;Meisterchor im Sängerbund Nordrhein-Westfalen e.V.&#8220; zum dritten Mal ersungen. Damit dürfen die &#8222;Musikliebhaber&#8220; diese höchste Auszeichnung der Leistungssingen im Bundesland bis zur neuerlichen Titelverteidigung im Jahr 2008 tragen.</p>
<p><a href="http://www.amante-menden.de/wordpress/wp-content/uploads/2016/01/2-31.jpg" rel="attachment wp-att-2640"><img loading="lazy" decoding="async" class=" wp-image-2640 alignleft" src="http://www.amante-menden.de/wordpress/wp-content/uploads/2016/01/2-31-300x225.jpg" alt="2" width="259" height="194" srcset="https://www.amante-menden.de/wordpress/wp-content/uploads/2016/01/2-31-300x225.jpg 300w, https://www.amante-menden.de/wordpress/wp-content/uploads/2016/01/2-31.jpg 400w" sizes="auto, (max-width: 259px) 100vw, 259px" /></a>Hermann Otto, der Präsident des Sängerbundes NRW, überreichte dem 1. Vorsitzenden Lars Becker und Musikdirektor FDB Klaus Levermann auf der Bühne des Zeughauses in Neuss vor mehr als 800 Gästen die Urkunde &#8211; verbunden mit den Glückwünschen für eine imposante Leistung. Denn alle vier Liedvorträge bewertete die sechsköpfige Jury mit einem &#8222;sehr gut&#8220;.</p>
<p><a href="http://www.amante-menden.de/wordpress/wp-content/uploads/2016/01/6-23.jpg" rel="attachment wp-att-2644"><img loading="lazy" decoding="async" class=" wp-image-2644 alignright" src="http://www.amante-menden.de/wordpress/wp-content/uploads/2016/01/6-23-225x300.jpg" alt="6" width="134" height="179" /></a>&#8222;Dieser Chor hat es geschafft, in kürzester Zeit viele neue Aktive zu integrieren und wieder einmal auf den Punkt genau einen Top-Auftritt hinzulegen. Ich bin einfach nur unglaublich stolz&#8220;, strahlte Chorleiter Levermann. &#8222;23 unserer 45 Aktiven waren zuvor noch nie auf einem Meisterchorsingen, 13 noch nie bei einem Leistungssingen. Wir hätten nicht zu träumen gewagt, dass uns ein solcher Wurf gelingt. Das ist die Belohnung für ein halbes Jahr harter Arbeit&#8220;, ergänzte Becker.</p>
<p><a href="http://www.amante-menden.de/wordpress/wp-content/uploads/2016/01/4-27.jpg" rel="attachment wp-att-2642"><img loading="lazy" decoding="async" class="size-medium wp-image-2642 alignleft" src="http://www.amante-menden.de/wordpress/wp-content/uploads/2016/01/4-27-300x198.jpg" alt="4" width="300" height="198" srcset="https://www.amante-menden.de/wordpress/wp-content/uploads/2016/01/4-27-300x198.jpg 300w, https://www.amante-menden.de/wordpress/wp-content/uploads/2016/01/4-27.jpg 455w" sizes="auto, (max-width: 300px) 100vw, 300px" /></a>Nach einer gemütlichen Grillfete am Vorabend, einer schlaflosen Nacht sowie der letzten Probe in Neuss musste amante um 19.20 Uhr auf die Bühne. Für das Madrigal &#8222;Musica, die ganz liebliche Kunst&#8220; (Johannes Jeep) gab es 21,8 von jeweils 25 möglichen Punkten; für den Passionsgesang &#8222;Eli, Eli!&#8220; (Georgius Bardos) und das Volkslied &#8222;Untreue&#8220; (Max Reger) 22,0 Punkte. &#8222;Sur le pont d&#8217;Avignon&#8220; (Heinz Lemmermann) wurde sogar mit 22,8 Punkten bewertet.</p>
<p><a href="http://www.amante-menden.de/wordpress/wp-content/uploads/2016/01/3-32.jpg" rel="attachment wp-att-2641"><img loading="lazy" decoding="async" class="size-medium wp-image-2641 alignright" src="http://www.amante-menden.de/wordpress/wp-content/uploads/2016/01/3-32-300x134.jpg" alt="3" width="300" height="134" srcset="https://www.amante-menden.de/wordpress/wp-content/uploads/2016/01/3-32-300x134.jpg 300w, https://www.amante-menden.de/wordpress/wp-content/uploads/2016/01/3-32.jpg 671w" sizes="auto, (max-width: 300px) 100vw, 300px" /></a>Da war es kein Wunder, dass noch in Neuss auf dem Vorplatz des Zeughauses reichlich Freudentränen flossen, die Sektkorken knallten und anschließend in der Mendener Mühle die Nacht zum Tag gemacht wurde. Das hatten sich die amante-Aktiven und die vielen &#8222;Schlachtenbummler&#8220; aber auch redlich verdient&#8230;</p>

<p>amante della musica menden darf sich für fünf weitere Jahre Meisterchor nennen! Am 31.05.03 bestand amante das Leistungssingen der Stufe 3 mit viermal der Note &#8222;sehr gut&#8220;! Um exakt 22.14 Uhr hatte das Hoffen und Bangen am Samstag für Chorleiter &hellip; <a href="https://www.amante-menden.de/?page_id=2638">Weiterlesen <span class="meta-nav">&rarr;</span></a></p>
