{"id":2694,"date":"2016-01-06T14:47:57","date_gmt":"2016-01-06T12:47:57","guid":{"rendered":"http:\/\/www.amante-menden.de\/?page_id=2694"},"modified":"2016-01-06T14:47:57","modified_gmt":"2016-01-06T12:47:57","slug":"amantes-tagesausflug-am-28-09-2003-nach-eslohe","status":"publish","type":"page","link":"https:\/\/www.amante-menden.de\/?page_id=2694","title":{"rendered":"amantes Tagesausflug am 28.09.2003 nach Eslohe"},"content":{"rendered":"<p style=\"text-align: justify;\"><a href=\"http:\/\/www.amante-menden.de\/wordpress\/wp-content\/uploads\/2016\/01\/amante_eslohe.jpg\" rel=\"attachment wp-att-2695\"><img loading=\"lazy\" decoding=\"async\" class=\"size-full wp-image-2695 aligncenter\" src=\"http:\/\/www.amante-menden.de\/wordpress\/wp-content\/uploads\/2016\/01\/amante_eslohe.jpg\" alt=\"amante_eslohe\" width=\"592\" height=\"300\" srcset=\"https:\/\/www.amante-menden.de\/wordpress\/wp-content\/uploads\/2016\/01\/amante_eslohe.jpg 592w, https:\/\/www.amante-menden.de\/wordpress\/wp-content\/uploads\/2016\/01\/amante_eslohe-300x152.jpg 300w\" sizes=\"auto, (max-width: 592px) 100vw, 592px\" \/><\/a><\/p>\n<p style=\"text-align: justify;\"><strong>Menden.<\/strong> Chorgesang und Gerstensaft &#8211; das passt vermeintlich immer dann sehr gut zusammen, wenn M\u00e4nnerch\u00f6re sich aufmachen und die Geselligkeit pflegen. Doch jetzt hat auch der heimische Meisterchor amante della musica menden einen Ausflug dem Thema Bier gewidmet. Der r\u00fchrige Vergn\u00fcgungsausschuss, der wohlgemerkt nur aus S\u00e4ngerinnen besteht, hatte eine Tagesfahrt in den sauerl\u00e4ndischen Luftkurort Eslohe organisiert, die bestens ankam. Unter anderem stand hierbei auch die Besichtigung des Esloher Brauhauses auf dem Programm.<\/p>\n<p style=\"text-align: justify;\" align=\"justify\">Der Wettergott meinte es an diesem Tag sehr gut mit den S\u00e4ngerinnen, S\u00e4ngern und ihren Partnern. Denn als die Mendener Gruppe vor dem Esselbr\u00e4u-Haus aus dem Bus stieg, schlossen sich die Schleusen und die Sonne wagte sich hervor. Das \u00e4nderte sich auch den ganzen Tag nicht mehr, so dass vor allem die zweist\u00fcndige Planwagenfahrt durch die W\u00e4lder Eslohes nach dem Mittagessen ein voller Erfolg wurde. Vier Pferde, zwei Planwagen, unz\u00e4hlige Lieder aus dem Repertoire des Chores: Viel zu schnell war dieser Teil des Ausfluges schon wieder Geschichte.<\/p>\n<p style=\"text-align: justify;\" align=\"justify\">Auch ohne den verhinderten Chorleiter, Musikdirektor FDB Klaus Levermann, lie\u00df es sich amante della musica nat\u00fcrlich nicht nehmen, in der Esloher Dorfkirche das eine oder andere sakrale St\u00fcck zu singen. Dabei kamen die Sopr\u00e4ne, Altistinnen, Ten\u00f6re und B\u00e4sse in den Genuss einer tollen Akustik.<\/p>\n<p style=\"text-align: justify;\" align=\"justify\">Nach der Planwagenfahrt schauten die &#8222;Musikliebhaber&#8220; dann dem Esloher Braumeister sehr interessiert \u00fcber die Schulter. Er demonstrierte anschaulich die Kunst des Brauens. Und vor allem die S\u00e4nger \u00fcberzeugten sich davon, dass der sauerl\u00e4ndische Gerstensaft sowohl in der hellen als auch in der dunkeln Ausf\u00fchrung sehr bek\u00f6mmlich ist. Die J\u00fcngeren im Chor probierten unterdessen das hauseigene Malzbier. Nach einem Imbiss am Bus ging es dann am Abend zur\u00fcck nach Menden mit der Gewissheit, dass man einen solchen Tag schnell wiederholen wird.<\/p>\n","protected":false},"excerpt":{"rendered":"<p>Menden. Chorgesang und Gerstensaft &#8211; das passt vermeintlich immer dann sehr gut zusammen, wenn M\u00e4nnerch\u00f6re sich aufmachen und die Geselligkeit pflegen. Doch jetzt hat auch der heimische Meisterchor amante della musica menden einen Ausflug dem Thema Bier gewidmet. Der r\u00fchrige &hellip; <a href=\"https:\/\/www.amante-menden.de\/?page_id=2694\">Weiterlesen <span class=\"meta-nav\">&rarr;<\/span><\/a><\/p>\n","protected":false},"author":1,"featured_media":0,"parent":161,"menu_order":310,"comment_status":"closed","ping_status":"closed","template":"","meta":{"footnotes":""},"class_list":["post-2694","page","type-page","status-publish","hentry"],"_links":{"self":[{"href":"https:\/\/www.amante-menden.de\/index.php?rest_route=\/wp\/v2\/pages\/2694","targetHints":{"allow":["GET"]}}],"collection":[{"href":"https:\/\/www.amante-menden.de\/index.php?rest_route=\/wp\/v2\/pages"}],"about":[{"href":"https:\/\/www.amante-menden.de\/index.php?rest_route=\/wp\/v2\/types\/page"}],"author":[{"embeddable":true,"href":"https:\/\/www.amante-menden.de\/index.php?rest_route=\/wp\/v2\/users\/1"}],"replies":[{"embeddable":true,"href":"https:\/\/www.amante-menden.de\/index.php?rest_route=%2Fwp%2Fv2%2Fcomments&post=2694"}],"version-history":[{"count":1,"href":"https:\/\/www.amante-menden.de\/index.php?rest_route=\/wp\/v2\/pages\/2694\/revisions"}],"predecessor-version":[{"id":2696,"href":"https:\/\/www.amante-menden.de\/index.php?rest_route=\/wp\/v2\/pages\/2694\/revisions\/2696"}],"up":[{"embeddable":true,"href":"https:\/\/www.amante-menden.de\/index.php?rest_route=\/wp\/v2\/pages\/161"}],"wp:attachment":[{"href":"https:\/\/www.amante-menden.de\/index.php?rest_route=%2Fwp%2Fv2%2Fmedia&parent=2694"}],"curies":[{"name":"wp","href":"https:\/\/api.w.org\/{rel}","templated":true}]}}