{"id":3073,"date":"2016-08-30T19:08:12","date_gmt":"2016-08-30T17:08:12","guid":{"rendered":"http:\/\/www.amante-menden.de\/?page_id=3073"},"modified":"2017-01-18T12:36:09","modified_gmt":"2017-01-18T10:36:09","slug":"probenwochenende-2016-in-paderborn","status":"publish","type":"page","link":"https:\/\/www.amante-menden.de\/?page_id=3073","title":{"rendered":"Probenwochenende 2016 in Paderborn"},"content":{"rendered":"<p style=\"text-align: justify;\"><a href=\"http:\/\/www.amante-menden.de\/wordpress\/wp-content\/uploads\/2016\/08\/Gruppe.jpg\"><img loading=\"lazy\" decoding=\"async\" class=\"alignnone size-large wp-image-3064\" src=\"http:\/\/www.amante-menden.de\/wordpress\/wp-content\/uploads\/2016\/08\/Gruppe-1024x387.jpg\" alt=\"Gruppe\" width=\"640\" height=\"242\" srcset=\"https:\/\/www.amante-menden.de\/wordpress\/wp-content\/uploads\/2016\/08\/Gruppe-1024x387.jpg 1024w, https:\/\/www.amante-menden.de\/wordpress\/wp-content\/uploads\/2016\/08\/Gruppe-300x113.jpg 300w, https:\/\/www.amante-menden.de\/wordpress\/wp-content\/uploads\/2016\/08\/Gruppe-768x290.jpg 768w\" sizes=\"auto, (max-width: 640px) 100vw, 640px\" \/><\/a>Ohne \u00dcbertreibung: Das Probewochenende von amante della musica im Liborianum in Paderborn war gro\u00dfartig. Inzwischen sind Chorleiter Stefan Risse sowie alle S\u00e4ngerinnen und S\u00e4nger wohlbehalten wieder in der Heimat angekommen.<\/p>\n<p style=\"text-align: justify;\">Der Proberaum samt Steinway-Fl\u00fcgel war perfekt, die Vollverpflegung samt Obst und Kaffee hervorragend, der Kapuzinerkeller zur Pflege von Geselligkeit und Wir-Gef\u00fchl ideal, die Zimmer herrlich &#8211; und der Dirigent in H\u00f6chstfo<span class=\"text_exposed_hide\">&#8230;<\/span><span class=\"text_exposed_show\">rm und ein super Motivator.<\/span><\/p>\n<div class=\"text_exposed_show\">\n<p style=\"text-align: justify;\">Die Besucher des Konzertes am 3. Oktober d\u00fcrfen sich wirklich freuen! Vielf\u00e4ltiger und mitrei\u00dfender geht es kaum&#8230;<\/p>\n<p style=\"text-align: justify;\">In der ersten Nacht hatten etliche Flederm\u00e4use einen Flur erobert. Bei der Abreise wollte ein Auto nicht mehr &#8211; der ADAC musste kommen. Es war also ereignisreich &#8211; aber im Team haben wir alles prima gemeistert.<\/p>\n<p style=\"text-align: justify;\">Ach ja: Die Aktiven wissen jetzt schon, wie unsere neue CD hei\u00dft und wie sie aussehen wird. Und sie haben auch \u00fcber die Chorfahrt 2018 beratschlagt. Es wird aber nichts verraten.<\/p>\n<div id='gallery-1' class='gallery galleryid-3073 gallery-columns-3 gallery-size-thumbnail'><dl class='gallery-item'>\n\t\t\t<dt class='gallery-icon portrait'>\n\t\t\t\t<a href='https:\/\/www.amante-menden.de\/?attachment_id=3072'><img loading=\"lazy\" decoding=\"async\" width=\"150\" height=\"150\" src=\"https:\/\/www.amante-menden.de\/wordpress\/wp-content\/uploads\/2016\/08\/IMG_9862-e1472576950160-150x150.jpg\" class=\"attachment-thumbnail size-thumbnail\" alt=\"\" srcset=\"https:\/\/www.amante-menden.de\/wordpress\/wp-content\/uploads\/2016\/08\/IMG_9862-e1472576950160-150x150.jpg 150w, https:\/\/www.amante-menden.de\/wordpress\/wp-content\/uploads\/2016\/08\/IMG_9862-e1472576950160-144x144.jpg 144w\" sizes=\"auto, (max-width: 150px) 100vw, 150px\" \/><\/a>\n\t\t\t<\/dt><\/dl><dl class='gallery-item'>\n\t\t\t<dt class='gallery-icon landscape'>\n\t\t\t\t<a href='https:\/\/www.amante-menden.de\/?attachment_id=3071'><img loading=\"lazy\" decoding=\"async\" width=\"150\" height=\"150\" src=\"https:\/\/www.amante-menden.de\/wordpress\/wp-content\/uploads\/2016\/08\/IMG_9844-150x150.jpg\" class=\"attachment-thumbnail size-thumbnail\" alt=\"\" srcset=\"https:\/\/www.amante-menden.de\/wordpress\/wp-content\/uploads\/2016\/08\/IMG_9844-150x150.jpg 150w, https:\/\/www.amante-menden.de\/wordpress\/wp-content\/uploads\/2016\/08\/IMG_9844-144x144.jpg 144w\" sizes=\"auto, (max-width: 150px) 100vw, 150px\" \/><\/a>\n\t\t\t<\/dt><\/dl><dl class='gallery-item'>\n\t\t\t<dt class='gallery-icon landscape'>\n\t\t\t\t<a href='https:\/\/www.amante-menden.de\/?attachment_id=3070'><img loading=\"lazy\" decoding=\"async\" width=\"150\" height=\"150\" src=\"https:\/\/www.amante-menden.de\/wordpress\/wp-content\/uploads\/2016\/08\/IMG_9823-150x150.jpg\" class=\"attachment-thumbnail size-thumbnail\" alt=\"\" srcset=\"https:\/\/www.amante-menden.de\/wordpress\/wp-content\/uploads\/2016\/08\/IMG_9823-150x150.jpg 150w, https:\/\/www.amante-menden.de\/wordpress\/wp-content\/uploads\/2016\/08\/IMG_9823-144x144.jpg 144w\" sizes=\"auto, (max-width: 150px) 100vw, 150px\" \/><\/a>\n\t\t\t<\/dt><\/dl><br style=\"clear: both\" \/><dl class='gallery-item'>\n\t\t\t<dt class='gallery-icon landscape'>\n\t\t\t\t<a href='https:\/\/www.amante-menden.de\/?attachment_id=3069'><img loading=\"lazy\" decoding=\"async\" width=\"150\" height=\"150\" src=\"https:\/\/www.amante-menden.de\/wordpress\/wp-content\/uploads\/2016\/08\/IMG_9898-150x150.jpg\" class=\"attachment-thumbnail size-thumbnail\" alt=\"\" srcset=\"https:\/\/www.amante-menden.de\/wordpress\/wp-content\/uploads\/2016\/08\/IMG_9898-150x150.jpg 150w, https:\/\/www.amante-menden.de\/wordpress\/wp-content\/uploads\/2016\/08\/IMG_9898-144x144.jpg 144w\" sizes=\"auto, (max-width: 150px) 100vw, 150px\" \/><\/a>\n\t\t\t<\/dt><\/dl><dl class='gallery-item'>\n\t\t\t<dt class='gallery-icon landscape'>\n\t\t\t\t<a href='https:\/\/www.amante-menden.de\/?attachment_id=3068'><img loading=\"lazy\" decoding=\"async\" width=\"150\" height=\"150\" src=\"https:\/\/www.amante-menden.de\/wordpress\/wp-content\/uploads\/2016\/08\/IMG_9873-150x150.jpg\" class=\"attachment-thumbnail size-thumbnail\" alt=\"\" srcset=\"https:\/\/www.amante-menden.de\/wordpress\/wp-content\/uploads\/2016\/08\/IMG_9873-150x150.jpg 150w, https:\/\/www.amante-menden.de\/wordpress\/wp-content\/uploads\/2016\/08\/IMG_9873-144x144.jpg 144w\" sizes=\"auto, (max-width: 150px) 100vw, 150px\" \/><\/a>\n\t\t\t<\/dt><\/dl><dl class='gallery-item'>\n\t\t\t<dt class='gallery-icon landscape'>\n\t\t\t\t<a href='https:\/\/www.amante-menden.de\/?attachment_id=3067'><img loading=\"lazy\" decoding=\"async\" width=\"150\" height=\"150\" src=\"https:\/\/www.amante-menden.de\/wordpress\/wp-content\/uploads\/2016\/08\/IMG_9872-150x150.jpg\" class=\"attachment-thumbnail size-thumbnail\" alt=\"\" srcset=\"https:\/\/www.amante-menden.de\/wordpress\/wp-content\/uploads\/2016\/08\/IMG_9872-150x150.jpg 150w, https:\/\/www.amante-menden.de\/wordpress\/wp-content\/uploads\/2016\/08\/IMG_9872-144x144.jpg 144w\" sizes=\"auto, (max-width: 150px) 100vw, 150px\" \/><\/a>\n\t\t\t<\/dt><\/dl><br style=\"clear: both\" \/><dl class='gallery-item'>\n\t\t\t<dt class='gallery-icon landscape'>\n\t\t\t\t<a href='https:\/\/www.amante-menden.de\/?attachment_id=3066'><img loading=\"lazy\" decoding=\"async\" width=\"150\" height=\"150\" src=\"https:\/\/www.amante-menden.de\/wordpress\/wp-content\/uploads\/2016\/08\/IMG_9871-150x150.jpg\" class=\"attachment-thumbnail size-thumbnail\" alt=\"\" srcset=\"https:\/\/www.amante-menden.de\/wordpress\/wp-content\/uploads\/2016\/08\/IMG_9871-150x150.jpg 150w, https:\/\/www.amante-menden.de\/wordpress\/wp-content\/uploads\/2016\/08\/IMG_9871-144x144.jpg 144w\" sizes=\"auto, (max-width: 150px) 100vw, 150px\" \/><\/a>\n\t\t\t<\/dt><\/dl><dl class='gallery-item'>\n\t\t\t<dt class='gallery-icon landscape'>\n\t\t\t\t<a href='https:\/\/www.amante-menden.de\/?attachment_id=3065'><img loading=\"lazy\" decoding=\"async\" width=\"150\" height=\"150\" src=\"https:\/\/www.amante-menden.de\/wordpress\/wp-content\/uploads\/2016\/08\/IMG_9864-150x150.jpg\" class=\"attachment-thumbnail size-thumbnail\" alt=\"\" srcset=\"https:\/\/www.amante-menden.de\/wordpress\/wp-content\/uploads\/2016\/08\/IMG_9864-150x150.jpg 150w, https:\/\/www.amante-menden.de\/wordpress\/wp-content\/uploads\/2016\/08\/IMG_9864-144x144.jpg 144w\" sizes=\"auto, (max-width: 150px) 100vw, 150px\" \/><\/a>\n\t\t\t<\/dt><\/dl>\n\t\t\t<br style='clear: both' \/>\n\t\t<\/div>\n\n<\/div>\n","protected":false},"excerpt":{"rendered":"<p>Ohne \u00dcbertreibung: Das Probewochenende von amante della musica im Liborianum in Paderborn war gro\u00dfartig. Inzwischen sind Chorleiter Stefan Risse sowie alle S\u00e4ngerinnen und S\u00e4nger wohlbehalten wieder in der Heimat angekommen. Der Proberaum samt Steinway-Fl\u00fcgel war perfekt, die Vollverpflegung samt Obst &hellip; <a href=\"https:\/\/www.amante-menden.de\/?page_id=3073\">Weiterlesen <span class=\"meta-nav\">&rarr;<\/span><\/a><\/p>\n","protected":false},"author":1,"featured_media":0,"parent":3225,"menu_order":168,"comment_status":"closed","ping_status":"closed","template":"","meta":{"footnotes":""},"class_list":["post-3073","page","type-page","status-publish","hentry"],"_links":{"self":[{"href":"https:\/\/www.amante-menden.de\/index.php?rest_route=\/wp\/v2\/pages\/3073","targetHints":{"allow":["GET"]}}],"collection":[{"href":"https:\/\/www.amante-menden.de\/index.php?rest_route=\/wp\/v2\/pages"}],"about":[{"href":"https:\/\/www.amante-menden.de\/index.php?rest_route=\/wp\/v2\/types\/page"}],"author":[{"embeddable":true,"href":"https:\/\/www.amante-menden.de\/index.php?rest_route=\/wp\/v2\/users\/1"}],"replies":[{"embeddable":true,"href":"https:\/\/www.amante-menden.de\/index.php?rest_route=%2Fwp%2Fv2%2Fcomments&post=3073"}],"version-history":[{"count":3,"href":"https:\/\/www.amante-menden.de\/index.php?rest_route=\/wp\/v2\/pages\/3073\/revisions"}],"predecessor-version":[{"id":3076,"href":"https:\/\/www.amante-menden.de\/index.php?rest_route=\/wp\/v2\/pages\/3073\/revisions\/3076"}],"up":[{"embeddable":true,"href":"https:\/\/www.amante-menden.de\/index.php?rest_route=\/wp\/v2\/pages\/3225"}],"wp:attachment":[{"href":"https:\/\/www.amante-menden.de\/index.php?rest_route=%2Fwp%2Fv2%2Fmedia&parent=3073"}],"curies":[{"name":"wp","href":"https:\/\/api.w.org\/{rel}","templated":true}]}}

<p style="text-align: justify;"><a href="http://www.amante-menden.de/wordpress/wp-content/uploads/2016/08/Gruppe.jpg"><img loading="lazy" decoding="async" class="alignnone size-large wp-image-3064" src="http://www.amante-menden.de/wordpress/wp-content/uploads/2016/08/Gruppe-1024x387.jpg" alt="Gruppe" width="640" height="242" srcset="https://www.amante-menden.de/wordpress/wp-content/uploads/2016/08/Gruppe-1024x387.jpg 1024w, https://www.amante-menden.de/wordpress/wp-content/uploads/2016/08/Gruppe-300x113.jpg 300w, https://www.amante-menden.de/wordpress/wp-content/uploads/2016/08/Gruppe-768x290.jpg 768w" sizes="auto, (max-width: 640px) 100vw, 640px" /></a>Ohne Übertreibung: Das Probewochenende von amante della musica im Liborianum in Paderborn war großartig. Inzwischen sind Chorleiter Stefan Risse sowie alle Sängerinnen und Sänger wohlbehalten wieder in der Heimat angekommen.</p>
<p style="text-align: justify;">Der Proberaum samt Steinway-Flügel war perfekt, die Vollverpflegung samt Obst und Kaffee hervorragend, der Kapuzinerkeller zur Pflege von Geselligkeit und Wir-Gefühl ideal, die Zimmer herrlich &#8211; und der Dirigent in Höchstfo<span class="text_exposed_hide">&#8230;</span><span class="text_exposed_show">rm und ein super Motivator.</span></p>
<div class="text_exposed_show">
<p style="text-align: justify;">Die Besucher des Konzertes am 3. Oktober dürfen sich wirklich freuen! Vielfältiger und mitreißender geht es kaum&#8230;</p>
<p style="text-align: justify;">In der ersten Nacht hatten etliche Fledermäuse einen Flur erobert. Bei der Abreise wollte ein Auto nicht mehr &#8211; der ADAC musste kommen. Es war also ereignisreich &#8211; aber im Team haben wir alles prima gemeistert.</p>
<p style="text-align: justify;">Ach ja: Die Aktiven wissen jetzt schon, wie unsere neue CD heißt und wie sie aussehen wird. Und sie haben auch über die Chorfahrt 2018 beratschlagt. Es wird aber nichts verraten.</p>
<div id='gallery-1' class='gallery galleryid-3073 gallery-columns-3 gallery-size-thumbnail'><dl class='gallery-item'>
			<dt class='gallery-icon portrait'>
				<a href='https://www.amante-menden.de/?attachment_id=3072'><img loading="lazy" decoding="async" width="150" height="150" src="https://www.amante-menden.de/wordpress/wp-content/uploads/2016/08/IMG_9862-e1472576950160-150x150.jpg" class="attachment-thumbnail size-thumbnail" alt="" srcset="https://www.amante-menden.de/wordpress/wp-content/uploads/2016/08/IMG_9862-e1472576950160-150x150.jpg 150w, https://www.amante-menden.de/wordpress/wp-content/uploads/2016/08/IMG_9862-e1472576950160-144x144.jpg 144w" sizes="auto, (max-width: 150px) 100vw, 150px" /></a>
			</dt></dl><dl class='gallery-item'>
			<dt class='gallery-icon landscape'>
				<a href='https://www.amante-menden.de/?attachment_id=3071'><img loading="lazy" decoding="async" width="150" height="150" src="https://www.amante-menden.de/wordpress/wp-content/uploads/2016/08/IMG_9844-150x150.jpg" class="attachment-thumbnail size-thumbnail" alt="" srcset="https://www.amante-menden.de/wordpress/wp-content/uploads/2016/08/IMG_9844-150x150.jpg 150w, https://www.amante-menden.de/wordpress/wp-content/uploads/2016/08/IMG_9844-144x144.jpg 144w" sizes="auto, (max-width: 150px) 100vw, 150px" /></a>
			</dt></dl><dl class='gallery-item'>
			<dt class='gallery-icon landscape'>
				<a href='https://www.amante-menden.de/?attachment_id=3070'><img loading="lazy" decoding="async" width="150" height="150" src="https://www.amante-menden.de/wordpress/wp-content/uploads/2016/08/IMG_9823-150x150.jpg" class="attachment-thumbnail size-thumbnail" alt="" srcset="https://www.amante-menden.de/wordpress/wp-content/uploads/2016/08/IMG_9823-150x150.jpg 150w, https://www.amante-menden.de/wordpress/wp-content/uploads/2016/08/IMG_9823-144x144.jpg 144w" sizes="auto, (max-width: 150px) 100vw, 150px" /></a>
			</dt></dl><br style="clear: both" /><dl class='gallery-item'>
			<dt class='gallery-icon landscape'>
				<a href='https://www.amante-menden.de/?attachment_id=3069'><img loading="lazy" decoding="async" width="150" height="150" src="https://www.amante-menden.de/wordpress/wp-content/uploads/2016/08/IMG_9898-150x150.jpg" class="attachment-thumbnail size-thumbnail" alt="" srcset="https://www.amante-menden.de/wordpress/wp-content/uploads/2016/08/IMG_9898-150x150.jpg 150w, https://www.amante-menden.de/wordpress/wp-content/uploads/2016/08/IMG_9898-144x144.jpg 144w" sizes="auto, (max-width: 150px) 100vw, 150px" /></a>
			</dt></dl><dl class='gallery-item'>
			<dt class='gallery-icon landscape'>
				<a href='https://www.amante-menden.de/?attachment_id=3068'><img loading="lazy" decoding="async" width="150" height="150" src="https://www.amante-menden.de/wordpress/wp-content/uploads/2016/08/IMG_9873-150x150.jpg" class="attachment-thumbnail size-thumbnail" alt="" srcset="https://www.amante-menden.de/wordpress/wp-content/uploads/2016/08/IMG_9873-150x150.jpg 150w, https://www.amante-menden.de/wordpress/wp-content/uploads/2016/08/IMG_9873-144x144.jpg 144w" sizes="auto, (max-width: 150px) 100vw, 150px" /></a>
			</dt></dl><dl class='gallery-item'>
			<dt class='gallery-icon landscape'>
				<a href='https://www.amante-menden.de/?attachment_id=3067'><img loading="lazy" decoding="async" width="150" height="150" src="https://www.amante-menden.de/wordpress/wp-content/uploads/2016/08/IMG_9872-150x150.jpg" class="attachment-thumbnail size-thumbnail" alt="" srcset="https://www.amante-menden.de/wordpress/wp-content/uploads/2016/08/IMG_9872-150x150.jpg 150w, https://www.amante-menden.de/wordpress/wp-content/uploads/2016/08/IMG_9872-144x144.jpg 144w" sizes="auto, (max-width: 150px) 100vw, 150px" /></a>
			</dt></dl><br style="clear: both" /><dl class='gallery-item'>
			<dt class='gallery-icon landscape'>
				<a href='https://www.amante-menden.de/?attachment_id=3066'><img loading="lazy" decoding="async" width="150" height="150" src="https://www.amante-menden.de/wordpress/wp-content/uploads/2016/08/IMG_9871-150x150.jpg" class="attachment-thumbnail size-thumbnail" alt="" srcset="https://www.amante-menden.de/wordpress/wp-content/uploads/2016/08/IMG_9871-150x150.jpg 150w, https://www.amante-menden.de/wordpress/wp-content/uploads/2016/08/IMG_9871-144x144.jpg 144w" sizes="auto, (max-width: 150px) 100vw, 150px" /></a>
			</dt></dl><dl class='gallery-item'>
			<dt class='gallery-icon landscape'>
				<a href='https://www.amante-menden.de/?attachment_id=3065'><img loading="lazy" decoding="async" width="150" height="150" src="https://www.amante-menden.de/wordpress/wp-content/uploads/2016/08/IMG_9864-150x150.jpg" class="attachment-thumbnail size-thumbnail" alt="" srcset="https://www.amante-menden.de/wordpress/wp-content/uploads/2016/08/IMG_9864-150x150.jpg 150w, https://www.amante-menden.de/wordpress/wp-content/uploads/2016/08/IMG_9864-144x144.jpg 144w" sizes="auto, (max-width: 150px) 100vw, 150px" /></a>
			</dt></dl>
			<br style='clear: both' />
		</div>

</div>

<p>Ohne Übertreibung: Das Probewochenende von amante della musica im Liborianum in Paderborn war großartig. Inzwischen sind Chorleiter Stefan Risse sowie alle Sängerinnen und Sänger wohlbehalten wieder in der Heimat angekommen. Der Proberaum samt Steinway-Flügel war perfekt, die Vollverpflegung samt Obst &hellip; <a href="https://www.amante-menden.de/?page_id=3073">Weiterlesen <span class="meta-nav">&rarr;</span></a></p>
