{"id":4127,"date":"2020-02-06T09:19:22","date_gmt":"2020-02-06T07:19:22","guid":{"rendered":"http:\/\/www.amante-menden.de\/?page_id=4127"},"modified":"2020-04-19T14:57:14","modified_gmt":"2020-04-19T12:57:14","slug":"meisterchorsingen","status":"publish","type":"page","link":"https:\/\/www.amante-menden.de\/?page_id=4127","title":{"rendered":"Meisterchorsingen"},"content":{"rendered":"\n<h4 class=\"wp-block-heading\">S\u00e4ngerinnen und S\u00e4nger feiern mit Chorleiter Stefan Risse&nbsp;gro\u00dfen Erfolg in Morsbach<\/h4>\n\n\n\n<p>Die intensive Vorbereitung mit Probewochenende, Stimmbildung und Sonderproben hat die ersehnten Fr\u00fcchte getragen: Der gemischte Chor amante della musica menden ist am Samstag (18. Mai) in Morsbach zum sechsten Mal in Folge Meisterchor geworden. Bis 2024 darf die Singgemeinschaft diesen Titel nun tragen.<\/p>\n\n\n\n<figure class=\"wp-block-image\"><img loading=\"lazy\" decoding=\"async\" width=\"1024\" height=\"497\" src=\"http:\/\/www.amante-menden.de\/wordpress\/wp-content\/uploads\/2019\/05\/Jubel-1024x497.jpg\" alt=\"\" class=\"wp-image-3947\" srcset=\"https:\/\/www.amante-menden.de\/wordpress\/wp-content\/uploads\/2019\/05\/Jubel-1024x497.jpg 1024w, https:\/\/www.amante-menden.de\/wordpress\/wp-content\/uploads\/2019\/05\/Jubel-300x145.jpg 300w, https:\/\/www.amante-menden.de\/wordpress\/wp-content\/uploads\/2019\/05\/Jubel-768x372.jpg 768w\" sizes=\"auto, (max-width: 1024px) 100vw, 1024px\" \/><\/figure>\n\n\n\n<p>1993 (in Meinerzhagen) und 1998 (in Moers) hatte noch der Junge Chor Menden diese h\u00f6chste Auszeichnung im ChorVerband Nordrhein-Westfalen ersungen. Nach der Umbenennung in amante della musica folgten weitere Titel in Neuss (2003), Werl (2008) und Arnsberg (2014).<\/p>\n\n\n\n<p><a href=\"http:\/\/www.amante-menden.de\/?page_id=260\" target=\"_blank\" rel=\"noreferrer noopener\">Hier geht es zur \u00dcbersicht aller amante-Leistungssingen<\/a><\/p>\n\n\n\n<p>Diesen drei Erfolgen lie\u00dfen die S\u00e4ngerinnen und S\u00e4nger von amante jetzt im Oberbergischen Kreis also den sechsten Meisterchor-Titel folgen.<\/p>\n\n\n\n<p>Insgesamt 19 Ch\u00f6re traten am vergangenen Wochenende in Morsbach in dieser Kategorie vor die vierk\u00f6pfige Jury, sechs und damit fast ein Drittel erreichten das Ziel leider nicht. amante bekam indes bescheinigt, die Anforderungen \u201emit einer \u00fcberzeugenden Leistung erf\u00fcllt\u201c zu haben.<\/p>\n\n\n\n<figure class=\"wp-block-image\"><img loading=\"lazy\" decoding=\"async\" width=\"678\" height=\"1024\" src=\"http:\/\/www.amante-menden.de\/wordpress\/wp-content\/uploads\/2019\/05\/IMG_3774-678x1024.jpg\" alt=\"\" class=\"wp-image-3948\" srcset=\"https:\/\/www.amante-menden.de\/wordpress\/wp-content\/uploads\/2019\/05\/IMG_3774-678x1024.jpg 678w, https:\/\/www.amante-menden.de\/wordpress\/wp-content\/uploads\/2019\/05\/IMG_3774-199x300.jpg 199w, https:\/\/www.amante-menden.de\/wordpress\/wp-content\/uploads\/2019\/05\/IMG_3774-768x1159.jpg 768w, https:\/\/www.amante-menden.de\/wordpress\/wp-content\/uploads\/2019\/05\/IMG_3774.jpg 1896w\" sizes=\"auto, (max-width: 678px) 100vw, 678px\" \/><figcaption>Meisterchorsingen 2019 in Morsbach<\/figcaption><\/figure>\n\n\n\n<p>F\u00fcr die 37 Aktiven von amante im Alter von 18 bis 65 Jahren aus Menden, Iserlohn, Balve, Fr\u00f6ndenberg, Werl, Arnsberg und Ense stand nach der Ankunft in der Kulturst\u00e4tte Morsbach zun\u00e4chst noch das einst\u00fcndige Einsingen in der Leonardo-da-Vinci-Schule auf dem Programm.<\/p>\n\n\n\n<p>Chorleiter Stefan Risse stimmte seinen Chor hier optimal auf den Auftritt als drittletzter Teilnehmer des Tages ein. Hoch&nbsp;motiviert gingen die S\u00e4ngerinnen und S\u00e4nger dann auf die B\u00fchne \u2013 und \u00fcberzeugten die Jury mit ihren vier&nbsp;Liedern.<\/p>\n\n\n\n<p>F\u00fcr das englisch-sprachige Madrigal \u201eIt was a lover and his lass\u201c sowie f\u00fcr die Volkslieder \u201eAls wir j\u00fcngst in Regensburg waren\u201c und \u201eGuten Abend, gut\u2018 Nacht\u201c gab es die Beurteilung \u201esehr gut\u201c. Beim lateinischen Chorwerk \u201eUbi caritas\u201c fehlte zum vierten \u201esehr gut\u201c auch nicht viel.<\/p>\n\n\n\n<p>Entsprechend begeistert fielen sich die S\u00e4ngerinnen und S\u00e4nger in die Arme. Hier und dort liefen auch Tr\u00e4nen der Freude \u2013 nicht zuletzt bei jenen sieben Aktiven, die zum ersten Mal \u00fcberhaupt an einem Leistungssingen teilnahmen.<\/p>\n\n\n\n<p>Nach der abendlichen R\u00fcckkehr nach Menden feierte die amante-Familie im \u201eHaseckers\u201c in Lendringsen und lie\u00df am Sonntag eine weitere gro\u00dfe Feier folgen. Es war der verdiente Lohn f\u00fcr viel Arbeit im Vorfeld des Meisterchorsingens.<\/p>\n","protected":false},"excerpt":{"rendered":"<p>S\u00e4ngerinnen und S\u00e4nger feiern mit Chorleiter Stefan Risse&nbsp;gro\u00dfen Erfolg in Morsbach Die intensive Vorbereitung mit Probewochenende, Stimmbildung und Sonderproben hat die ersehnten Fr\u00fcchte getragen: Der gemischte Chor amante della musica menden ist am Samstag (18. Mai) in Morsbach zum sechsten &hellip; <a href=\"https:\/\/www.amante-menden.de\/?page_id=4127\">Weiterlesen <span class=\"meta-nav\">&rarr;<\/span><\/a><\/p>\n","protected":false},"author":1,"featured_media":0,"parent":3225,"menu_order":1903,"comment_status":"closed","ping_status":"closed","template":"","meta":{"footnotes":""},"class_list":["post-4127","page","type-page","status-publish","hentry"],"_links":{"self":[{"href":"https:\/\/www.amante-menden.de\/index.php?rest_route=\/wp\/v2\/pages\/4127","targetHints":{"allow":["GET"]}}],"collection":[{"href":"https:\/\/www.amante-menden.de\/index.php?rest_route=\/wp\/v2\/pages"}],"about":[{"href":"https:\/\/www.amante-menden.de\/index.php?rest_route=\/wp\/v2\/types\/page"}],"author":[{"embeddable":true,"href":"https:\/\/www.amante-menden.de\/index.php?rest_route=\/wp\/v2\/users\/1"}],"replies":[{"embeddable":true,"href":"https:\/\/www.amante-menden.de\/index.php?rest_route=%2Fwp%2Fv2%2Fcomments&post=4127"}],"version-history":[{"count":1,"href":"https:\/\/www.amante-menden.de\/index.php?rest_route=\/wp\/v2\/pages\/4127\/revisions"}],"predecessor-version":[{"id":4128,"href":"https:\/\/www.amante-menden.de\/index.php?rest_route=\/wp\/v2\/pages\/4127\/revisions\/4128"}],"up":[{"embeddable":true,"href":"https:\/\/www.amante-menden.de\/index.php?rest_route=\/wp\/v2\/pages\/3225"}],"wp:attachment":[{"href":"https:\/\/www.amante-menden.de\/index.php?rest_route=%2Fwp%2Fv2%2Fmedia&parent=4127"}],"curies":[{"name":"wp","href":"https:\/\/api.w.org\/{rel}","templated":true}]}}

<h4 class="wp-block-heading">Sängerinnen und Sänger feiern mit Chorleiter Stefan Risse&nbsp;großen Erfolg in Morsbach</h4>



<p>Die intensive Vorbereitung mit Probewochenende, Stimmbildung und Sonderproben hat die ersehnten Früchte getragen: Der gemischte Chor amante della musica menden ist am Samstag (18. Mai) in Morsbach zum sechsten Mal in Folge Meisterchor geworden. Bis 2024 darf die Singgemeinschaft diesen Titel nun tragen.</p>



<figure class="wp-block-image"><img loading="lazy" decoding="async" width="1024" height="497" src="http://www.amante-menden.de/wordpress/wp-content/uploads/2019/05/Jubel-1024x497.jpg" alt="" class="wp-image-3947" srcset="https://www.amante-menden.de/wordpress/wp-content/uploads/2019/05/Jubel-1024x497.jpg 1024w, https://www.amante-menden.de/wordpress/wp-content/uploads/2019/05/Jubel-300x145.jpg 300w, https://www.amante-menden.de/wordpress/wp-content/uploads/2019/05/Jubel-768x372.jpg 768w" sizes="auto, (max-width: 1024px) 100vw, 1024px" /></figure>



<p>1993 (in Meinerzhagen) und 1998 (in Moers) hatte noch der Junge Chor Menden diese höchste Auszeichnung im ChorVerband Nordrhein-Westfalen ersungen. Nach der Umbenennung in amante della musica folgten weitere Titel in Neuss (2003), Werl (2008) und Arnsberg (2014).</p>



<p><a href="http://www.amante-menden.de/?page_id=260" target="_blank" rel="noreferrer noopener">Hier geht es zur Übersicht aller amante-Leistungssingen</a></p>



<p>Diesen drei Erfolgen ließen die Sängerinnen und Sänger von amante jetzt im Oberbergischen Kreis also den sechsten Meisterchor-Titel folgen.</p>



<p>Insgesamt 19 Chöre traten am vergangenen Wochenende in Morsbach in dieser Kategorie vor die vierköpfige Jury, sechs und damit fast ein Drittel erreichten das Ziel leider nicht. amante bekam indes bescheinigt, die Anforderungen „mit einer überzeugenden Leistung erfüllt“ zu haben.</p>



<figure class="wp-block-image"><img loading="lazy" decoding="async" width="678" height="1024" src="http://www.amante-menden.de/wordpress/wp-content/uploads/2019/05/IMG_3774-678x1024.jpg" alt="" class="wp-image-3948" srcset="https://www.amante-menden.de/wordpress/wp-content/uploads/2019/05/IMG_3774-678x1024.jpg 678w, https://www.amante-menden.de/wordpress/wp-content/uploads/2019/05/IMG_3774-199x300.jpg 199w, https://www.amante-menden.de/wordpress/wp-content/uploads/2019/05/IMG_3774-768x1159.jpg 768w, https://www.amante-menden.de/wordpress/wp-content/uploads/2019/05/IMG_3774.jpg 1896w" sizes="auto, (max-width: 678px) 100vw, 678px" /><figcaption>Meisterchorsingen 2019 in Morsbach</figcaption></figure>



<p>Für die 37 Aktiven von amante im Alter von 18 bis 65 Jahren aus Menden, Iserlohn, Balve, Fröndenberg, Werl, Arnsberg und Ense stand nach der Ankunft in der Kulturstätte Morsbach zunächst noch das einstündige Einsingen in der Leonardo-da-Vinci-Schule auf dem Programm.</p>



<p>Chorleiter Stefan Risse stimmte seinen Chor hier optimal auf den Auftritt als drittletzter Teilnehmer des Tages ein. Hoch&nbsp;motiviert gingen die Sängerinnen und Sänger dann auf die Bühne – und überzeugten die Jury mit ihren vier&nbsp;Liedern.</p>



<p>Für das englisch-sprachige Madrigal „It was a lover and his lass“ sowie für die Volkslieder „Als wir jüngst in Regensburg waren“ und „Guten Abend, gut‘ Nacht“ gab es die Beurteilung „sehr gut“. Beim lateinischen Chorwerk „Ubi caritas“ fehlte zum vierten „sehr gut“ auch nicht viel.</p>



<p>Entsprechend begeistert fielen sich die Sängerinnen und Sänger in die Arme. Hier und dort liefen auch Tränen der Freude – nicht zuletzt bei jenen sieben Aktiven, die zum ersten Mal überhaupt an einem Leistungssingen teilnahmen.</p>



<p>Nach der abendlichen Rückkehr nach Menden feierte die amante-Familie im „Haseckers“ in Lendringsen und ließ am Sonntag eine weitere große Feier folgen. Es war der verdiente Lohn für viel Arbeit im Vorfeld des Meisterchorsingens.</p>

<p>Sängerinnen und Sänger feiern mit Chorleiter Stefan Risse&nbsp;großen Erfolg in Morsbach Die intensive Vorbereitung mit Probewochenende, Stimmbildung und Sonderproben hat die ersehnten Früchte getragen: Der gemischte Chor amante della musica menden ist am Samstag (18. Mai) in Morsbach zum sechsten &hellip; <a href="https://www.amante-menden.de/?page_id=4127">Weiterlesen <span class="meta-nav">&rarr;</span></a></p>
