{"id":4278,"date":"2021-01-05T16:28:36","date_gmt":"2021-01-05T14:28:36","guid":{"rendered":"http:\/\/www.amante-menden.de\/?page_id=4278"},"modified":"2023-06-22T13:53:04","modified_gmt":"2023-06-22T11:53:04","slug":"amante-trotzt-dem-coronavirus-auch-zu-weihnachten","status":"publish","type":"page","link":"https:\/\/www.amante-menden.de\/?page_id=4278","title":{"rendered":"amante trotzt dem Coronavirus \u2013 auch zu Weihnachten\u2026"},"content":{"rendered":"\n<figure class=\"wp-block-image size-large is-resized\"><a href=\"http:\/\/www.amante-menden.de\/wordpress\/wp-content\/uploads\/2021\/01\/weihnachtsgruesse-amante.jpg\"><img loading=\"lazy\" decoding=\"async\" src=\"http:\/\/www.amante-menden.de\/wordpress\/wp-content\/uploads\/2021\/01\/weihnachtsgruesse-amante-1024x727.jpg\" alt=\"\" class=\"wp-image-4279\" width=\"512\" height=\"364\" srcset=\"https:\/\/www.amante-menden.de\/wordpress\/wp-content\/uploads\/2021\/01\/weihnachtsgruesse-amante-1024x727.jpg 1024w, https:\/\/www.amante-menden.de\/wordpress\/wp-content\/uploads\/2021\/01\/weihnachtsgruesse-amante-300x213.jpg 300w, https:\/\/www.amante-menden.de\/wordpress\/wp-content\/uploads\/2021\/01\/weihnachtsgruesse-amante-768x545.jpg 768w, https:\/\/www.amante-menden.de\/wordpress\/wp-content\/uploads\/2021\/01\/weihnachtsgruesse-amante.jpg 1121w\" sizes=\"auto, (max-width: 512px) 100vw, 512px\" \/><\/a><\/figure>\n\n\n\n<p>So international die Lieder sind, die wir bei amante della musica menden singen, so international sind in diesem Jahr unsere Weihnachtsgr\u00fc\u00dfe.33 S\u00e4ngerinnen und S\u00e4nger sowie Chorleiter Stefan Risse haben ihre Weihnachtsgr\u00fc\u00dfe in 29 verschiedenen Sprachen, aber auch in Lautschrift oder Geb\u00e4rdensprache ausgedr\u00fcckt: franz\u00f6sisch, spanisch, englisch, irisch, isl\u00e4ndisch, plattdeutsch, finnisch, norwegisch, holl\u00e4ndisch, japanisch, portugiesisch, russisch, schwedisch, d\u00e4nisch, italienisch, griechisch, zulu, inupik (Eskimos), deutsch, esperanto, kroatisch, hebr\u00e4isch, albanisch, faeorese, rum\u00e4nisch, polnisch, chinesisch, ungarisch. <\/p>\n\n\n\n<p>Damit gr\u00fc\u00dfen wir zu diesem so besonderen Weihnachtsfest alle f\u00f6rdernden Mitglieder, Freunde und Fans unseres Chores, die 2020 so wenig wie nie zuvor von uns h\u00f6ren konnten.Euch und Ihnen allen gesegnete Weihnachten.<\/p>\n","protected":false},"excerpt":{"rendered":"<p>So international die Lieder sind, die wir bei amante della musica menden singen, so international sind in diesem Jahr unsere Weihnachtsgr\u00fc\u00dfe.33 S\u00e4ngerinnen und S\u00e4nger sowie Chorleiter Stefan Risse haben ihre Weihnachtsgr\u00fc\u00dfe in 29 verschiedenen Sprachen, aber auch in Lautschrift oder &hellip; <a href=\"https:\/\/www.amante-menden.de\/?page_id=4278\">Weiterlesen <span class=\"meta-nav\">&rarr;<\/span><\/a><\/p>\n","protected":false},"author":1,"featured_media":0,"parent":4558,"menu_order":2004,"comment_status":"closed","ping_status":"closed","template":"","meta":{"footnotes":""},"class_list":["post-4278","page","type-page","status-publish","hentry"],"_links":{"self":[{"href":"https:\/\/www.amante-menden.de\/index.php?rest_route=\/wp\/v2\/pages\/4278","targetHints":{"allow":["GET"]}}],"collection":[{"href":"https:\/\/www.amante-menden.de\/index.php?rest_route=\/wp\/v2\/pages"}],"about":[{"href":"https:\/\/www.amante-menden.de\/index.php?rest_route=\/wp\/v2\/types\/page"}],"author":[{"embeddable":true,"href":"https:\/\/www.amante-menden.de\/index.php?rest_route=\/wp\/v2\/users\/1"}],"replies":[{"embeddable":true,"href":"https:\/\/www.amante-menden.de\/index.php?rest_route=%2Fwp%2Fv2%2Fcomments&post=4278"}],"version-history":[{"count":3,"href":"https:\/\/www.amante-menden.de\/index.php?rest_route=\/wp\/v2\/pages\/4278\/revisions"}],"predecessor-version":[{"id":4287,"href":"https:\/\/www.amante-menden.de\/index.php?rest_route=\/wp\/v2\/pages\/4278\/revisions\/4287"}],"up":[{"embeddable":true,"href":"https:\/\/www.amante-menden.de\/index.php?rest_route=\/wp\/v2\/pages\/4558"}],"wp:attachment":[{"href":"https:\/\/www.amante-menden.de\/index.php?rest_route=%2Fwp%2Fv2%2Fmedia&parent=4278"}],"curies":[{"name":"wp","href":"https:\/\/api.w.org\/{rel}","templated":true}]}}