{"id":451,"date":"2015-06-03T15:55:06","date_gmt":"2015-06-03T13:55:06","guid":{"rendered":"http:\/\/amante-menden.de\/wordpress\/?page_id=451"},"modified":"2015-06-16T15:15:46","modified_gmt":"2015-06-16T13:15:46","slug":"der-neue","status":"publish","type":"page","link":"https:\/\/www.amante-menden.de\/?page_id=451","title":{"rendered":"der &#8222;NEUE&#8220;"},"content":{"rendered":"<p><strong>Bericht Hellweger<\/strong><\/p>\n<p><a href=\"http:\/\/amante-menden.de\/wordpress\/wp-content\/uploads\/2015\/06\/Hellweger-Anzeiger.jpg\"><img loading=\"lazy\" decoding=\"async\" class=\"alignnone size-large wp-image-452\" src=\"http:\/\/amante-menden.de\/wordpress\/wp-content\/uploads\/2015\/06\/Hellweger-Anzeiger-647x1024.jpg\" alt=\"Hellweger Anzeiger, Ausgabe: Froendenberg, vom: Samstag, 2. Febr\" width=\"640\" height=\"1013\" srcset=\"https:\/\/www.amante-menden.de\/wordpress\/wp-content\/uploads\/2015\/06\/Hellweger-Anzeiger-647x1024.jpg 647w, https:\/\/www.amante-menden.de\/wordpress\/wp-content\/uploads\/2015\/06\/Hellweger-Anzeiger-190x300.jpg 190w, https:\/\/www.amante-menden.de\/wordpress\/wp-content\/uploads\/2015\/06\/Hellweger-Anzeiger-900x1425.jpg 900w\" sizes=\"auto, (max-width: 640px) 100vw, 640px\" \/><\/a><\/p>\n<p><a href=\"http:\/\/amante-menden.de\/wordpress\/wp-content\/uploads\/2015\/06\/gruppe-luc.jpg\"><img loading=\"lazy\" decoding=\"async\" class=\"alignnone size-full wp-image-453\" src=\"http:\/\/amante-menden.de\/wordpress\/wp-content\/uploads\/2015\/06\/gruppe-luc.jpg\" alt=\"gruppe-luc\" width=\"670\" height=\"300\" srcset=\"https:\/\/www.amante-menden.de\/wordpress\/wp-content\/uploads\/2015\/06\/gruppe-luc.jpg 670w, https:\/\/www.amante-menden.de\/wordpress\/wp-content\/uploads\/2015\/06\/gruppe-luc-300x134.jpg 300w\" sizes=\"auto, (max-width: 670px) 100vw, 670px\" \/><\/a><\/p>\n<p>&nbsp;<\/p>\n<p><strong>Bericht Westfalenpost<\/strong><\/p>\n<p align=\"justify\">Menden. Amante della musica, einer von Mendens Meisterch\u00f6ren, hat einen neuen Chorleiter. Seit Beginn des Jahres liegt die musikalische Leistung der Sangesgemeinschaft in den H\u00e4nden von Luc van den \u00adBroek. Der Belgier tritt die Nachfolge von Michael Oel an, der sechs Jahre lang die musikalischen Fortschritte des Vereins geformt hatte.<\/p>\n<p>N\u00f6tig geworden war die Suche nach einem neuen Chorleiter, weil sich die Wege von amante und Michael Oel trennen mussten. Es habe unterschiedliche Auffassungen \u00fcber die Priorit\u00e4ten, die dem Chor einzur\u00e4umen sind, gegeben, sagte Vorsitzender Lars Becker am Donnerstagabend \u2013 und gab unumwunden zu, dass die Basis f\u00fcr eine weitere Zusammenarbeit zwischen Chorleiter und Chor nicht mehr gegeben war. Bei einem gro\u00dfen Konzert vor 800 Zuh\u00f6rern Ende vergangenen Jahres in Hemer sagte Oel kurzfristig ab, der Chor musste rasch umdisponieren. Nachdem Michael Oel fernblieb und einen Auftritt mit einem anderen Chor vorzog, bat der Vorstand von amante zu einem kl\u00e4renden Gespr\u00e4ch. In der Folge einigten sich beide Seiten, die Zusammenarbeit aufzuk\u00fcndigen.<\/p>\n<p align=\"justify\">\u201eWir haben Michael Oel viel zu verdanken\u201c, sagte Lars Becker. Die tollen Leistungen in den vergangenen Jahren seien auch zu einem gro\u00dfen Teil die Verdienste von Michael Oel gewesen.<\/p>\n<p>Nicht beim Meisterchorsingen 2013<\/p>\n<p><a href=\"http:\/\/amante-menden.de\/wordpress\/wp-content\/uploads\/2015\/06\/luc-lars.jpg\"><img loading=\"lazy\" decoding=\"async\" class=\" size-large wp-image-454 alignleft\" src=\"http:\/\/amante-menden.de\/wordpress\/wp-content\/uploads\/2015\/06\/luc-lars.jpg\" alt=\"luc-lars\" width=\"400\" height=\"306\" srcset=\"https:\/\/www.amante-menden.de\/wordpress\/wp-content\/uploads\/2015\/06\/luc-lars.jpg 400w, https:\/\/www.amante-menden.de\/wordpress\/wp-content\/uploads\/2015\/06\/luc-lars-300x230.jpg 300w\" sizes=\"auto, (max-width: 400px) 100vw, 400px\" \/><\/a><\/p>\n<p align=\"justify\">Aufgrund des Chorleiter-Wechsels wird amante della musica in diesem Jahr auch nicht am Meisterchorsingen teilnehmen. Man habe sich dazu entschlossen, die Teilnahme abzusagen. Zu knapp sei das Zeitfenster. Stattdessen wird der Chor im Juni bei der \u201eNight of music\u201c in der Balver H\u00f6hle auftreten \u2013 unter Leitung von Luc van den \u00adBroek.<\/p>\n<p align=\"justify\">Der 64-J\u00e4hrige aus M\u00f6hnesee musste nicht lange \u00fcberlegen, als ihm die Leitung des Mendener Chors angeboten wurde. \u201eIch hatte zuletzt vor zw\u00f6lf Jahren einen Meisterchor\u201c, sagte van den Broek. Nur knapp eine Woche nach dem ersten Gespr\u00e4ch leitete der Belgier die erste Probe der Mendener.<\/p>\n<p align=\"justify\">Die Mendener freuen sich nun, einen solch erfahrenen Chorleiter gewonnen zu haben \u2013 und van den Broek freut sich \u00fcber die Aufgabe. \u201eDer Chor ist gut, aber ich kann ihn noch besser machen\u201c, sagte er bei der Probe am vergangenen Donnerstag.<\/p>\n<p align=\"justify\">Zwei andere Ch\u00f6re im Raum Soest hat der Belgier, der lange Zeit bei der Armee seines Landes im Dienst war, schon zum Meisterchor gef\u00fchrt. Und auch f\u00fcr Menden hat er dies ganz oben auf dem Zettel. Dank einer Ausnahmegenehmigung des Chorverbands NRW darf amante am 31. Mai 2014 in Neheim am Meisterchorsingen teilnehmen \u2013 und die Zielsetzung ist klar: Meisterchor mit Luc van den Broek an der Spitze.<\/p>\n<p>&nbsp;<\/p>\n","protected":false},"excerpt":{"rendered":"<p>Bericht Hellweger &nbsp; Bericht Westfalenpost Menden. Amante della musica, einer von Mendens Meisterch\u00f6ren, hat einen neuen Chorleiter. Seit Beginn des Jahres liegt die musikalische Leistung der Sangesgemeinschaft in den H\u00e4nden von Luc van den \u00adBroek. Der Belgier tritt die Nachfolge &hellip; <a href=\"https:\/\/www.amante-menden.de\/?page_id=451\">Weiterlesen <span class=\"meta-nav\">&rarr;<\/span><\/a><\/p>\n","protected":false},"author":1,"featured_media":0,"parent":156,"menu_order":131,"comment_status":"closed","ping_status":"closed","template":"","meta":{"footnotes":""},"class_list":["post-451","page","type-page","status-publish","hentry"],"_links":{"self":[{"href":"https:\/\/www.amante-menden.de\/index.php?rest_route=\/wp\/v2\/pages\/451","targetHints":{"allow":["GET"]}}],"collection":[{"href":"https:\/\/www.amante-menden.de\/index.php?rest_route=\/wp\/v2\/pages"}],"about":[{"href":"https:\/\/www.amante-menden.de\/index.php?rest_route=\/wp\/v2\/types\/page"}],"author":[{"embeddable":true,"href":"https:\/\/www.amante-menden.de\/index.php?rest_route=\/wp\/v2\/users\/1"}],"replies":[{"embeddable":true,"href":"https:\/\/www.amante-menden.de\/index.php?rest_route=%2Fwp%2Fv2%2Fcomments&post=451"}],"version-history":[{"count":2,"href":"https:\/\/www.amante-menden.de\/index.php?rest_route=\/wp\/v2\/pages\/451\/revisions"}],"predecessor-version":[{"id":456,"href":"https:\/\/www.amante-menden.de\/index.php?rest_route=\/wp\/v2\/pages\/451\/revisions\/456"}],"up":[{"embeddable":true,"href":"https:\/\/www.amante-menden.de\/index.php?rest_route=\/wp\/v2\/pages\/156"}],"wp:attachment":[{"href":"https:\/\/www.amante-menden.de\/index.php?rest_route=%2Fwp%2Fv2%2Fmedia&parent=451"}],"curies":[{"name":"wp","href":"https:\/\/api.w.org\/{rel}","templated":true}]}}

<p><strong>Bericht Hellweger</strong></p>
<p><a href="http://amante-menden.de/wordpress/wp-content/uploads/2015/06/Hellweger-Anzeiger.jpg"><img loading="lazy" decoding="async" class="alignnone size-large wp-image-452" src="http://amante-menden.de/wordpress/wp-content/uploads/2015/06/Hellweger-Anzeiger-647x1024.jpg" alt="Hellweger Anzeiger, Ausgabe: Froendenberg, vom: Samstag, 2. Febr" width="640" height="1013" srcset="https://www.amante-menden.de/wordpress/wp-content/uploads/2015/06/Hellweger-Anzeiger-647x1024.jpg 647w, https://www.amante-menden.de/wordpress/wp-content/uploads/2015/06/Hellweger-Anzeiger-190x300.jpg 190w, https://www.amante-menden.de/wordpress/wp-content/uploads/2015/06/Hellweger-Anzeiger-900x1425.jpg 900w" sizes="auto, (max-width: 640px) 100vw, 640px" /></a></p>
<p><a href="http://amante-menden.de/wordpress/wp-content/uploads/2015/06/gruppe-luc.jpg"><img loading="lazy" decoding="async" class="alignnone size-full wp-image-453" src="http://amante-menden.de/wordpress/wp-content/uploads/2015/06/gruppe-luc.jpg" alt="gruppe-luc" width="670" height="300" srcset="https://www.amante-menden.de/wordpress/wp-content/uploads/2015/06/gruppe-luc.jpg 670w, https://www.amante-menden.de/wordpress/wp-content/uploads/2015/06/gruppe-luc-300x134.jpg 300w" sizes="auto, (max-width: 670px) 100vw, 670px" /></a></p>
<p>&nbsp;</p>
<p><strong>Bericht Westfalenpost</strong></p>
<p align="justify">Menden. Amante della musica, einer von Mendens Meisterchören, hat einen neuen Chorleiter. Seit Beginn des Jahres liegt die musikalische Leistung der Sangesgemeinschaft in den Händen von Luc van den ­Broek. Der Belgier tritt die Nachfolge von Michael Oel an, der sechs Jahre lang die musikalischen Fortschritte des Vereins geformt hatte.</p>
<p>Nötig geworden war die Suche nach einem neuen Chorleiter, weil sich die Wege von amante und Michael Oel trennen mussten. Es habe unterschiedliche Auffassungen über die Prioritäten, die dem Chor einzuräumen sind, gegeben, sagte Vorsitzender Lars Becker am Donnerstagabend – und gab unumwunden zu, dass die Basis für eine weitere Zusammenarbeit zwischen Chorleiter und Chor nicht mehr gegeben war. Bei einem großen Konzert vor 800 Zuhörern Ende vergangenen Jahres in Hemer sagte Oel kurzfristig ab, der Chor musste rasch umdisponieren. Nachdem Michael Oel fernblieb und einen Auftritt mit einem anderen Chor vorzog, bat der Vorstand von amante zu einem klärenden Gespräch. In der Folge einigten sich beide Seiten, die Zusammenarbeit aufzukündigen.</p>
<p align="justify">„Wir haben Michael Oel viel zu verdanken“, sagte Lars Becker. Die tollen Leistungen in den vergangenen Jahren seien auch zu einem großen Teil die Verdienste von Michael Oel gewesen.</p>
<p>Nicht beim Meisterchorsingen 2013</p>
<p><a href="http://amante-menden.de/wordpress/wp-content/uploads/2015/06/luc-lars.jpg"><img loading="lazy" decoding="async" class=" size-large wp-image-454 alignleft" src="http://amante-menden.de/wordpress/wp-content/uploads/2015/06/luc-lars.jpg" alt="luc-lars" width="400" height="306" srcset="https://www.amante-menden.de/wordpress/wp-content/uploads/2015/06/luc-lars.jpg 400w, https://www.amante-menden.de/wordpress/wp-content/uploads/2015/06/luc-lars-300x230.jpg 300w" sizes="auto, (max-width: 400px) 100vw, 400px" /></a></p>
<p align="justify">Aufgrund des Chorleiter-Wechsels wird amante della musica in diesem Jahr auch nicht am Meisterchorsingen teilnehmen. Man habe sich dazu entschlossen, die Teilnahme abzusagen. Zu knapp sei das Zeitfenster. Stattdessen wird der Chor im Juni bei der „Night of music“ in der Balver Höhle auftreten – unter Leitung von Luc van den ­Broek.</p>
<p align="justify">Der 64-Jährige aus Möhnesee musste nicht lange überlegen, als ihm die Leitung des Mendener Chors angeboten wurde. „Ich hatte zuletzt vor zwölf Jahren einen Meisterchor“, sagte van den Broek. Nur knapp eine Woche nach dem ersten Gespräch leitete der Belgier die erste Probe der Mendener.</p>
<p align="justify">Die Mendener freuen sich nun, einen solch erfahrenen Chorleiter gewonnen zu haben – und van den Broek freut sich über die Aufgabe. „Der Chor ist gut, aber ich kann ihn noch besser machen“, sagte er bei der Probe am vergangenen Donnerstag.</p>
<p align="justify">Zwei andere Chöre im Raum Soest hat der Belgier, der lange Zeit bei der Armee seines Landes im Dienst war, schon zum Meisterchor geführt. Und auch für Menden hat er dies ganz oben auf dem Zettel. Dank einer Ausnahmegenehmigung des Chorverbands NRW darf amante am 31. Mai 2014 in Neheim am Meisterchorsingen teilnehmen – und die Zielsetzung ist klar: Meisterchor mit Luc van den Broek an der Spitze.</p>
<p>&nbsp;</p>

<p>Bericht Hellweger &nbsp; Bericht Westfalenpost Menden. Amante della musica, einer von Mendens Meisterchören, hat einen neuen Chorleiter. Seit Beginn des Jahres liegt die musikalische Leistung der Sangesgemeinschaft in den Händen von Luc van den ­Broek. Der Belgier tritt die Nachfolge &hellip; <a href="https://www.amante-menden.de/?page_id=451">Weiterlesen <span class="meta-nav">&rarr;</span></a></p>
