{"id":4566,"date":"2023-06-22T13:56:26","date_gmt":"2023-06-22T11:56:26","guid":{"rendered":"https:\/\/www.amante-menden.de\/?page_id=4566"},"modified":"2023-06-22T13:56:26","modified_gmt":"2023-06-22T11:56:26","slug":"amante-trauert-um-wolfgang-grewe","status":"publish","type":"page","link":"https:\/\/www.amante-menden.de\/?page_id=4566","title":{"rendered":"amante trauert um Wolfgang Grewe"},"content":{"rendered":"\n<p>Die Chorgemeinschaft von amante della musica menden trauert um Wolfgang Grewe. Unser langj\u00e4hriger S\u00e4nger aus dem Bass ist am 23. August im Alter von 67 Jahren nach schwerer Krankheit, f\u00fcr uns alle jedoch pl\u00f6tzlich und unerwartet gestorben.<\/p>\n\n\n\n<figure class=\"wp-block-image\"><img loading=\"lazy\" decoding=\"async\" width=\"1024\" height=\"683\" src=\"http:\/\/www.amante-menden.de\/wordpress\/wp-content\/uploads\/2020\/09\/20200826_172555-1024x683.jpg\" alt=\"\" class=\"wp-image-4266\" srcset=\"https:\/\/www.amante-menden.de\/wordpress\/wp-content\/uploads\/2020\/09\/20200826_172555-1024x683.jpg 1024w, https:\/\/www.amante-menden.de\/wordpress\/wp-content\/uploads\/2020\/09\/20200826_172555-300x200.jpg 300w, https:\/\/www.amante-menden.de\/wordpress\/wp-content\/uploads\/2020\/09\/20200826_172555-768x512.jpg 768w, https:\/\/www.amante-menden.de\/wordpress\/wp-content\/uploads\/2020\/09\/20200826_172555-1536x1024.jpg 1536w, https:\/\/www.amante-menden.de\/wordpress\/wp-content\/uploads\/2020\/09\/20200826_172555-2048x1365.jpg 2048w\" sizes=\"auto, (max-width: 1024px) 100vw, 1024px\" \/><figcaption class=\"wp-element-caption\">Wolfgang Grewe starb am 23. August im Alter von 67 Jahren. Wir vermissen unseren Freund und Sangesbruder, werden ihm stets ein ehrendes Andenken bewahren.<\/figcaption><\/figure>\n\n\n\n<p>Am vergangenen Freitag, 28. August haben wir unserem Freund vom Heimkerweg die letzte Ehre erwiesen. Seinen Wunsch, die Trauerfeier als Chor musikalisch zu bereichern, konnten wir dabei am Waldfriedhof Limberg trotz der schwierigen Bedingungen in Corona-Zeiten erf\u00fcllen.<\/p>\n\n\n\n<p>Wir haben f\u00fcr ihn \u201eGo now in peace\u201c und den Segensgru\u00df \u201eIrish Blessing\u201c gesungen. In einer emotionalen Trauerrede haben wir uns von Wolfgang verabschieden, vor allem aber wunderbare Erinnerungen an ihn wecken d\u00fcrfen.<\/p>\n\n\n\n<p>Seine Offenheit uns gegen\u00fcber im Umgang mit seiner Erkrankung und sein tapferer Kampf dagegen haben uns tief bewegt und beeindruckt. Bis zuletzt hat er zum Chor den Kontakt gehalten \u2013 umso mehr hat uns die Nachricht von seinem Tod getroffen.<\/p>\n\n\n\n<p>In unserer Mitte wird Wolfgang bleiben. Wir werden seinen Humor, seine Hilfsbereitschaft, sein Engagement f\u00fcr den Chor \u00fcber das Singen hinaus nicht vergessen und ihm ein ehrendes Andenken bewahren.<\/p>\n\n\n\n<p>Unser ganzes Mitgef\u00fchl gilt seiner lieben Frau Sophia, seinen Kindern Martin, Constanze und Vanessa sowie allen Angeh\u00f6rigen.<\/p>\n\n\n\n<p>\u201eAnd until we meet again may God hold you in the palm of his hand\u201c: Und bis wir uns wiedersehen, halte Gott Dich fest im Schutze seiner Hand.<\/p>\n\n\n\n<p>Mach\u2018 es gut Wolfgang! Wir vermissen Dich. Ruhe in Frieden.<\/p>\n","protected":false},"excerpt":{"rendered":"<p>Die Chorgemeinschaft von amante della musica menden trauert um Wolfgang Grewe. Unser langj\u00e4hriger S\u00e4nger aus dem Bass ist am 23. August im Alter von 67 Jahren nach schwerer Krankheit, f\u00fcr uns alle jedoch pl\u00f6tzlich und unerwartet gestorben. Am vergangenen Freitag, &hellip; <a href=\"https:\/\/www.amante-menden.de\/?page_id=4566\">Weiterlesen <span class=\"meta-nav\">&rarr;<\/span><\/a><\/p>\n","protected":false},"author":1,"featured_media":0,"parent":4558,"menu_order":2005,"comment_status":"closed","ping_status":"closed","template":"","meta":{"footnotes":""},"class_list":["post-4566","page","type-page","status-publish","hentry"],"_links":{"self":[{"href":"https:\/\/www.amante-menden.de\/index.php?rest_route=\/wp\/v2\/pages\/4566","targetHints":{"allow":["GET"]}}],"collection":[{"href":"https:\/\/www.amante-menden.de\/index.php?rest_route=\/wp\/v2\/pages"}],"about":[{"href":"https:\/\/www.amante-menden.de\/index.php?rest_route=\/wp\/v2\/types\/page"}],"author":[{"embeddable":true,"href":"https:\/\/www.amante-menden.de\/index.php?rest_route=\/wp\/v2\/users\/1"}],"replies":[{"embeddable":true,"href":"https:\/\/www.amante-menden.de\/index.php?rest_route=%2Fwp%2Fv2%2Fcomments&post=4566"}],"version-history":[{"count":1,"href":"https:\/\/www.amante-menden.de\/index.php?rest_route=\/wp\/v2\/pages\/4566\/revisions"}],"predecessor-version":[{"id":4567,"href":"https:\/\/www.amante-menden.de\/index.php?rest_route=\/wp\/v2\/pages\/4566\/revisions\/4567"}],"up":[{"embeddable":true,"href":"https:\/\/www.amante-menden.de\/index.php?rest_route=\/wp\/v2\/pages\/4558"}],"wp:attachment":[{"href":"https:\/\/www.amante-menden.de\/index.php?rest_route=%2Fwp%2Fv2%2Fmedia&parent=4566"}],"curies":[{"name":"wp","href":"https:\/\/api.w.org\/{rel}","templated":true}]}}