{"id":471,"date":"2015-06-03T20:37:29","date_gmt":"2015-06-03T18:37:29","guid":{"rendered":"http:\/\/amante-menden.de\/wordpress\/?page_id=471"},"modified":"2015-06-03T20:40:57","modified_gmt":"2015-06-03T18:40:57","slug":"amante-im-kundencenter-der-mendener-bank","status":"publish","type":"page","link":"https:\/\/www.amante-menden.de\/?page_id=471","title":{"rendered":"amante im KundenCenter der Mendener Bank"},"content":{"rendered":"<p><a href=\"http:\/\/amante-menden.de\/wordpress\/wp-content\/uploads\/2015\/06\/bank1.jpg\"><img loading=\"lazy\" decoding=\"async\" class=\" size-full wp-image-472 aligncenter\" src=\"http:\/\/amante-menden.de\/wordpress\/wp-content\/uploads\/2015\/06\/bank1.jpg\" alt=\"bank1\" width=\"400\" height=\"164\" srcset=\"https:\/\/www.amante-menden.de\/wordpress\/wp-content\/uploads\/2015\/06\/bank1.jpg 400w, https:\/\/www.amante-menden.de\/wordpress\/wp-content\/uploads\/2015\/06\/bank1-300x123.jpg 300w\" sizes=\"auto, (max-width: 400px) 100vw, 400px\" \/><\/a>\u00a0Am Donnerstag, 21. M\u00e4rz 2013, hat amante della musica menden im KundenCenter Menden-B\u00f6sperde die Vorst\u00e4nde, Mitarbeiter und G\u00e4ste der Mendener Bank mit einem unangemeldeten Auftritt zum zehnj\u00e4hrigen Bestehen unter dem neuen Namen (Fusion aus Spar- und Darlehenskasse Menden-B\u00f6sperde) Genossenschaftsbank Lendringsen) \u00fcberrascht.<\/p>\n<p align=\"justify\"><img loading=\"lazy\" decoding=\"async\" class=\" size-full wp-image-473 alignleft\" src=\"http:\/\/amante-menden.de\/wordpress\/wp-content\/uploads\/2015\/06\/bank2.jpg\" alt=\"bank2\" width=\"400\" height=\"266\" srcset=\"https:\/\/www.amante-menden.de\/wordpress\/wp-content\/uploads\/2015\/06\/bank2.jpg 400w, https:\/\/www.amante-menden.de\/wordpress\/wp-content\/uploads\/2015\/06\/bank2-300x200.jpg 300w\" sizes=\"auto, (max-width: 400px) 100vw, 400px\" \/>Die Freude bei unserem Hauptsponsor war gro\u00df, der Spa\u00df auf unserer Seite genauso. Unter der Leitung von Vizechorleiterin Andrea Ferber durfte nat\u00fcrlich der aus der Werbung bekannte Song &#8222;Hungriges Herz&#8220; von Mia bzw. vom belgischen M\u00e4dchenchor Scala nicht fehlen. Au\u00dferdem pr\u00e4sentierte der Chor &#8222;Gabriellas Song&#8220; aus dem Film &#8222;Wie im Himmel&#8220; und &#8222;Engel&#8220; von Rammstein. Wir w\u00fcnschen der Mendener Bank auch auf diesem Wege f\u00fcr die Zukunft alles Gute und setzen weiter auf eine stabile Partnerschaft.<\/p>\n<p>Bilder von Fotowerk Menden <a href=\"http:\/\/www.fotowerk-menden.de\/\">www.fotowerk-menden.de<\/a><\/p>\n","protected":false},"excerpt":{"rendered":"<p>\u00a0Am Donnerstag, 21. M\u00e4rz 2013, hat amante della musica menden im KundenCenter Menden-B\u00f6sperde die Vorst\u00e4nde, Mitarbeiter und G\u00e4ste der Mendener Bank mit einem unangemeldeten Auftritt zum zehnj\u00e4hrigen Bestehen unter dem neuen Namen (Fusion aus Spar- und Darlehenskasse Menden-B\u00f6sperde) Genossenschaftsbank Lendringsen) &hellip; <a href=\"https:\/\/www.amante-menden.de\/?page_id=471\">Weiterlesen <span class=\"meta-nav\">&rarr;<\/span><\/a><\/p>\n","protected":false},"author":1,"featured_media":0,"parent":169,"menu_order":24,"comment_status":"closed","ping_status":"closed","template":"","meta":{"footnotes":""},"class_list":["post-471","page","type-page","status-publish","hentry"],"_links":{"self":[{"href":"https:\/\/www.amante-menden.de\/index.php?rest_route=\/wp\/v2\/pages\/471","targetHints":{"allow":["GET"]}}],"collection":[{"href":"https:\/\/www.amante-menden.de\/index.php?rest_route=\/wp\/v2\/pages"}],"about":[{"href":"https:\/\/www.amante-menden.de\/index.php?rest_route=\/wp\/v2\/types\/page"}],"author":[{"embeddable":true,"href":"https:\/\/www.amante-menden.de\/index.php?rest_route=\/wp\/v2\/users\/1"}],"replies":[{"embeddable":true,"href":"https:\/\/www.amante-menden.de\/index.php?rest_route=%2Fwp%2Fv2%2Fcomments&post=471"}],"version-history":[{"count":1,"href":"https:\/\/www.amante-menden.de\/index.php?rest_route=\/wp\/v2\/pages\/471\/revisions"}],"predecessor-version":[{"id":475,"href":"https:\/\/www.amante-menden.de\/index.php?rest_route=\/wp\/v2\/pages\/471\/revisions\/475"}],"up":[{"embeddable":true,"href":"https:\/\/www.amante-menden.de\/index.php?rest_route=\/wp\/v2\/pages\/169"}],"wp:attachment":[{"href":"https:\/\/www.amante-menden.de\/index.php?rest_route=%2Fwp%2Fv2%2Fmedia&parent=471"}],"curies":[{"name":"wp","href":"https:\/\/api.w.org\/{rel}","templated":true}]}}