{"id":477,"date":"2015-06-03T20:39:31","date_gmt":"2015-06-03T18:39:31","guid":{"rendered":"http:\/\/amante-menden.de\/wordpress\/?page_id=477"},"modified":"2015-06-16T15:17:17","modified_gmt":"2015-06-16T13:17:17","slug":"amantes-erster-auftritt-mit-dem-neuen-chorleiter-luc-vanden-broek-beim-chorfestival-in-eisborn","status":"publish","type":"page","link":"https:\/\/www.amante-menden.de\/?page_id=477","title":{"rendered":"amantes erster Auftritt mit dem neuen Chorleiter Luc vanden Broek beim Chorfestival in Eisborn"},"content":{"rendered":"<p style=\"text-align: justify;\"><a href=\"http:\/\/amante-menden.de\/wordpress\/wp-content\/uploads\/2015\/06\/gruppe-gross.jpg\"><img loading=\"lazy\" decoding=\"async\" class=\"alignnone size-full wp-image-478\" src=\"http:\/\/amante-menden.de\/wordpress\/wp-content\/uploads\/2015\/06\/gruppe-gross.jpg\" alt=\"gruppe-gross\" width=\"800\" height=\"318\" srcset=\"https:\/\/www.amante-menden.de\/wordpress\/wp-content\/uploads\/2015\/06\/gruppe-gross.jpg 800w, https:\/\/www.amante-menden.de\/wordpress\/wp-content\/uploads\/2015\/06\/gruppe-gross-300x119.jpg 300w\" sizes=\"auto, (max-width: 800px) 100vw, 800px\" \/><\/a><\/p>\n<p style=\"text-align: justify;\">Am Freitag, 19. April, hat amante della musica im Rahmen des Chorfestivals in Eisborn den ersten \u00f6ffentlichen Auftritt mit deuem nen Chorleiter Luc vanden Broek absolviert. Anl\u00e4sslich des 40-j\u00e4hrigen Bestehens des Frauenchores aus dem Balver H\u00f6hendorf trat der vierfache Meisterchor in der Sch\u00fctzenhalle mit exakt 40 S\u00e4ngerinnen und S\u00e4ngern auf.<\/p>\n<p style=\"text-align: justify;\" align=\"justify\">Zuerst sang der Chor das &#8222;Hallelujah&#8220; aus der Feder von Leonard Cohen, am Klavier begleitet von Julia Klute. Dieses St\u00fcck hat amante f\u00fcr die &#8222;Night of Music&#8220; am 22. Juni 2013 in der Balver H\u00f6hle erarbeitet und konnte es bereits auswendig pr\u00e4sentieren. Der langanhaltende Applaus der Zuh\u00f6rer war Indiz daf\u00fcr, dass die &#8222;Musikliebhaber&#8220; einmal mehr gut angekommen waren.<\/p>\n<p style=\"text-align: justify;\" align=\"justify\">Der zweite musikalische Geburtstags-Gru\u00df f\u00fcr den Frauenchor Eisborn und seinen Dirigenten Heinz-Dieter Baumeister war a cappella &#8222;Gabriellas Song&#8220; aus dem Film &#8222;Wie im Himmel&#8220;. Mit diesem Lied verbindet die Singgemeinschaft sehr emotionale Erinnerungen. Deshalb war es amante eine echte Herzensangelegenheit, dieses Lied f\u00fcr einen ganz besonderen Menschen zu singen, der viel zu fr\u00fch aus der Mitte des Vereins gerissen worden war.<\/p>\n<p style=\"text-align: justify;\" align=\"justify\">Chorleiter Luc vanden Broek war sehr zufrieden mit der Leistung seiner neuen Sch\u00fctzlinge und bewertete den Auftritt als besonders wichtige Etappe auf dem Weg zum anspruchsvollen Auftritt in der Balver H\u00f6hle. Im Vorfeld des Auftritts hatte amante della musica au\u00dferdem die Gelegenheit genutzt, ein neues Chorfoto aufzunehmen und den Dirigenten sowie die Vorstandsmitglieder portr\u00e4tieren zu lassen. Also war Eisborn an diesem Freitag aus zahlreichen Gr\u00fcnden eine Reise wert.<\/p>\n","protected":false},"excerpt":{"rendered":"<p>Am Freitag, 19. April, hat amante della musica im Rahmen des Chorfestivals in Eisborn den ersten \u00f6ffentlichen Auftritt mit deuem nen Chorleiter Luc vanden Broek absolviert. Anl\u00e4sslich des 40-j\u00e4hrigen Bestehens des Frauenchores aus dem Balver H\u00f6hendorf trat der vierfache Meisterchor &hellip; <a href=\"https:\/\/www.amante-menden.de\/?page_id=477\">Weiterlesen <span class=\"meta-nav\">&rarr;<\/span><\/a><\/p>\n","protected":false},"author":1,"featured_media":0,"parent":156,"menu_order":136,"comment_status":"closed","ping_status":"closed","template":"","meta":{"footnotes":""},"class_list":["post-477","page","type-page","status-publish","hentry"],"_links":{"self":[{"href":"https:\/\/www.amante-menden.de\/index.php?rest_route=\/wp\/v2\/pages\/477","targetHints":{"allow":["GET"]}}],"collection":[{"href":"https:\/\/www.amante-menden.de\/index.php?rest_route=\/wp\/v2\/pages"}],"about":[{"href":"https:\/\/www.amante-menden.de\/index.php?rest_route=\/wp\/v2\/types\/page"}],"author":[{"embeddable":true,"href":"https:\/\/www.amante-menden.de\/index.php?rest_route=\/wp\/v2\/users\/1"}],"replies":[{"embeddable":true,"href":"https:\/\/www.amante-menden.de\/index.php?rest_route=%2Fwp%2Fv2%2Fcomments&post=477"}],"version-history":[{"count":1,"href":"https:\/\/www.amante-menden.de\/index.php?rest_route=\/wp\/v2\/pages\/477\/revisions"}],"predecessor-version":[{"id":480,"href":"https:\/\/www.amante-menden.de\/index.php?rest_route=\/wp\/v2\/pages\/477\/revisions\/480"}],"up":[{"embeddable":true,"href":"https:\/\/www.amante-menden.de\/index.php?rest_route=\/wp\/v2\/pages\/156"}],"wp:attachment":[{"href":"https:\/\/www.amante-menden.de\/index.php?rest_route=%2Fwp%2Fv2%2Fmedia&parent=477"}],"curies":[{"name":"wp","href":"https:\/\/api.w.org\/{rel}","templated":true}]}}

<p style="text-align: justify;"><a href="http://amante-menden.de/wordpress/wp-content/uploads/2015/06/gruppe-gross.jpg"><img loading="lazy" decoding="async" class="alignnone size-full wp-image-478" src="http://amante-menden.de/wordpress/wp-content/uploads/2015/06/gruppe-gross.jpg" alt="gruppe-gross" width="800" height="318" srcset="https://www.amante-menden.de/wordpress/wp-content/uploads/2015/06/gruppe-gross.jpg 800w, https://www.amante-menden.de/wordpress/wp-content/uploads/2015/06/gruppe-gross-300x119.jpg 300w" sizes="auto, (max-width: 800px) 100vw, 800px" /></a></p>
<p style="text-align: justify;">Am Freitag, 19. April, hat amante della musica im Rahmen des Chorfestivals in Eisborn den ersten öffentlichen Auftritt mit deuem nen Chorleiter Luc vanden Broek absolviert. Anlässlich des 40-jährigen Bestehens des Frauenchores aus dem Balver Höhendorf trat der vierfache Meisterchor in der Schützenhalle mit exakt 40 Sängerinnen und Sängern auf.</p>
<p style="text-align: justify;" align="justify">Zuerst sang der Chor das &#8222;Hallelujah&#8220; aus der Feder von Leonard Cohen, am Klavier begleitet von Julia Klute. Dieses Stück hat amante für die &#8222;Night of Music&#8220; am 22. Juni 2013 in der Balver Höhle erarbeitet und konnte es bereits auswendig präsentieren. Der langanhaltende Applaus der Zuhörer war Indiz dafür, dass die &#8222;Musikliebhaber&#8220; einmal mehr gut angekommen waren.</p>
<p style="text-align: justify;" align="justify">Der zweite musikalische Geburtstags-Gruß für den Frauenchor Eisborn und seinen Dirigenten Heinz-Dieter Baumeister war a cappella &#8222;Gabriellas Song&#8220; aus dem Film &#8222;Wie im Himmel&#8220;. Mit diesem Lied verbindet die Singgemeinschaft sehr emotionale Erinnerungen. Deshalb war es amante eine echte Herzensangelegenheit, dieses Lied für einen ganz besonderen Menschen zu singen, der viel zu früh aus der Mitte des Vereins gerissen worden war.</p>
<p style="text-align: justify;" align="justify">Chorleiter Luc vanden Broek war sehr zufrieden mit der Leistung seiner neuen Schützlinge und bewertete den Auftritt als besonders wichtige Etappe auf dem Weg zum anspruchsvollen Auftritt in der Balver Höhle. Im Vorfeld des Auftritts hatte amante della musica außerdem die Gelegenheit genutzt, ein neues Chorfoto aufzunehmen und den Dirigenten sowie die Vorstandsmitglieder porträtieren zu lassen. Also war Eisborn an diesem Freitag aus zahlreichen Gründen eine Reise wert.</p>

<p>Am Freitag, 19. April, hat amante della musica im Rahmen des Chorfestivals in Eisborn den ersten öffentlichen Auftritt mit deuem nen Chorleiter Luc vanden Broek absolviert. Anlässlich des 40-jährigen Bestehens des Frauenchores aus dem Balver Höhendorf trat der vierfache Meisterchor &hellip; <a href="https://www.amante-menden.de/?page_id=477">Weiterlesen <span class="meta-nav">&rarr;</span></a></p>
