{"id":4996,"date":"2025-01-08T14:45:42","date_gmt":"2025-01-08T12:45:42","guid":{"rendered":"https:\/\/www.amante-menden.de\/?page_id=4996"},"modified":"2025-01-08T14:45:42","modified_gmt":"2025-01-08T12:45:42","slug":"weihnachtskonzert-mit-dem-orchesterverein-hemer","status":"publish","type":"page","link":"https:\/\/www.amante-menden.de\/?page_id=4996","title":{"rendered":"Weihnachtskonzert mit dem Orchesterverein Hemer"},"content":{"rendered":"\n<p>Es ist einfach immer viel zu schnell vorbei! So war es auch am Sonntag, als wir gemeinsam mit dem Orchesterverein Hemer auf der B\u00fchne des Grohe Forums standen und mehr als 550 G\u00e4ste musikalisch unterhielten. Ob weihnachtliche Kl\u00e4nge von H\u00e4ndel oder Orchesterst\u00fccke aus der Disneywelt, es war einfach f\u00fcr jeden etwas dabei.<\/p>\n\n\n\n<p>Zum vierten Mal waren wir nun in Hemer zu Gast und es hat uns wieder sehr viel Spa\u00df gemacht, das Weihnachtskonzert musikalisch mitzugestalten, das schon seit <a><\/a>vielen Jahrzehnten ein fester Bestandteil des Hemeraner Veranstaltungskalenders ist.<\/p>\n\n\n\n<p><\/p>\n\n\n\n<figure class=\"wp-block-gallery has-nested-images columns-default is-cropped wp-block-gallery-1 is-layout-flex wp-block-gallery-is-layout-flex\">\n<figure class=\"wp-block-image size-large\"><a href=\"https:\/\/www.amante-menden.de\/wordpress\/wp-content\/uploads\/2025\/01\/470180869_1439403590303960_3515302746333749807_n.jpg\"><img loading=\"lazy\" decoding=\"async\" width=\"576\" height=\"1024\" data-id=\"4997\" src=\"https:\/\/www.amante-menden.de\/wordpress\/wp-content\/uploads\/2025\/01\/470180869_1439403590303960_3515302746333749807_n-576x1024.jpg\" alt=\"\" class=\"wp-image-4997\" srcset=\"https:\/\/www.amante-menden.de\/wordpress\/wp-content\/uploads\/2025\/01\/470180869_1439403590303960_3515302746333749807_n-576x1024.jpg 576w, https:\/\/www.amante-menden.de\/wordpress\/wp-content\/uploads\/2025\/01\/470180869_1439403590303960_3515302746333749807_n-169x300.jpg 169w, https:\/\/www.amante-menden.de\/wordpress\/wp-content\/uploads\/2025\/01\/470180869_1439403590303960_3515302746333749807_n-768x1365.jpg 768w, https:\/\/www.amante-menden.de\/wordpress\/wp-content\/uploads\/2025\/01\/470180869_1439403590303960_3515302746333749807_n-864x1536.jpg 864w, https:\/\/www.amante-menden.de\/wordpress\/wp-content\/uploads\/2025\/01\/470180869_1439403590303960_3515302746333749807_n.jpg 1152w\" sizes=\"auto, (max-width: 576px) 100vw, 576px\" \/><\/a><\/figure>\n\n\n\n<figure class=\"wp-block-image size-large\"><a href=\"https:\/\/www.amante-menden.de\/wordpress\/wp-content\/uploads\/2025\/01\/470189967_1439403573637295_5096925307175238393_n.jpg\"><img loading=\"lazy\" decoding=\"async\" width=\"1024\" height=\"576\" data-id=\"4999\" src=\"https:\/\/www.amante-menden.de\/wordpress\/wp-content\/uploads\/2025\/01\/470189967_1439403573637295_5096925307175238393_n-1024x576.jpg\" alt=\"\" class=\"wp-image-4999\" srcset=\"https:\/\/www.amante-menden.de\/wordpress\/wp-content\/uploads\/2025\/01\/470189967_1439403573637295_5096925307175238393_n-1024x576.jpg 1024w, https:\/\/www.amante-menden.de\/wordpress\/wp-content\/uploads\/2025\/01\/470189967_1439403573637295_5096925307175238393_n-300x169.jpg 300w, https:\/\/www.amante-menden.de\/wordpress\/wp-content\/uploads\/2025\/01\/470189967_1439403573637295_5096925307175238393_n-768x432.jpg 768w, https:\/\/www.amante-menden.de\/wordpress\/wp-content\/uploads\/2025\/01\/470189967_1439403573637295_5096925307175238393_n-1536x864.jpg 1536w, https:\/\/www.amante-menden.de\/wordpress\/wp-content\/uploads\/2025\/01\/470189967_1439403573637295_5096925307175238393_n.jpg 2048w\" sizes=\"auto, (max-width: 1024px) 100vw, 1024px\" \/><\/a><\/figure>\n\n\n\n<figure class=\"wp-block-image size-large\"><a href=\"https:\/\/www.amante-menden.de\/wordpress\/wp-content\/uploads\/2025\/01\/470197578_1439403600303959_4546297407410289564_n.jpg\"><img loading=\"lazy\" decoding=\"async\" width=\"1024\" height=\"576\" data-id=\"4998\" src=\"https:\/\/www.amante-menden.de\/wordpress\/wp-content\/uploads\/2025\/01\/470197578_1439403600303959_4546297407410289564_n-1024x576.jpg\" alt=\"\" class=\"wp-image-4998\" srcset=\"https:\/\/www.amante-menden.de\/wordpress\/wp-content\/uploads\/2025\/01\/470197578_1439403600303959_4546297407410289564_n-1024x576.jpg 1024w, https:\/\/www.amante-menden.de\/wordpress\/wp-content\/uploads\/2025\/01\/470197578_1439403600303959_4546297407410289564_n-300x169.jpg 300w, https:\/\/www.amante-menden.de\/wordpress\/wp-content\/uploads\/2025\/01\/470197578_1439403600303959_4546297407410289564_n-768x432.jpg 768w, https:\/\/www.amante-menden.de\/wordpress\/wp-content\/uploads\/2025\/01\/470197578_1439403600303959_4546297407410289564_n-1536x864.jpg 1536w, https:\/\/www.amante-menden.de\/wordpress\/wp-content\/uploads\/2025\/01\/470197578_1439403600303959_4546297407410289564_n.jpg 2048w\" sizes=\"auto, (max-width: 1024px) 100vw, 1024px\" \/><\/a><\/figure>\n\n\n\n<figure class=\"wp-block-image size-large\"><a href=\"https:\/\/www.amante-menden.de\/wordpress\/wp-content\/uploads\/2025\/01\/470191511_1439403580303961_8885830738340088974_n.jpg\"><img loading=\"lazy\" decoding=\"async\" width=\"1024\" height=\"576\" data-id=\"5000\" src=\"https:\/\/www.amante-menden.de\/wordpress\/wp-content\/uploads\/2025\/01\/470191511_1439403580303961_8885830738340088974_n-1024x576.jpg\" alt=\"\" class=\"wp-image-5000\" srcset=\"https:\/\/www.amante-menden.de\/wordpress\/wp-content\/uploads\/2025\/01\/470191511_1439403580303961_8885830738340088974_n-1024x576.jpg 1024w, https:\/\/www.amante-menden.de\/wordpress\/wp-content\/uploads\/2025\/01\/470191511_1439403580303961_8885830738340088974_n-300x169.jpg 300w, https:\/\/www.amante-menden.de\/wordpress\/wp-content\/uploads\/2025\/01\/470191511_1439403580303961_8885830738340088974_n-768x432.jpg 768w, https:\/\/www.amante-menden.de\/wordpress\/wp-content\/uploads\/2025\/01\/470191511_1439403580303961_8885830738340088974_n-1536x864.jpg 1536w, https:\/\/www.amante-menden.de\/wordpress\/wp-content\/uploads\/2025\/01\/470191511_1439403580303961_8885830738340088974_n.jpg 1765w\" sizes=\"auto, (max-width: 1024px) 100vw, 1024px\" \/><\/a><\/figure>\n<\/figure>\n","protected":false},"excerpt":{"rendered":"<p>Es ist einfach immer viel zu schnell vorbei! So war es auch am Sonntag, als wir gemeinsam mit dem Orchesterverein Hemer auf der B\u00fchne des Grohe Forums standen und mehr als 550 G\u00e4ste musikalisch unterhielten. Ob weihnachtliche Kl\u00e4nge von H\u00e4ndel &hellip; <a href=\"https:\/\/www.amante-menden.de\/?page_id=4996\">Weiterlesen <span class=\"meta-nav\">&rarr;<\/span><\/a><\/p>\n","protected":false},"author":1,"featured_media":0,"parent":4558,"menu_order":249,"comment_status":"closed","ping_status":"closed","template":"","meta":{"footnotes":""},"class_list":["post-4996","page","type-page","status-publish","hentry"],"_links":{"self":[{"href":"https:\/\/www.amante-menden.de\/index.php?rest_route=\/wp\/v2\/pages\/4996","targetHints":{"allow":["GET"]}}],"collection":[{"href":"https:\/\/www.amante-menden.de\/index.php?rest_route=\/wp\/v2\/pages"}],"about":[{"href":"https:\/\/www.amante-menden.de\/index.php?rest_route=\/wp\/v2\/types\/page"}],"author":[{"embeddable":true,"href":"https:\/\/www.amante-menden.de\/index.php?rest_route=\/wp\/v2\/users\/1"}],"replies":[{"embeddable":true,"href":"https:\/\/www.amante-menden.de\/index.php?rest_route=%2Fwp%2Fv2%2Fcomments&post=4996"}],"version-history":[{"count":2,"href":"https:\/\/www.amante-menden.de\/index.php?rest_route=\/wp\/v2\/pages\/4996\/revisions"}],"predecessor-version":[{"id":5002,"href":"https:\/\/www.amante-menden.de\/index.php?rest_route=\/wp\/v2\/pages\/4996\/revisions\/5002"}],"up":[{"embeddable":true,"href":"https:\/\/www.amante-menden.de\/index.php?rest_route=\/wp\/v2\/pages\/4558"}],"wp:attachment":[{"href":"https:\/\/www.amante-menden.de\/index.php?rest_route=%2Fwp%2Fv2%2Fmedia&parent=4996"}],"curies":[{"name":"wp","href":"https:\/\/api.w.org\/{rel}","templated":true}]}}