{"id":676,"date":"2015-06-16T09:41:16","date_gmt":"2015-06-16T07:41:16","guid":{"rendered":"http:\/\/amante-menden.de\/?page_id=676"},"modified":"2015-06-16T15:17:54","modified_gmt":"2015-06-16T13:17:54","slug":"jahreshauptversammlung-2012","status":"publish","type":"page","link":"https:\/\/www.amante-menden.de\/?page_id=676","title":{"rendered":"Jahreshauptversammlung 2012"},"content":{"rendered":"<p style=\"text-align: center;\"><a href=\"http:\/\/amante-menden.de\/wordpress\/wp-content\/uploads\/2015\/06\/gruppe-gr.jpg\"><img loading=\"lazy\" decoding=\"async\" class=\"alignnone size-full wp-image-673\" src=\"http:\/\/amante-menden.de\/wordpress\/wp-content\/uploads\/2015\/06\/gruppe-gr.jpg\" alt=\"gruppe-gr\" width=\"500\" height=\"219\" srcset=\"https:\/\/www.amante-menden.de\/wordpress\/wp-content\/uploads\/2015\/06\/gruppe-gr.jpg 500w, https:\/\/www.amante-menden.de\/wordpress\/wp-content\/uploads\/2015\/06\/gruppe-gr-300x131.jpg 300w\" sizes=\"auto, (max-width: 500px) 100vw, 500px\" \/><\/a><\/p>\n<p style=\"text-align: justify;\"><strong>Menden.<\/strong> Der Blick zur\u00fcck auf das ereignisreiche Jubil\u00e4umsjahr 2011, zahlreiche Ehrungen und Neuwahlen haben die Jahreshauptversammlung von amante della musica menden am Samstagnachmittag in der Aula der Hauptschule am Gelben Morgen gepr\u00e4gt.<\/p>\n<p style=\"text-align: justify;\" align=\"justify\">Der Jahres- und der Kassenbericht sowie die Berichte des 1. Vorsitzenden Lars Becker und von Chorleiter Michael Oel lie\u00dfen die vielen Veranstaltungen anl\u00e4sslich des 25-j\u00e4hrigen Bestehens des Meisterchores noch einmal Revue passieren. So bleiben die beiden eigenen Konzerte, das Chorfestival H\u00f6nne-Ruhr und vor allem die zwei Mal ausverkaufte Revue &#8222;F\u00fcr immer jung&#8220; den Mitgliedern gewiss noch lange in Erinnerung.<\/p>\n<p align=\"justify\">Besonders positiv: Dank zahlreicher Sponsoren und dem gro\u00dfen Engagement seiner Aktiven und F\u00f6rderer konnte amante das Geburtstagsjahr mit einem ausgeglichenen Haushalt abschlie\u00dfen. Entsprechend einstimmig fiel dann auch die Entlastung des Vorstandes aus, der sich anschlie\u00dfend auf zwei Positionen ver\u00e4nderte.<\/p>\n<p>\u00a0<a href=\"http:\/\/amante-menden.de\/wordpress\/wp-content\/uploads\/2015\/06\/erwin.jpg\"><img loading=\"lazy\" decoding=\"async\" class=\" size-full wp-image-672 alignleft\" src=\"http:\/\/amante-menden.de\/wordpress\/wp-content\/uploads\/2015\/06\/erwin.jpg\" alt=\"erwin\" width=\"111\" height=\"150\" \/><\/a>Nach insgesamt 15 Jahren ehrenamtlicher Mitarbeit stellte sich Erwin Orlich als 2. Kassierer nicht mehr zur Wiederwahl, er wurde unter gro\u00dfem Beifall mit einem Pr\u00e4sent verabschiedet. An seine Stelle w\u00e4hlte die Versammlung f\u00fcr zwei Jahre Markus Woitzik, der wie Orlich im Bass von amante singt. Jeweils einstimmig f\u00fcr zwei weitere Jahre wurden Melanie Ferber (2. Vorsitzende) und ihre Mutter Andrea (2. Schriftf\u00fchrerin) best\u00e4tigt.<\/p>\n<p style=\"text-align: justify;\" align=\"justify\">Das neugeschaffene Amt des k\u00fcnftig Vorstandsarbeit &#8222;schnuppernden&#8220; Beisitzers (kooptiertes Mitglied) hat in diesem Jahr Silke H\u00fchner inne. Neuer Kassenpr\u00fcfer f\u00fcr zwei Jahre ist Dirk Klahold, der die turnusm\u00e4\u00dfig ausgeschiedene Melanie Kalovljevic ersetzt.<\/p>\n<p style=\"text-align: justify;\" align=\"justify\"><a href=\"http:\/\/amante-menden.de\/wordpress\/wp-content\/uploads\/2015\/06\/24.jpg\"><img loading=\"lazy\" decoding=\"async\" class=\" size-full wp-image-671 aligncenter\" src=\"http:\/\/amante-menden.de\/wordpress\/wp-content\/uploads\/2015\/06\/24.jpg\" alt=\"2\" width=\"395\" height=\"150\" srcset=\"https:\/\/www.amante-menden.de\/wordpress\/wp-content\/uploads\/2015\/06\/24.jpg 395w, https:\/\/www.amante-menden.de\/wordpress\/wp-content\/uploads\/2015\/06\/24-300x114.jpg 300w\" sizes=\"auto, (max-width: 395px) 100vw, 395px\" \/><\/a><\/p>\n<p style=\"text-align: justify;\" align=\"justify\">F\u00fcr 20-j\u00e4hrige Mitgliedschaft bekam Burkhard Br\u00fchmann ein s\u00fc\u00dfes Pr\u00e4sent \u00fcberreicht, seit 15 Jahren h\u00e4lt Nicole Becker dem Chor inzwischen die Treue. Seit zehn Jahren singen Sarah Stau\u00df, Sonja Gurris, Carina Zebrowski, Hannelore Stancu und Melanie Ferber bei amante. Vor f\u00fcnf Jahren schlossen sich Sarah Brinkmann, Melanie Kalovlcjevic, Sabine Nitschke, Andrea Woitzik und ihr Gatte Markus den &#8222;Musikliebhabern&#8220; an. Sie durften sich ebenso \u00fcber ein kleines leckeres Geschenk freuen wie Chorleiter Michael Oel und alle Vorstandsmitglieder.<\/p>\n<p style=\"text-align: justify;\" align=\"justify\"><a href=\"http:\/\/amante-menden.de\/wordpress\/wp-content\/uploads\/2015\/06\/silke.jpg\"><img loading=\"lazy\" decoding=\"async\" class=\" size-thumbnail wp-image-675 alignleft\" src=\"http:\/\/amante-menden.de\/wordpress\/wp-content\/uploads\/2015\/06\/silke-150x150.jpg\" alt=\"silke\" width=\"150\" height=\"150\" srcset=\"https:\/\/www.amante-menden.de\/wordpress\/wp-content\/uploads\/2015\/06\/silke-150x150.jpg 150w, https:\/\/www.amante-menden.de\/wordpress\/wp-content\/uploads\/2015\/06\/silke-144x144.jpg 144w\" sizes=\"auto, (max-width: 150px) 100vw, 150px\" \/><\/a>Nach dem turbulenten Jubil\u00e4umsjahr l\u00e4sst es amante della musica 2012 etwas ruhiger angehen. So singt der Chor am 10. M\u00e4rz beim Chorfestival H\u00f6nne-Ruhr in H\u00fcingsen, f\u00e4hrt vom 9. bis 14. April mit fast 50 Personen nach Bamberg. Vom 1. bis 4. November schlie\u00dflich steht das Probewochenende in Nachrodt-Wiblingwerde auf dem Programm, in dessen Rahmen sich der Chor intensiv auf das Meisterchorsingen 2013 in Siegen vorbereitet.<\/p>\n<p style=\"text-align: justify;\" align=\"justify\">Schon jetzt ist die Literatur von Pop und Schlager gewechselt zu klassischen Chorwerken<a href=\"http:\/\/amante-menden.de\/wordpress\/wp-content\/uploads\/2015\/06\/markus.jpg\"><img loading=\"lazy\" decoding=\"async\" class=\" size-thumbnail wp-image-674 alignright\" src=\"http:\/\/amante-menden.de\/wordpress\/wp-content\/uploads\/2015\/06\/markus-150x150.jpg\" alt=\"markus\" width=\"150\" height=\"150\" srcset=\"https:\/\/www.amante-menden.de\/wordpress\/wp-content\/uploads\/2015\/06\/markus-150x150.jpg 150w, https:\/\/www.amante-menden.de\/wordpress\/wp-content\/uploads\/2015\/06\/markus-144x144.jpg 144w\" sizes=\"auto, (max-width: 150px) 100vw, 150px\" \/><\/a> von Haydn, H\u00e4ndel und Mendelssohn-Bartholdy. Darauf liegt ab sofort der musikalische Schwerpunkt. Im Hinblick auf das Meisterchorsingen beschloss die Versammlung, den Aufnahmestopp aufzuheben und f\u00fcr einen begrenzten Zeitraum in allen Stimmlagen neue S\u00e4ngerinnen und S\u00e4nger aufzunehmen.<\/p>\n","protected":false},"excerpt":{"rendered":"<p>Menden. Der Blick zur\u00fcck auf das ereignisreiche Jubil\u00e4umsjahr 2011, zahlreiche Ehrungen und Neuwahlen haben die Jahreshauptversammlung von amante della musica menden am Samstagnachmittag in der Aula der Hauptschule am Gelben Morgen gepr\u00e4gt. Der Jahres- und der Kassenbericht sowie die Berichte &hellip; <a href=\"https:\/\/www.amante-menden.de\/?page_id=676\">Weiterlesen <span class=\"meta-nav\">&rarr;<\/span><\/a><\/p>\n","protected":false},"author":1,"featured_media":0,"parent":156,"menu_order":121,"comment_status":"closed","ping_status":"closed","template":"","meta":{"footnotes":""},"class_list":["post-676","page","type-page","status-publish","hentry"],"_links":{"self":[{"href":"https:\/\/www.amante-menden.de\/index.php?rest_route=\/wp\/v2\/pages\/676","targetHints":{"allow":["GET"]}}],"collection":[{"href":"https:\/\/www.amante-menden.de\/index.php?rest_route=\/wp\/v2\/pages"}],"about":[{"href":"https:\/\/www.amante-menden.de\/index.php?rest_route=\/wp\/v2\/types\/page"}],"author":[{"embeddable":true,"href":"https:\/\/www.amante-menden.de\/index.php?rest_route=\/wp\/v2\/users\/1"}],"replies":[{"embeddable":true,"href":"https:\/\/www.amante-menden.de\/index.php?rest_route=%2Fwp%2Fv2%2Fcomments&post=676"}],"version-history":[{"count":1,"href":"https:\/\/www.amante-menden.de\/index.php?rest_route=\/wp\/v2\/pages\/676\/revisions"}],"predecessor-version":[{"id":677,"href":"https:\/\/www.amante-menden.de\/index.php?rest_route=\/wp\/v2\/pages\/676\/revisions\/677"}],"up":[{"embeddable":true,"href":"https:\/\/www.amante-menden.de\/index.php?rest_route=\/wp\/v2\/pages\/156"}],"wp:attachment":[{"href":"https:\/\/www.amante-menden.de\/index.php?rest_route=%2Fwp%2Fv2%2Fmedia&parent=676"}],"curies":[{"name":"wp","href":"https:\/\/api.w.org\/{rel}","templated":true}]}}

<p style="text-align: center;"><a href="http://amante-menden.de/wordpress/wp-content/uploads/2015/06/gruppe-gr.jpg"><img loading="lazy" decoding="async" class="alignnone size-full wp-image-673" src="http://amante-menden.de/wordpress/wp-content/uploads/2015/06/gruppe-gr.jpg" alt="gruppe-gr" width="500" height="219" srcset="https://www.amante-menden.de/wordpress/wp-content/uploads/2015/06/gruppe-gr.jpg 500w, https://www.amante-menden.de/wordpress/wp-content/uploads/2015/06/gruppe-gr-300x131.jpg 300w" sizes="auto, (max-width: 500px) 100vw, 500px" /></a></p>
<p style="text-align: justify;"><strong>Menden.</strong> Der Blick zurück auf das ereignisreiche Jubiläumsjahr 2011, zahlreiche Ehrungen und Neuwahlen haben die Jahreshauptversammlung von amante della musica menden am Samstagnachmittag in der Aula der Hauptschule am Gelben Morgen geprägt.</p>
<p style="text-align: justify;" align="justify">Der Jahres- und der Kassenbericht sowie die Berichte des 1. Vorsitzenden Lars Becker und von Chorleiter Michael Oel ließen die vielen Veranstaltungen anlässlich des 25-jährigen Bestehens des Meisterchores noch einmal Revue passieren. So bleiben die beiden eigenen Konzerte, das Chorfestival Hönne-Ruhr und vor allem die zwei Mal ausverkaufte Revue &#8222;Für immer jung&#8220; den Mitgliedern gewiss noch lange in Erinnerung.</p>
<p align="justify">Besonders positiv: Dank zahlreicher Sponsoren und dem großen Engagement seiner Aktiven und Förderer konnte amante das Geburtstagsjahr mit einem ausgeglichenen Haushalt abschließen. Entsprechend einstimmig fiel dann auch die Entlastung des Vorstandes aus, der sich anschließend auf zwei Positionen veränderte.</p>
<p> <a href="http://amante-menden.de/wordpress/wp-content/uploads/2015/06/erwin.jpg"><img loading="lazy" decoding="async" class=" size-full wp-image-672 alignleft" src="http://amante-menden.de/wordpress/wp-content/uploads/2015/06/erwin.jpg" alt="erwin" width="111" height="150" /></a>Nach insgesamt 15 Jahren ehrenamtlicher Mitarbeit stellte sich Erwin Orlich als 2. Kassierer nicht mehr zur Wiederwahl, er wurde unter großem Beifall mit einem Präsent verabschiedet. An seine Stelle wählte die Versammlung für zwei Jahre Markus Woitzik, der wie Orlich im Bass von amante singt. Jeweils einstimmig für zwei weitere Jahre wurden Melanie Ferber (2. Vorsitzende) und ihre Mutter Andrea (2. Schriftführerin) bestätigt.</p>
<p style="text-align: justify;" align="justify">Das neugeschaffene Amt des künftig Vorstandsarbeit &#8222;schnuppernden&#8220; Beisitzers (kooptiertes Mitglied) hat in diesem Jahr Silke Hühner inne. Neuer Kassenprüfer für zwei Jahre ist Dirk Klahold, der die turnusmäßig ausgeschiedene Melanie Kalovljevic ersetzt.</p>
<p style="text-align: justify;" align="justify"><a href="http://amante-menden.de/wordpress/wp-content/uploads/2015/06/24.jpg"><img loading="lazy" decoding="async" class=" size-full wp-image-671 aligncenter" src="http://amante-menden.de/wordpress/wp-content/uploads/2015/06/24.jpg" alt="2" width="395" height="150" srcset="https://www.amante-menden.de/wordpress/wp-content/uploads/2015/06/24.jpg 395w, https://www.amante-menden.de/wordpress/wp-content/uploads/2015/06/24-300x114.jpg 300w" sizes="auto, (max-width: 395px) 100vw, 395px" /></a></p>
<p style="text-align: justify;" align="justify">Für 20-jährige Mitgliedschaft bekam Burkhard Brühmann ein süßes Präsent überreicht, seit 15 Jahren hält Nicole Becker dem Chor inzwischen die Treue. Seit zehn Jahren singen Sarah Stauß, Sonja Gurris, Carina Zebrowski, Hannelore Stancu und Melanie Ferber bei amante. Vor fünf Jahren schlossen sich Sarah Brinkmann, Melanie Kalovlcjevic, Sabine Nitschke, Andrea Woitzik und ihr Gatte Markus den &#8222;Musikliebhabern&#8220; an. Sie durften sich ebenso über ein kleines leckeres Geschenk freuen wie Chorleiter Michael Oel und alle Vorstandsmitglieder.</p>
<p style="text-align: justify;" align="justify"><a href="http://amante-menden.de/wordpress/wp-content/uploads/2015/06/silke.jpg"><img loading="lazy" decoding="async" class=" size-thumbnail wp-image-675 alignleft" src="http://amante-menden.de/wordpress/wp-content/uploads/2015/06/silke-150x150.jpg" alt="silke" width="150" height="150" srcset="https://www.amante-menden.de/wordpress/wp-content/uploads/2015/06/silke-150x150.jpg 150w, https://www.amante-menden.de/wordpress/wp-content/uploads/2015/06/silke-144x144.jpg 144w" sizes="auto, (max-width: 150px) 100vw, 150px" /></a>Nach dem turbulenten Jubiläumsjahr lässt es amante della musica 2012 etwas ruhiger angehen. So singt der Chor am 10. März beim Chorfestival Hönne-Ruhr in Hüingsen, fährt vom 9. bis 14. April mit fast 50 Personen nach Bamberg. Vom 1. bis 4. November schließlich steht das Probewochenende in Nachrodt-Wiblingwerde auf dem Programm, in dessen Rahmen sich der Chor intensiv auf das Meisterchorsingen 2013 in Siegen vorbereitet.</p>
<p style="text-align: justify;" align="justify">Schon jetzt ist die Literatur von Pop und Schlager gewechselt zu klassischen Chorwerken<a href="http://amante-menden.de/wordpress/wp-content/uploads/2015/06/markus.jpg"><img loading="lazy" decoding="async" class=" size-thumbnail wp-image-674 alignright" src="http://amante-menden.de/wordpress/wp-content/uploads/2015/06/markus-150x150.jpg" alt="markus" width="150" height="150" srcset="https://www.amante-menden.de/wordpress/wp-content/uploads/2015/06/markus-150x150.jpg 150w, https://www.amante-menden.de/wordpress/wp-content/uploads/2015/06/markus-144x144.jpg 144w" sizes="auto, (max-width: 150px) 100vw, 150px" /></a> von Haydn, Händel und Mendelssohn-Bartholdy. Darauf liegt ab sofort der musikalische Schwerpunkt. Im Hinblick auf das Meisterchorsingen beschloss die Versammlung, den Aufnahmestopp aufzuheben und für einen begrenzten Zeitraum in allen Stimmlagen neue Sängerinnen und Sänger aufzunehmen.</p>

<p>Menden. Der Blick zurück auf das ereignisreiche Jubiläumsjahr 2011, zahlreiche Ehrungen und Neuwahlen haben die Jahreshauptversammlung von amante della musica menden am Samstagnachmittag in der Aula der Hauptschule am Gelben Morgen geprägt. Der Jahres- und der Kassenbericht sowie die Berichte &hellip; <a href="https://www.amante-menden.de/?page_id=676">Weiterlesen <span class="meta-nav">&rarr;</span></a></p>
