{"id":684,"date":"2015-06-16T09:46:14","date_gmt":"2015-06-16T07:46:14","guid":{"rendered":"http:\/\/amante-menden.de\/?page_id=684"},"modified":"2015-06-16T15:18:49","modified_gmt":"2015-06-16T13:18:49","slug":"sommerferienprogramm-2012","status":"publish","type":"page","link":"https:\/\/www.amante-menden.de\/?page_id=684","title":{"rendered":"Sommerferienprogramm 2012"},"content":{"rendered":"<h3>Die Ferien waren &#8222;Probenfreie Zeit&#8220; aber keinen &#8222;amante-freie Zeit&#8220;!!!<\/h3>\n<p><a href=\"http:\/\/amante-menden.de\/wordpress\/wp-content\/uploads\/2015\/06\/brinkmann.jpg\"><img loading=\"lazy\" decoding=\"async\" class=\" size-medium wp-image-681 aligncenter\" src=\"http:\/\/amante-menden.de\/wordpress\/wp-content\/uploads\/2015\/06\/brinkmann-300x191.jpg\" alt=\"brinkmann\" width=\"300\" height=\"191\" srcset=\"https:\/\/www.amante-menden.de\/wordpress\/wp-content\/uploads\/2015\/06\/brinkmann-300x191.jpg 300w, https:\/\/www.amante-menden.de\/wordpress\/wp-content\/uploads\/2015\/06\/brinkmann.jpg 400w\" sizes=\"auto, (max-width: 300px) 100vw, 300px\" \/><\/a><\/p>\n<p>1. Mittwoch: Gem\u00fctlicher Abend bei Kosta \/ 31 Leute<br \/>\n2. Mittwoch: Bowlen in Lendringsen \/ 34 Leute<br \/>\n3. Mittwoch: Minigolf im Freizeitzentrum Biebertal \/ 28 Leute<br \/>\n4. Mittwoch: Gem\u00fctlicher Abend bei Kosta \/ 24 Leute<br \/>\n5. Mittwoch: Geburtstagsst\u00e4ndchen f\u00fcr Georg Brinkmann in H\u00fcingsen \/ 36 Leute<\/p>\n<p><a href=\"http:\/\/amante-menden.de\/wordpress\/wp-content\/uploads\/2015\/06\/minigolf4.jpg\"><img loading=\"lazy\" decoding=\"async\" class=\"alignnone size-medium wp-image-683\" src=\"http:\/\/amante-menden.de\/wordpress\/wp-content\/uploads\/2015\/06\/minigolf4-300x225.jpg\" alt=\"minigolf4\" width=\"300\" height=\"225\" srcset=\"https:\/\/www.amante-menden.de\/wordpress\/wp-content\/uploads\/2015\/06\/minigolf4-300x225.jpg 300w, https:\/\/www.amante-menden.de\/wordpress\/wp-content\/uploads\/2015\/06\/minigolf4.jpg 400w\" sizes=\"auto, (max-width: 300px) 100vw, 300px\" \/><\/a> <a href=\"http:\/\/amante-menden.de\/wordpress\/wp-content\/uploads\/2015\/06\/minigolf2.jpg\"><img loading=\"lazy\" decoding=\"async\" class=\"alignnone size-medium wp-image-682\" src=\"http:\/\/amante-menden.de\/wordpress\/wp-content\/uploads\/2015\/06\/minigolf2-300x225.jpg\" alt=\"minigolf2\" width=\"300\" height=\"225\" srcset=\"https:\/\/www.amante-menden.de\/wordpress\/wp-content\/uploads\/2015\/06\/minigolf2-300x225.jpg 300w, https:\/\/www.amante-menden.de\/wordpress\/wp-content\/uploads\/2015\/06\/minigolf2.jpg 400w\" sizes=\"auto, (max-width: 300px) 100vw, 300px\" \/><\/a><\/p>\n","protected":false},"excerpt":{"rendered":"<p>Die Ferien waren &#8222;Probenfreie Zeit&#8220; aber keinen &#8222;amante-freie Zeit&#8220;!!! 1. Mittwoch: Gem\u00fctlicher Abend bei Kosta \/ 31 Leute 2. Mittwoch: Bowlen in Lendringsen \/ 34 Leute 3. Mittwoch: Minigolf im Freizeitzentrum Biebertal \/ 28 Leute 4. Mittwoch: Gem\u00fctlicher Abend bei &hellip; <a href=\"https:\/\/www.amante-menden.de\/?page_id=684\">Weiterlesen <span class=\"meta-nav\">&rarr;<\/span><\/a><\/p>\n","protected":false},"author":1,"featured_media":0,"parent":156,"menu_order":124,"comment_status":"closed","ping_status":"closed","template":"","meta":{"footnotes":""},"class_list":["post-684","page","type-page","status-publish","hentry"],"_links":{"self":[{"href":"https:\/\/www.amante-menden.de\/index.php?rest_route=\/wp\/v2\/pages\/684","targetHints":{"allow":["GET"]}}],"collection":[{"href":"https:\/\/www.amante-menden.de\/index.php?rest_route=\/wp\/v2\/pages"}],"about":[{"href":"https:\/\/www.amante-menden.de\/index.php?rest_route=\/wp\/v2\/types\/page"}],"author":[{"embeddable":true,"href":"https:\/\/www.amante-menden.de\/index.php?rest_route=\/wp\/v2\/users\/1"}],"replies":[{"embeddable":true,"href":"https:\/\/www.amante-menden.de\/index.php?rest_route=%2Fwp%2Fv2%2Fcomments&post=684"}],"version-history":[{"count":1,"href":"https:\/\/www.amante-menden.de\/index.php?rest_route=\/wp\/v2\/pages\/684\/revisions"}],"predecessor-version":[{"id":685,"href":"https:\/\/www.amante-menden.de\/index.php?rest_route=\/wp\/v2\/pages\/684\/revisions\/685"}],"up":[{"embeddable":true,"href":"https:\/\/www.amante-menden.de\/index.php?rest_route=\/wp\/v2\/pages\/156"}],"wp:attachment":[{"href":"https:\/\/www.amante-menden.de\/index.php?rest_route=%2Fwp%2Fv2%2Fmedia&parent=684"}],"curies":[{"name":"wp","href":"https:\/\/api.w.org\/{rel}","templated":true}]}}