{"id":817,"date":"2015-06-17T09:56:54","date_gmt":"2015-06-17T07:56:54","guid":{"rendered":"http:\/\/amante-menden.de\/?page_id=817"},"modified":"2015-06-17T09:56:54","modified_gmt":"2015-06-17T07:56:54","slug":"amante-jubilaeum-endet-mit-meisterlichem-konzert-am-12-11-2011","status":"publish","type":"page","link":"https:\/\/www.amante-menden.de\/?page_id=817","title":{"rendered":"&#8222;amante&#8220;-Jubil\u00e4um endet mit meisterlichem Konzert am 12.11.2011"},"content":{"rendered":"<h3>Vorsitzender Lars Becker dankt Aktiven &#8211; Ensemble beweist Vielseitigkeit<\/h3>\n<p>Bilder und Text von Dirk Becker \/ Hellweger Anzeiger<\/p>\n<p><a href=\"http:\/\/amante-menden.de\/wordpress\/wp-content\/uploads\/2015\/06\/04.jpg\"><img loading=\"lazy\" decoding=\"async\" class=\"alignnone size-full wp-image-811\" src=\"http:\/\/amante-menden.de\/wordpress\/wp-content\/uploads\/2015\/06\/04.jpg\" alt=\"0\" width=\"463\" height=\"200\" srcset=\"https:\/\/www.amante-menden.de\/wordpress\/wp-content\/uploads\/2015\/06\/04.jpg 463w, https:\/\/www.amante-menden.de\/wordpress\/wp-content\/uploads\/2015\/06\/04-300x130.jpg 300w\" sizes=\"auto, (max-width: 463px) 100vw, 463px\" \/><\/a><\/p>\n<h2>Mit einem wahrhaft meisterlichen Konzert hat &#8222;amante della musica menden&#8220; den Reigen zum 25. Geburtstag des Chores beendet.<\/h2>\n<p style=\"text-align: justify;\" align=\"justify\">Und das lag nicht nur an den Chormitgliedern, die innerhalb weniger Wochen den Sprung von der Literatur einer Revue durch mehrere Jahrzehnte hin zum klassischen Chorgesang schafften. Vor allem der Bergstadtchor L\u00fcdenscheid, aber auch der arg dezimiert auftretende Frauenchor Holzen bewiesen, dass sie keineswegs umsonst den Titel &#8222;Meisterchor&#8220; tragen. Drei Ch\u00f6re, drei Gattungen, ein perfekter Abend: Die G\u00e4ste im gro\u00dfen Saal der Wilhelmsh\u00f6he, die deutlich sp\u00e4rlicher besetzt war als noch bei der zweimal ausverkauften Revue &#8222;F\u00fcr immer jung&#8220;, genossen ein abwechslungsreiches Programm, das zum gro\u00dfen Teil \u00e0 capella-St\u00fccke bereithielt. Der gro\u00dfe M\u00e4nnerchor aus dem S\u00fcdkreis, dazu die fein singenden Damen, die selbst erst vor wenigen Wochen ihren 30. Geburtstag feierten, und die Mendener Singgemeinschaft, die ihre musikalische Vielseitigkeit einmal mehr eindrucksvoll unter Beweis stellte.<\/p>\n<p style=\"text-align: justify;\">Allein 16 Meisterchortitel wurden von den drei Ch\u00f6ren pr\u00e4sentiert &#8211; vom klassischen Volkslied (&#8222;kein sch\u00f6ner Land&#8220; gab es sowohl von &#8222;amante&#8220; wie auch dem Frauenchor Holzen) \u00fcber Balkan-Weisen bis hin zu Spirituals und Pop wurde alles geboten. Lars Becker, Vorsitzender des Mendener Meisterchores, nutzte die Gelegenheit, sich am Ende des Konzertes bei den S\u00e4ngerinnen und S\u00e4ngern von &#8222;amante&#8220; zu bedanken. Weit mehr als 75 musikalische Termine, dazu Vorbereitungstreffen f\u00fcr die Revue &#8211; etwa zum B\u00fchnenbau oder Testschminken &#8211; und gesellige Runden brachten die Aktiven im ersten offiziellen Jubil\u00e4umsjahr hinter sich. Und dennoch war ein bisschen Wehmut dabei, als Becker das Ende des Jubil\u00e4umsjahres ank\u00fcndigte, das mit einem Auftritt zum 150-j\u00e4hrigen Bestehen der Stadtwerke Menden noch eine kleine Zugabe bereith\u00e4lt. Im n\u00e4chsten Jahr &#8211; das ist schon klar &#8211; soll es etwas ruhiger werden. Der Chor will neue Literatur erarbeiten, auch im Hinblick auf das n\u00e4chste Meisterchorsingen. Au\u00dferdem unternimmt &#8222;amante della musica menden&#8220; eine Chorfahrt nach Bamberg.<\/p>\n<div id='gallery-1' class='gallery galleryid-817 gallery-columns-3 gallery-size-thumbnail'><dl class='gallery-item'>\n\t\t\t<dt class='gallery-icon landscape'>\n\t\t\t\t<a href='https:\/\/www.amante-menden.de\/?attachment_id=816'><img loading=\"lazy\" decoding=\"async\" width=\"150\" height=\"150\" src=\"https:\/\/www.amante-menden.de\/wordpress\/wp-content\/uploads\/2015\/06\/frauenchor_start-150x150.jpg\" class=\"attachment-thumbnail size-thumbnail\" alt=\"\" srcset=\"https:\/\/www.amante-menden.de\/wordpress\/wp-content\/uploads\/2015\/06\/frauenchor_start-150x150.jpg 150w, https:\/\/www.amante-menden.de\/wordpress\/wp-content\/uploads\/2015\/06\/frauenchor_start-144x144.jpg 144w\" sizes=\"auto, (max-width: 150px) 100vw, 150px\" \/><\/a>\n\t\t\t<\/dt><\/dl><dl class='gallery-item'>\n\t\t\t<dt class='gallery-icon landscape'>\n\t\t\t\t<a href='https:\/\/www.amante-menden.de\/?attachment_id=815'><img loading=\"lazy\" decoding=\"async\" width=\"150\" height=\"150\" src=\"https:\/\/www.amante-menden.de\/wordpress\/wp-content\/uploads\/2015\/06\/bergstandtchor-150x150.jpg\" class=\"attachment-thumbnail size-thumbnail\" alt=\"\" srcset=\"https:\/\/www.amante-menden.de\/wordpress\/wp-content\/uploads\/2015\/06\/bergstandtchor-150x150.jpg 150w, https:\/\/www.amante-menden.de\/wordpress\/wp-content\/uploads\/2015\/06\/bergstandtchor-144x144.jpg 144w\" sizes=\"auto, (max-width: 150px) 100vw, 150px\" \/><\/a>\n\t\t\t<\/dt><\/dl><dl class='gallery-item'>\n\t\t\t<dt class='gallery-icon landscape'>\n\t\t\t\t<a href='https:\/\/www.amante-menden.de\/?attachment_id=814'><img loading=\"lazy\" decoding=\"async\" width=\"150\" height=\"150\" src=\"https:\/\/www.amante-menden.de\/wordpress\/wp-content\/uploads\/2015\/06\/37-150x150.jpg\" class=\"attachment-thumbnail size-thumbnail\" alt=\"\" srcset=\"https:\/\/www.amante-menden.de\/wordpress\/wp-content\/uploads\/2015\/06\/37-150x150.jpg 150w, https:\/\/www.amante-menden.de\/wordpress\/wp-content\/uploads\/2015\/06\/37-144x144.jpg 144w\" sizes=\"auto, (max-width: 150px) 100vw, 150px\" \/><\/a>\n\t\t\t<\/dt><\/dl><br style=\"clear: both\" \/><dl class='gallery-item'>\n\t\t\t<dt class='gallery-icon landscape'>\n\t\t\t\t<a href='https:\/\/www.amante-menden.de\/?attachment_id=813'><img loading=\"lazy\" decoding=\"async\" width=\"150\" height=\"150\" src=\"https:\/\/www.amante-menden.de\/wordpress\/wp-content\/uploads\/2015\/06\/29-150x150.jpg\" class=\"attachment-thumbnail size-thumbnail\" alt=\"\" srcset=\"https:\/\/www.amante-menden.de\/wordpress\/wp-content\/uploads\/2015\/06\/29-150x150.jpg 150w, https:\/\/www.amante-menden.de\/wordpress\/wp-content\/uploads\/2015\/06\/29-144x144.jpg 144w\" sizes=\"auto, (max-width: 150px) 100vw, 150px\" \/><\/a>\n\t\t\t<\/dt><\/dl><dl class='gallery-item'>\n\t\t\t<dt class='gallery-icon landscape'>\n\t\t\t\t<a href='https:\/\/www.amante-menden.de\/?attachment_id=812'><img loading=\"lazy\" decoding=\"async\" width=\"150\" height=\"150\" src=\"https:\/\/www.amante-menden.de\/wordpress\/wp-content\/uploads\/2015\/06\/117-150x150.jpg\" class=\"attachment-thumbnail size-thumbnail\" alt=\"\" srcset=\"https:\/\/www.amante-menden.de\/wordpress\/wp-content\/uploads\/2015\/06\/117-150x150.jpg 150w, https:\/\/www.amante-menden.de\/wordpress\/wp-content\/uploads\/2015\/06\/117-144x144.jpg 144w\" sizes=\"auto, (max-width: 150px) 100vw, 150px\" \/><\/a>\n\t\t\t<\/dt><\/dl>\n\t\t\t<br style='clear: both' \/>\n\t\t<\/div>\n\n<p>&nbsp;<\/p>\n","protected":false},"excerpt":{"rendered":"<p>Vorsitzender Lars Becker dankt Aktiven &#8211; Ensemble beweist Vielseitigkeit Bilder und Text von Dirk Becker \/ Hellweger Anzeiger Mit einem wahrhaft meisterlichen Konzert hat &#8222;amante della musica menden&#8220; den Reigen zum 25. Geburtstag des Chores beendet. Und das lag nicht &hellip; <a href=\"https:\/\/www.amante-menden.de\/?page_id=817\">Weiterlesen <span class=\"meta-nav\">&rarr;<\/span><\/a><\/p>\n","protected":false},"author":1,"featured_media":0,"parent":156,"menu_order":116,"comment_status":"closed","ping_status":"closed","template":"","meta":{"footnotes":""},"class_list":["post-817","page","type-page","status-publish","hentry"],"_links":{"self":[{"href":"https:\/\/www.amante-menden.de\/index.php?rest_route=\/wp\/v2\/pages\/817","targetHints":{"allow":["GET"]}}],"collection":[{"href":"https:\/\/www.amante-menden.de\/index.php?rest_route=\/wp\/v2\/pages"}],"about":[{"href":"https:\/\/www.amante-menden.de\/index.php?rest_route=\/wp\/v2\/types\/page"}],"author":[{"embeddable":true,"href":"https:\/\/www.amante-menden.de\/index.php?rest_route=\/wp\/v2\/users\/1"}],"replies":[{"embeddable":true,"href":"https:\/\/www.amante-menden.de\/index.php?rest_route=%2Fwp%2Fv2%2Fcomments&post=817"}],"version-history":[{"count":1,"href":"https:\/\/www.amante-menden.de\/index.php?rest_route=\/wp\/v2\/pages\/817\/revisions"}],"predecessor-version":[{"id":818,"href":"https:\/\/www.amante-menden.de\/index.php?rest_route=\/wp\/v2\/pages\/817\/revisions\/818"}],"up":[{"embeddable":true,"href":"https:\/\/www.amante-menden.de\/index.php?rest_route=\/wp\/v2\/pages\/156"}],"wp:attachment":[{"href":"https:\/\/www.amante-menden.de\/index.php?rest_route=%2Fwp%2Fv2%2Fmedia&parent=817"}],"curies":[{"name":"wp","href":"https:\/\/api.w.org\/{rel}","templated":true}]}}

&#8222;amante&#8220;-Jubiläum endet mit meisterlichem Konzert am 12.11.2011

<h3>Vorsitzender Lars Becker dankt Aktiven &#8211; Ensemble beweist Vielseitigkeit</h3>
<p>Bilder und Text von Dirk Becker / Hellweger Anzeiger</p>
<p><a href="http://amante-menden.de/wordpress/wp-content/uploads/2015/06/04.jpg"><img loading="lazy" decoding="async" class="alignnone size-full wp-image-811" src="http://amante-menden.de/wordpress/wp-content/uploads/2015/06/04.jpg" alt="0" width="463" height="200" srcset="https://www.amante-menden.de/wordpress/wp-content/uploads/2015/06/04.jpg 463w, https://www.amante-menden.de/wordpress/wp-content/uploads/2015/06/04-300x130.jpg 300w" sizes="auto, (max-width: 463px) 100vw, 463px" /></a></p>
<h2>Mit einem wahrhaft meisterlichen Konzert hat &#8222;amante della musica menden&#8220; den Reigen zum 25. Geburtstag des Chores beendet.</h2>
<p style="text-align: justify;" align="justify">Und das lag nicht nur an den Chormitgliedern, die innerhalb weniger Wochen den Sprung von der Literatur einer Revue durch mehrere Jahrzehnte hin zum klassischen Chorgesang schafften. Vor allem der Bergstadtchor Lüdenscheid, aber auch der arg dezimiert auftretende Frauenchor Holzen bewiesen, dass sie keineswegs umsonst den Titel &#8222;Meisterchor&#8220; tragen. Drei Chöre, drei Gattungen, ein perfekter Abend: Die Gäste im großen Saal der Wilhelmshöhe, die deutlich spärlicher besetzt war als noch bei der zweimal ausverkauften Revue &#8222;Für immer jung&#8220;, genossen ein abwechslungsreiches Programm, das zum großen Teil à capella-Stücke bereithielt. Der große Männerchor aus dem Südkreis, dazu die fein singenden Damen, die selbst erst vor wenigen Wochen ihren 30. Geburtstag feierten, und die Mendener Singgemeinschaft, die ihre musikalische Vielseitigkeit einmal mehr eindrucksvoll unter Beweis stellte.</p>
<p style="text-align: justify;">Allein 16 Meisterchortitel wurden von den drei Chören präsentiert &#8211; vom klassischen Volkslied (&#8222;kein schöner Land&#8220; gab es sowohl von &#8222;amante&#8220; wie auch dem Frauenchor Holzen) über Balkan-Weisen bis hin zu Spirituals und Pop wurde alles geboten. Lars Becker, Vorsitzender des Mendener Meisterchores, nutzte die Gelegenheit, sich am Ende des Konzertes bei den Sängerinnen und Sängern von &#8222;amante&#8220; zu bedanken. Weit mehr als 75 musikalische Termine, dazu Vorbereitungstreffen für die Revue &#8211; etwa zum Bühnenbau oder Testschminken &#8211; und gesellige Runden brachten die Aktiven im ersten offiziellen Jubiläumsjahr hinter sich. Und dennoch war ein bisschen Wehmut dabei, als Becker das Ende des Jubiläumsjahres ankündigte, das mit einem Auftritt zum 150-jährigen Bestehen der Stadtwerke Menden noch eine kleine Zugabe bereithält. Im nächsten Jahr &#8211; das ist schon klar &#8211; soll es etwas ruhiger werden. Der Chor will neue Literatur erarbeiten, auch im Hinblick auf das nächste Meisterchorsingen. Außerdem unternimmt &#8222;amante della musica menden&#8220; eine Chorfahrt nach Bamberg.</p>
<div id='gallery-1' class='gallery galleryid-817 gallery-columns-3 gallery-size-thumbnail'><dl class='gallery-item'>
			<dt class='gallery-icon landscape'>
				<a href='https://www.amante-menden.de/?attachment_id=816'><img loading="lazy" decoding="async" width="150" height="150" src="https://www.amante-menden.de/wordpress/wp-content/uploads/2015/06/frauenchor_start-150x150.jpg" class="attachment-thumbnail size-thumbnail" alt="" srcset="https://www.amante-menden.de/wordpress/wp-content/uploads/2015/06/frauenchor_start-150x150.jpg 150w, https://www.amante-menden.de/wordpress/wp-content/uploads/2015/06/frauenchor_start-144x144.jpg 144w" sizes="auto, (max-width: 150px) 100vw, 150px" /></a>
			</dt></dl><dl class='gallery-item'>
			<dt class='gallery-icon landscape'>
				<a href='https://www.amante-menden.de/?attachment_id=815'><img loading="lazy" decoding="async" width="150" height="150" src="https://www.amante-menden.de/wordpress/wp-content/uploads/2015/06/bergstandtchor-150x150.jpg" class="attachment-thumbnail size-thumbnail" alt="" srcset="https://www.amante-menden.de/wordpress/wp-content/uploads/2015/06/bergstandtchor-150x150.jpg 150w, https://www.amante-menden.de/wordpress/wp-content/uploads/2015/06/bergstandtchor-144x144.jpg 144w" sizes="auto, (max-width: 150px) 100vw, 150px" /></a>
			</dt></dl><dl class='gallery-item'>
			<dt class='gallery-icon landscape'>
				<a href='https://www.amante-menden.de/?attachment_id=814'><img loading="lazy" decoding="async" width="150" height="150" src="https://www.amante-menden.de/wordpress/wp-content/uploads/2015/06/37-150x150.jpg" class="attachment-thumbnail size-thumbnail" alt="" srcset="https://www.amante-menden.de/wordpress/wp-content/uploads/2015/06/37-150x150.jpg 150w, https://www.amante-menden.de/wordpress/wp-content/uploads/2015/06/37-144x144.jpg 144w" sizes="auto, (max-width: 150px) 100vw, 150px" /></a>
			</dt></dl><br style="clear: both" /><dl class='gallery-item'>
			<dt class='gallery-icon landscape'>
				<a href='https://www.amante-menden.de/?attachment_id=813'><img loading="lazy" decoding="async" width="150" height="150" src="https://www.amante-menden.de/wordpress/wp-content/uploads/2015/06/29-150x150.jpg" class="attachment-thumbnail size-thumbnail" alt="" srcset="https://www.amante-menden.de/wordpress/wp-content/uploads/2015/06/29-150x150.jpg 150w, https://www.amante-menden.de/wordpress/wp-content/uploads/2015/06/29-144x144.jpg 144w" sizes="auto, (max-width: 150px) 100vw, 150px" /></a>
			</dt></dl><dl class='gallery-item'>
			<dt class='gallery-icon landscape'>
				<a href='https://www.amante-menden.de/?attachment_id=812'><img loading="lazy" decoding="async" width="150" height="150" src="https://www.amante-menden.de/wordpress/wp-content/uploads/2015/06/117-150x150.jpg" class="attachment-thumbnail size-thumbnail" alt="" srcset="https://www.amante-menden.de/wordpress/wp-content/uploads/2015/06/117-150x150.jpg 150w, https://www.amante-menden.de/wordpress/wp-content/uploads/2015/06/117-144x144.jpg 144w" sizes="auto, (max-width: 150px) 100vw, 150px" /></a>
			</dt></dl>
			<br style='clear: both' />
		</div>

<p>&nbsp;</p>
