{"id":872,"date":"2015-06-17T10:48:42","date_gmt":"2015-06-17T08:48:42","guid":{"rendered":"http:\/\/amante-menden.de\/?page_id=872"},"modified":"2015-06-17T10:48:42","modified_gmt":"2015-06-17T08:48:42","slug":"cd-aufnahme-2010","status":"publish","type":"page","link":"https:\/\/www.amante-menden.de\/?page_id=872","title":{"rendered":"CD Aufnahme 2010"},"content":{"rendered":"<h3>Von \u201eKein sch\u00f6ner Land\u201c bis \u201eBohemian Rhapsody\u201c<\/h3>\n<p><a href=\"http:\/\/amante-menden.de\/wordpress\/wp-content\/uploads\/2015\/05\/cd6.jpg\"><img loading=\"lazy\" decoding=\"async\" class=\" size-full wp-image-870 aligncenter\" src=\"http:\/\/amante-menden.de\/wordpress\/wp-content\/uploads\/2015\/05\/cd6.jpg\" alt=\"cd6\" width=\"300\" height=\"200\" \/><\/a><\/p>\n<p>Mit \u201eKein sch\u00f6ner Land\u201c ging\u2018s am Samstagmorgen los, mit der \u201eBohemian Rhapsody\u201c am Sonntagabend nach insgesamt 17-st\u00fcndigen Aufnahmen zu Ende: Der Meisterchor amante della musica menden hat am Wochenende 20.\/21. M\u00e4rz 2010 seine zweite CD eingesungen.<\/p>\n<p align=\"justify\">Nach der hervorragenden Probenbeteiligung der letzten Wochen und Monate waren 48 S\u00e4ngerinnen und S\u00e4nger im Alter von 15 bis 65 Jahren dabei, als zw\u00f6lf von 13 vorgesehenen Titeln aus dem aktuellen Repertoire vom lateinischen Chorwerk \u00fcber Volkslieder bis hin zu Popsongs aufgenommen werden konnten. Am kommenden Mittwochabend wird im Rahmen der w\u00f6chentlichen Probe mit \u201eMy heart will go on\u201c auch noch das letzte St\u00fcck fertig.<\/p>\n<p align=\"justify\">\u201eDas musikalische Ergebnis der beiden Tage kann sich schon jetzt ohne jede Nachbearbeitung mehr als h\u00f6ren lassen. Wir sind sehr stolz auf unsere Aktiven, die sehr diszipliniert gearbeitet haben, ohne dass der Spa\u00df zu kurz gekommen w\u00e4re. Die konzentrierten Proben in diesem Jahr haben sich ausgezahlt\u201c, freuten sich Chorleiter Michael Oel und Vorsitzender Lars Becker, deren ausdr\u00fccklicher Dank den Br\u00fcdern Kai und Ralf Deutschl\u00e4nder vom Balver Label KRD Music galt. Beide leiteten mit viel Geduld und Einf\u00fchlungsverm\u00f6gen die Aufnahmen.<\/p>\n<p align=\"justify\">Das Ergebnis, also die zweite CD nach \u201eAuftakt\u201c aus dem Jahr 2000, pr\u00e4sentiert amante della musica an Fronleichnam (Donnerstag, 3. Juni) um 17 Uhr im Rahmen eines Konzertes auf der Wilhelmsh\u00f6he. Bis dahin laufen parallel zur CD-Produktion (500 St\u00fcck) s\u00e4mtliche graphischen Arbeiten f\u00fcr das Booklet, professionelle Fotoaufnahmen sowie die Produktion eines Chorflyers. \u201eNach der letzten Aufnahme am kommenden Mittwoch genie\u00dfen wir aber alle erst einmal die Osterferien. Diese Pause haben wir uns verdient\u201c, so Oel und Becker, die den Namen der neuen CD noch nicht verraten wollten: \u201eEs gibt zwar einen ganz konkreten Vorschlag, aber den sollen zun\u00e4chst unsere Aktiven pr\u00e4sentiert bekommen.\u201c<\/p>\n<div id='gallery-1' class='gallery galleryid-872 gallery-columns-3 gallery-size-thumbnail'><dl class='gallery-item'>\n\t\t\t<dt class='gallery-icon landscape'>\n\t\t\t\t<a href='https:\/\/www.amante-menden.de\/?attachment_id=871'><img loading=\"lazy\" decoding=\"async\" width=\"150\" height=\"150\" src=\"https:\/\/www.amante-menden.de\/wordpress\/wp-content\/uploads\/2015\/05\/cd7-150x150.jpg\" class=\"attachment-thumbnail size-thumbnail\" alt=\"\" srcset=\"https:\/\/www.amante-menden.de\/wordpress\/wp-content\/uploads\/2015\/05\/cd7-150x150.jpg 150w, https:\/\/www.amante-menden.de\/wordpress\/wp-content\/uploads\/2015\/05\/cd7-144x144.jpg 144w\" sizes=\"auto, (max-width: 150px) 100vw, 150px\" \/><\/a>\n\t\t\t<\/dt><\/dl><dl class='gallery-item'>\n\t\t\t<dt class='gallery-icon landscape'>\n\t\t\t\t<a href='https:\/\/www.amante-menden.de\/?attachment_id=869'><img loading=\"lazy\" decoding=\"async\" width=\"150\" height=\"150\" src=\"https:\/\/www.amante-menden.de\/wordpress\/wp-content\/uploads\/2015\/05\/cd5-150x150.jpg\" class=\"attachment-thumbnail size-thumbnail\" alt=\"\" srcset=\"https:\/\/www.amante-menden.de\/wordpress\/wp-content\/uploads\/2015\/05\/cd5-150x150.jpg 150w, https:\/\/www.amante-menden.de\/wordpress\/wp-content\/uploads\/2015\/05\/cd5-144x144.jpg 144w\" sizes=\"auto, (max-width: 150px) 100vw, 150px\" \/><\/a>\n\t\t\t<\/dt><\/dl><dl class='gallery-item'>\n\t\t\t<dt class='gallery-icon landscape'>\n\t\t\t\t<a href='https:\/\/www.amante-menden.de\/?attachment_id=868'><img loading=\"lazy\" decoding=\"async\" width=\"150\" height=\"150\" src=\"https:\/\/www.amante-menden.de\/wordpress\/wp-content\/uploads\/2015\/05\/cd4-150x150.jpg\" class=\"attachment-thumbnail size-thumbnail\" alt=\"\" srcset=\"https:\/\/www.amante-menden.de\/wordpress\/wp-content\/uploads\/2015\/05\/cd4-150x150.jpg 150w, https:\/\/www.amante-menden.de\/wordpress\/wp-content\/uploads\/2015\/05\/cd4-144x144.jpg 144w\" sizes=\"auto, (max-width: 150px) 100vw, 150px\" \/><\/a>\n\t\t\t<\/dt><\/dl><br style=\"clear: both\" \/><dl class='gallery-item'>\n\t\t\t<dt class='gallery-icon landscape'>\n\t\t\t\t<a href='https:\/\/www.amante-menden.de\/?attachment_id=867'><img loading=\"lazy\" decoding=\"async\" width=\"150\" height=\"150\" src=\"https:\/\/www.amante-menden.de\/wordpress\/wp-content\/uploads\/2015\/05\/cd3-150x150.jpg\" class=\"attachment-thumbnail size-thumbnail\" alt=\"\" srcset=\"https:\/\/www.amante-menden.de\/wordpress\/wp-content\/uploads\/2015\/05\/cd3-150x150.jpg 150w, https:\/\/www.amante-menden.de\/wordpress\/wp-content\/uploads\/2015\/05\/cd3-144x144.jpg 144w\" sizes=\"auto, (max-width: 150px) 100vw, 150px\" \/><\/a>\n\t\t\t<\/dt><\/dl><dl class='gallery-item'>\n\t\t\t<dt class='gallery-icon landscape'>\n\t\t\t\t<a href='https:\/\/www.amante-menden.de\/?attachment_id=866'><img loading=\"lazy\" decoding=\"async\" width=\"150\" height=\"150\" src=\"https:\/\/www.amante-menden.de\/wordpress\/wp-content\/uploads\/2015\/05\/cd2-150x150.jpg\" class=\"attachment-thumbnail size-thumbnail\" alt=\"\" srcset=\"https:\/\/www.amante-menden.de\/wordpress\/wp-content\/uploads\/2015\/05\/cd2-150x150.jpg 150w, https:\/\/www.amante-menden.de\/wordpress\/wp-content\/uploads\/2015\/05\/cd2-144x144.jpg 144w\" sizes=\"auto, (max-width: 150px) 100vw, 150px\" \/><\/a>\n\t\t\t<\/dt><\/dl><dl class='gallery-item'>\n\t\t\t<dt class='gallery-icon landscape'>\n\t\t\t\t<a href='https:\/\/www.amante-menden.de\/?attachment_id=865'><img loading=\"lazy\" decoding=\"async\" width=\"150\" height=\"150\" src=\"https:\/\/www.amante-menden.de\/wordpress\/wp-content\/uploads\/2015\/05\/cd1-150x150.jpg\" class=\"attachment-thumbnail size-thumbnail\" alt=\"\" srcset=\"https:\/\/www.amante-menden.de\/wordpress\/wp-content\/uploads\/2015\/05\/cd1-150x150.jpg 150w, https:\/\/www.amante-menden.de\/wordpress\/wp-content\/uploads\/2015\/05\/cd1-144x144.jpg 144w\" sizes=\"auto, (max-width: 150px) 100vw, 150px\" \/><\/a>\n\t\t\t<\/dt><\/dl><br style=\"clear: both\" \/><dl class='gallery-item'>\n\t\t\t<dt class='gallery-icon landscape'>\n\t\t\t\t<a href='https:\/\/www.amante-menden.de\/?attachment_id=864'><img loading=\"lazy\" decoding=\"async\" width=\"150\" height=\"150\" src=\"https:\/\/www.amante-menden.de\/wordpress\/wp-content\/uploads\/2015\/05\/cd0-150x150.jpg\" class=\"attachment-thumbnail size-thumbnail\" alt=\"\" srcset=\"https:\/\/www.amante-menden.de\/wordpress\/wp-content\/uploads\/2015\/05\/cd0-150x150.jpg 150w, https:\/\/www.amante-menden.de\/wordpress\/wp-content\/uploads\/2015\/05\/cd0-144x144.jpg 144w\" sizes=\"auto, (max-width: 150px) 100vw, 150px\" \/><\/a>\n\t\t\t<\/dt><\/dl>\n\t\t\t<br style='clear: both' \/>\n\t\t<\/div>\n\n","protected":false},"excerpt":{"rendered":"<p>Von \u201eKein sch\u00f6ner Land\u201c bis \u201eBohemian Rhapsody\u201c Mit \u201eKein sch\u00f6ner Land\u201c ging\u2018s am Samstagmorgen los, mit der \u201eBohemian Rhapsody\u201c am Sonntagabend nach insgesamt 17-st\u00fcndigen Aufnahmen zu Ende: Der Meisterchor amante della musica menden hat am Wochenende 20.\/21. M\u00e4rz 2010 seine &hellip; <a href=\"https:\/\/www.amante-menden.de\/?page_id=872\">Weiterlesen <span class=\"meta-nav\">&rarr;<\/span><\/a><\/p>\n","protected":false},"author":1,"featured_media":0,"parent":156,"menu_order":101,"comment_status":"closed","ping_status":"closed","template":"","meta":{"footnotes":""},"class_list":["post-872","page","type-page","status-publish","hentry"],"_links":{"self":[{"href":"https:\/\/www.amante-menden.de\/index.php?rest_route=\/wp\/v2\/pages\/872","targetHints":{"allow":["GET"]}}],"collection":[{"href":"https:\/\/www.amante-menden.de\/index.php?rest_route=\/wp\/v2\/pages"}],"about":[{"href":"https:\/\/www.amante-menden.de\/index.php?rest_route=\/wp\/v2\/types\/page"}],"author":[{"embeddable":true,"href":"https:\/\/www.amante-menden.de\/index.php?rest_route=\/wp\/v2\/users\/1"}],"replies":[{"embeddable":true,"href":"https:\/\/www.amante-menden.de\/index.php?rest_route=%2Fwp%2Fv2%2Fcomments&post=872"}],"version-history":[{"count":1,"href":"https:\/\/www.amante-menden.de\/index.php?rest_route=\/wp\/v2\/pages\/872\/revisions"}],"predecessor-version":[{"id":873,"href":"https:\/\/www.amante-menden.de\/index.php?rest_route=\/wp\/v2\/pages\/872\/revisions\/873"}],"up":[{"embeddable":true,"href":"https:\/\/www.amante-menden.de\/index.php?rest_route=\/wp\/v2\/pages\/156"}],"wp:attachment":[{"href":"https:\/\/www.amante-menden.de\/index.php?rest_route=%2Fwp%2Fv2%2Fmedia&parent=872"}],"curies":[{"name":"wp","href":"https:\/\/api.w.org\/{rel}","templated":true}]}}

<h3>Von „Kein schöner Land“ bis „Bohemian Rhapsody“</h3>
<p><a href="http://amante-menden.de/wordpress/wp-content/uploads/2015/05/cd6.jpg"><img loading="lazy" decoding="async" class=" size-full wp-image-870 aligncenter" src="http://amante-menden.de/wordpress/wp-content/uploads/2015/05/cd6.jpg" alt="cd6" width="300" height="200" /></a></p>
<p>Mit „Kein schöner Land“ ging‘s am Samstagmorgen los, mit der „Bohemian Rhapsody“ am Sonntagabend nach insgesamt 17-stündigen Aufnahmen zu Ende: Der Meisterchor amante della musica menden hat am Wochenende 20./21. März 2010 seine zweite CD eingesungen.</p>
<p align="justify">Nach der hervorragenden Probenbeteiligung der letzten Wochen und Monate waren 48 Sängerinnen und Sänger im Alter von 15 bis 65 Jahren dabei, als zwölf von 13 vorgesehenen Titeln aus dem aktuellen Repertoire vom lateinischen Chorwerk über Volkslieder bis hin zu Popsongs aufgenommen werden konnten. Am kommenden Mittwochabend wird im Rahmen der wöchentlichen Probe mit „My heart will go on“ auch noch das letzte Stück fertig.</p>
<p align="justify">„Das musikalische Ergebnis der beiden Tage kann sich schon jetzt ohne jede Nachbearbeitung mehr als hören lassen. Wir sind sehr stolz auf unsere Aktiven, die sehr diszipliniert gearbeitet haben, ohne dass der Spaß zu kurz gekommen wäre. Die konzentrierten Proben in diesem Jahr haben sich ausgezahlt“, freuten sich Chorleiter Michael Oel und Vorsitzender Lars Becker, deren ausdrücklicher Dank den Brüdern Kai und Ralf Deutschländer vom Balver Label KRD Music galt. Beide leiteten mit viel Geduld und Einfühlungsvermögen die Aufnahmen.</p>
<p align="justify">Das Ergebnis, also die zweite CD nach „Auftakt“ aus dem Jahr 2000, präsentiert amante della musica an Fronleichnam (Donnerstag, 3. Juni) um 17 Uhr im Rahmen eines Konzertes auf der Wilhelmshöhe. Bis dahin laufen parallel zur CD-Produktion (500 Stück) sämtliche graphischen Arbeiten für das Booklet, professionelle Fotoaufnahmen sowie die Produktion eines Chorflyers. „Nach der letzten Aufnahme am kommenden Mittwoch genießen wir aber alle erst einmal die Osterferien. Diese Pause haben wir uns verdient“, so Oel und Becker, die den Namen der neuen CD noch nicht verraten wollten: „Es gibt zwar einen ganz konkreten Vorschlag, aber den sollen zunächst unsere Aktiven präsentiert bekommen.“</p>
<div id='gallery-1' class='gallery galleryid-872 gallery-columns-3 gallery-size-thumbnail'><dl class='gallery-item'>
			<dt class='gallery-icon landscape'>
				<a href='https://www.amante-menden.de/?attachment_id=871'><img loading="lazy" decoding="async" width="150" height="150" src="https://www.amante-menden.de/wordpress/wp-content/uploads/2015/05/cd7-150x150.jpg" class="attachment-thumbnail size-thumbnail" alt="" srcset="https://www.amante-menden.de/wordpress/wp-content/uploads/2015/05/cd7-150x150.jpg 150w, https://www.amante-menden.de/wordpress/wp-content/uploads/2015/05/cd7-144x144.jpg 144w" sizes="auto, (max-width: 150px) 100vw, 150px" /></a>
			</dt></dl><dl class='gallery-item'>
			<dt class='gallery-icon landscape'>
				<a href='https://www.amante-menden.de/?attachment_id=869'><img loading="lazy" decoding="async" width="150" height="150" src="https://www.amante-menden.de/wordpress/wp-content/uploads/2015/05/cd5-150x150.jpg" class="attachment-thumbnail size-thumbnail" alt="" srcset="https://www.amante-menden.de/wordpress/wp-content/uploads/2015/05/cd5-150x150.jpg 150w, https://www.amante-menden.de/wordpress/wp-content/uploads/2015/05/cd5-144x144.jpg 144w" sizes="auto, (max-width: 150px) 100vw, 150px" /></a>
			</dt></dl><dl class='gallery-item'>
			<dt class='gallery-icon landscape'>
				<a href='https://www.amante-menden.de/?attachment_id=868'><img loading="lazy" decoding="async" width="150" height="150" src="https://www.amante-menden.de/wordpress/wp-content/uploads/2015/05/cd4-150x150.jpg" class="attachment-thumbnail size-thumbnail" alt="" srcset="https://www.amante-menden.de/wordpress/wp-content/uploads/2015/05/cd4-150x150.jpg 150w, https://www.amante-menden.de/wordpress/wp-content/uploads/2015/05/cd4-144x144.jpg 144w" sizes="auto, (max-width: 150px) 100vw, 150px" /></a>
			</dt></dl><br style="clear: both" /><dl class='gallery-item'>
			<dt class='gallery-icon landscape'>
				<a href='https://www.amante-menden.de/?attachment_id=867'><img loading="lazy" decoding="async" width="150" height="150" src="https://www.amante-menden.de/wordpress/wp-content/uploads/2015/05/cd3-150x150.jpg" class="attachment-thumbnail size-thumbnail" alt="" srcset="https://www.amante-menden.de/wordpress/wp-content/uploads/2015/05/cd3-150x150.jpg 150w, https://www.amante-menden.de/wordpress/wp-content/uploads/2015/05/cd3-144x144.jpg 144w" sizes="auto, (max-width: 150px) 100vw, 150px" /></a>
			</dt></dl><dl class='gallery-item'>
			<dt class='gallery-icon landscape'>
				<a href='https://www.amante-menden.de/?attachment_id=866'><img loading="lazy" decoding="async" width="150" height="150" src="https://www.amante-menden.de/wordpress/wp-content/uploads/2015/05/cd2-150x150.jpg" class="attachment-thumbnail size-thumbnail" alt="" srcset="https://www.amante-menden.de/wordpress/wp-content/uploads/2015/05/cd2-150x150.jpg 150w, https://www.amante-menden.de/wordpress/wp-content/uploads/2015/05/cd2-144x144.jpg 144w" sizes="auto, (max-width: 150px) 100vw, 150px" /></a>
			</dt></dl><dl class='gallery-item'>
			<dt class='gallery-icon landscape'>
				<a href='https://www.amante-menden.de/?attachment_id=865'><img loading="lazy" decoding="async" width="150" height="150" src="https://www.amante-menden.de/wordpress/wp-content/uploads/2015/05/cd1-150x150.jpg" class="attachment-thumbnail size-thumbnail" alt="" srcset="https://www.amante-menden.de/wordpress/wp-content/uploads/2015/05/cd1-150x150.jpg 150w, https://www.amante-menden.de/wordpress/wp-content/uploads/2015/05/cd1-144x144.jpg 144w" sizes="auto, (max-width: 150px) 100vw, 150px" /></a>
			</dt></dl><br style="clear: both" /><dl class='gallery-item'>
			<dt class='gallery-icon landscape'>
				<a href='https://www.amante-menden.de/?attachment_id=864'><img loading="lazy" decoding="async" width="150" height="150" src="https://www.amante-menden.de/wordpress/wp-content/uploads/2015/05/cd0-150x150.jpg" class="attachment-thumbnail size-thumbnail" alt="" srcset="https://www.amante-menden.de/wordpress/wp-content/uploads/2015/05/cd0-150x150.jpg 150w, https://www.amante-menden.de/wordpress/wp-content/uploads/2015/05/cd0-144x144.jpg 144w" sizes="auto, (max-width: 150px) 100vw, 150px" /></a>
			</dt></dl>
			<br style='clear: both' />
		</div>

<p>Von „Kein schöner Land“ bis „Bohemian Rhapsody“ Mit „Kein schöner Land“ ging‘s am Samstagmorgen los, mit der „Bohemian Rhapsody“ am Sonntagabend nach insgesamt 17-stündigen Aufnahmen zu Ende: Der Meisterchor amante della musica menden hat am Wochenende 20./21. März 2010 seine &hellip; <a href="https://www.amante-menden.de/?page_id=872">Weiterlesen <span class="meta-nav">&rarr;</span></a></p>
