{"id":957,"date":"2015-06-17T11:13:23","date_gmt":"2015-06-17T09:13:23","guid":{"rendered":"http:\/\/amante-menden.de\/?page_id=957"},"modified":"2015-06-17T11:13:23","modified_gmt":"2015-06-17T09:13:23","slug":"jahreshauptversammlung-2010","status":"publish","type":"page","link":"https:\/\/www.amante-menden.de\/?page_id=957","title":{"rendered":"Jahreshauptversammlung 2010"},"content":{"rendered":"<h3 style=\"text-align: justify;\">Leistungssingen auf der Wilhelmsh\u00f6he 2010, Jubil\u00e4umskonzerte 2011, Teilnahme am Leistungssingen 2010<\/h3>\n<p style=\"text-align: justify;\"><a href=\"http:\/\/amante-menden.de\/wordpress\/wp-content\/uploads\/2015\/06\/gruppe-gross1.jpg\"><img loading=\"lazy\" decoding=\"async\" class=\" size-full wp-image-956 aligncenter\" src=\"http:\/\/amante-menden.de\/wordpress\/wp-content\/uploads\/2015\/06\/gruppe-gross1.jpg\" alt=\"gruppe gross\" width=\"350\" height=\"321\" srcset=\"https:\/\/www.amante-menden.de\/wordpress\/wp-content\/uploads\/2015\/06\/gruppe-gross1.jpg 350w, https:\/\/www.amante-menden.de\/wordpress\/wp-content\/uploads\/2015\/06\/gruppe-gross1-300x275.jpg 300w\" sizes=\"auto, (max-width: 350px) 100vw, 350px\" \/><\/a><\/p>\n<p style=\"text-align: justify;\">Menden. Mit bew\u00e4hrter Vorstandsmannschaft kann amante della musica menden aus einer gesunden finanziellen Lage heraus seine umfangreichen Planungen f\u00fcr das 25-j\u00e4hrige Bestehen 2011 in die Tat umsetzen, aber auch die kurzfristigeren Ziele 2010 in Angriff nehmen.<\/p>\n<p style=\"text-align: justify;\" align=\"justify\">Im Rahmen der Jahreshauptversammlung am Samstag in den &#8222;Bieberstuben&#8220; in Lendringsen wurden n\u00e4mlich mit Melanie Ferber (2. Vorsitzende), Erwin Orlich (2. Kassierer) und Andrea Ferber (2. Schriftf\u00fchrerin) die drei zur Wahl stehenden Personen jeweils einstimmig f\u00fcr zwei weitere Jahre gew\u00e4hlt. Als Kassenpr\u00fcferin wurde Melanie Kalovljevic ebenfalls f\u00fcr zwei Jahre bestimmt, dem Vorstand wurde einstimmig die Entlastung erteilt.<\/p>\n<p style=\"text-align: justify;\" align=\"justify\">Schwerpunkt des Jahresmeetings waren nicht etwa die Regularien, sondern vielmehr die vielen H\u00f6hepunkte, die auf Chorleiter Michael Oel und die aktuell 56 S\u00e4ngerinnen und S\u00e4nger warten. So wird amante am 20. und 21. M\u00e4rz seine zweite CD aufnehmen, die 16 Titel von Klassik \u00fcber Volkslied bis hin zu Jazz und Pop enthalten wird. Pr\u00e4sentiert wird das Ergebnis an Fronleichnam (Donnerstag, 3. Juni) um 17 Uhr im Spiegelsaal der Wilhelmsh\u00f6he. F\u00fcr das Booklet der CD, aber auch f\u00fcr einen Chorflyer und im Hinblick auf das Jubil\u00e4um 2011 wird der Chor noch im M\u00e4rz eine ausgiebige professionelle Foto-Session durchf\u00fchren.<\/p>\n<p style=\"text-align: justify;\" align=\"justify\">Vom 13. bis 16. Mai f\u00e4hrt der heimische Klangk\u00f6rper zum zweiten Mal ins Weberhaus nach Nieheim ins Probewochenende, gibt dabei auch ein Konzert. Am 12. und 13. Juni sind alle Aktiven, F\u00f6rderer und Freunde dann gefordert, wenn amante in Zusammenarbeit mit dem Chorverband H\u00f6nne-Ruhr bereits zum vierten Mal seit 1999 ein Leistungssingen des Chorverbandes Nordrhein-Westfalen auf der Wilhelmsh\u00f6he ausrichtet. Am 3. Juli singt amante auf der Landesgartenschau in Hemer.<\/p>\n<p style=\"text-align: justify;\" align=\"justify\">Nach den Sommerferien bereitet sich der Meisterchor unter anderem mit einem ganzt\u00e4gigen Coaching mit der bekannten Choreographin Britta Adams auf die Teilnahme am Zuccalmaglio-Volkslieder-Festival am 30. Oktober in Rheine vor. Die Teilnahme an den Freundschaftssingen des MGV Heiderose, des Sauerl\u00e4ndischen Polizeichores, des MGV Amicitia Garbeck und des MGV Eisborn sowie interne Feierlichkeiten runden das Jahr ab.<\/p>\n<p style=\"text-align: justify;\" align=\"justify\">Im Hintergrund l\u00e4uft zus\u00e4tzlich bereits die konkrete Planung f\u00fcr 2011. So findet im Februar ein offizieller Festakt zum 25-j\u00e4hrigen Bestehen statt, im M\u00e4rz ein zweit\u00e4giges Freundschaftssingen, im Juli ein gro\u00dfes Sommerfest auch mit vielen Ehemaligen und dann im Oktober als H\u00f6hepunkt an zwei Tagen eine Chorrevue auf der Wilhelmsh\u00f6he, f\u00fcr die der Verein s\u00e4mtliche Dinge in Eigenregie anfertigt und plant (z.B. Kost\u00fcme, Maske, B\u00fchnenbilder, Catering, Moderation). Im November 2011 pr\u00e4sentiert amante schlie\u00dflich befreundete Top-Ch\u00f6re aus ganz NRW und will \u00fcber Ostern 2012 die n\u00e4chste Konzertreise durchf\u00fchren.<\/p>\n<p style=\"text-align: justify;\" align=\"justify\">Chorleiter Michael Oel und Vorsitzender Lars Becker appellierten an alle Mitglieder, angesichts der anstehenden Aufgaben tatkr\u00e4ftig anzupacken und vor allem regelm\u00e4\u00dfig zu den Proben zu kommen. Schon in K\u00fcrze werden \u00fcber ein &#8222;Casting&#8220; zahlreiche Projektgruppen installiert, die sich dann ganz gezielt an die Arbeit machen werden.<\/p>\n<p style=\"text-align: justify;\" align=\"justify\">F\u00fcr ihre 15-j\u00e4hrige Mitgliedschaft wurden Alina und Erwin Orlich sowie Sabine Beringhoff und Lars Becker mit einem Pr\u00e4sent geehrt. Chorleiter Michael Oel und Bass-S\u00e4nger Markus Woitzik (100-prozentige Beteiligung bei allen 50 Chor-Terminen 2009) durften sich ebenso \u00fcber s\u00fc\u00dfe Kleinigkeiten freuen wie Tenor Martin Schindler, der f\u00fcr amante die Midifiles anfertigt. Zu Beginn der Versammlung gedachten die Mitglieder der beiden im letzten Jahr verstorbenen S\u00e4nger Uli Paul und Ralf Zablotny.<\/p>\n","protected":false},"excerpt":{"rendered":"<p>Leistungssingen auf der Wilhelmsh\u00f6he 2010, Jubil\u00e4umskonzerte 2011, Teilnahme am Leistungssingen 2010 Menden. Mit bew\u00e4hrter Vorstandsmannschaft kann amante della musica menden aus einer gesunden finanziellen Lage heraus seine umfangreichen Planungen f\u00fcr das 25-j\u00e4hrige Bestehen 2011 in die Tat umsetzen, aber auch &hellip; <a href=\"https:\/\/www.amante-menden.de\/?page_id=957\">Weiterlesen <span class=\"meta-nav\">&rarr;<\/span><\/a><\/p>\n","protected":false},"author":1,"featured_media":0,"parent":156,"menu_order":106,"comment_status":"closed","ping_status":"closed","template":"","meta":{"footnotes":""},"class_list":["post-957","page","type-page","status-publish","hentry"],"_links":{"self":[{"href":"https:\/\/www.amante-menden.de\/index.php?rest_route=\/wp\/v2\/pages\/957","targetHints":{"allow":["GET"]}}],"collection":[{"href":"https:\/\/www.amante-menden.de\/index.php?rest_route=\/wp\/v2\/pages"}],"about":[{"href":"https:\/\/www.amante-menden.de\/index.php?rest_route=\/wp\/v2\/types\/page"}],"author":[{"embeddable":true,"href":"https:\/\/www.amante-menden.de\/index.php?rest_route=\/wp\/v2\/users\/1"}],"replies":[{"embeddable":true,"href":"https:\/\/www.amante-menden.de\/index.php?rest_route=%2Fwp%2Fv2%2Fcomments&post=957"}],"version-history":[{"count":1,"href":"https:\/\/www.amante-menden.de\/index.php?rest_route=\/wp\/v2\/pages\/957\/revisions"}],"predecessor-version":[{"id":958,"href":"https:\/\/www.amante-menden.de\/index.php?rest_route=\/wp\/v2\/pages\/957\/revisions\/958"}],"up":[{"embeddable":true,"href":"https:\/\/www.amante-menden.de\/index.php?rest_route=\/wp\/v2\/pages\/156"}],"wp:attachment":[{"href":"https:\/\/www.amante-menden.de\/index.php?rest_route=%2Fwp%2Fv2%2Fmedia&parent=957"}],"curies":[{"name":"wp","href":"https:\/\/api.w.org\/{rel}","templated":true}]}}

<h3 style="text-align: justify;">Leistungssingen auf der Wilhelmshöhe 2010, Jubiläumskonzerte 2011, Teilnahme am Leistungssingen 2010</h3>
<p style="text-align: justify;"><a href="http://amante-menden.de/wordpress/wp-content/uploads/2015/06/gruppe-gross1.jpg"><img loading="lazy" decoding="async" class=" size-full wp-image-956 aligncenter" src="http://amante-menden.de/wordpress/wp-content/uploads/2015/06/gruppe-gross1.jpg" alt="gruppe gross" width="350" height="321" srcset="https://www.amante-menden.de/wordpress/wp-content/uploads/2015/06/gruppe-gross1.jpg 350w, https://www.amante-menden.de/wordpress/wp-content/uploads/2015/06/gruppe-gross1-300x275.jpg 300w" sizes="auto, (max-width: 350px) 100vw, 350px" /></a></p>
<p style="text-align: justify;">Menden. Mit bewährter Vorstandsmannschaft kann amante della musica menden aus einer gesunden finanziellen Lage heraus seine umfangreichen Planungen für das 25-jährige Bestehen 2011 in die Tat umsetzen, aber auch die kurzfristigeren Ziele 2010 in Angriff nehmen.</p>
<p style="text-align: justify;" align="justify">Im Rahmen der Jahreshauptversammlung am Samstag in den &#8222;Bieberstuben&#8220; in Lendringsen wurden nämlich mit Melanie Ferber (2. Vorsitzende), Erwin Orlich (2. Kassierer) und Andrea Ferber (2. Schriftführerin) die drei zur Wahl stehenden Personen jeweils einstimmig für zwei weitere Jahre gewählt. Als Kassenprüferin wurde Melanie Kalovljevic ebenfalls für zwei Jahre bestimmt, dem Vorstand wurde einstimmig die Entlastung erteilt.</p>
<p style="text-align: justify;" align="justify">Schwerpunkt des Jahresmeetings waren nicht etwa die Regularien, sondern vielmehr die vielen Höhepunkte, die auf Chorleiter Michael Oel und die aktuell 56 Sängerinnen und Sänger warten. So wird amante am 20. und 21. März seine zweite CD aufnehmen, die 16 Titel von Klassik über Volkslied bis hin zu Jazz und Pop enthalten wird. Präsentiert wird das Ergebnis an Fronleichnam (Donnerstag, 3. Juni) um 17 Uhr im Spiegelsaal der Wilhelmshöhe. Für das Booklet der CD, aber auch für einen Chorflyer und im Hinblick auf das Jubiläum 2011 wird der Chor noch im März eine ausgiebige professionelle Foto-Session durchführen.</p>
<p style="text-align: justify;" align="justify">Vom 13. bis 16. Mai fährt der heimische Klangkörper zum zweiten Mal ins Weberhaus nach Nieheim ins Probewochenende, gibt dabei auch ein Konzert. Am 12. und 13. Juni sind alle Aktiven, Förderer und Freunde dann gefordert, wenn amante in Zusammenarbeit mit dem Chorverband Hönne-Ruhr bereits zum vierten Mal seit 1999 ein Leistungssingen des Chorverbandes Nordrhein-Westfalen auf der Wilhelmshöhe ausrichtet. Am 3. Juli singt amante auf der Landesgartenschau in Hemer.</p>
<p style="text-align: justify;" align="justify">Nach den Sommerferien bereitet sich der Meisterchor unter anderem mit einem ganztägigen Coaching mit der bekannten Choreographin Britta Adams auf die Teilnahme am Zuccalmaglio-Volkslieder-Festival am 30. Oktober in Rheine vor. Die Teilnahme an den Freundschaftssingen des MGV Heiderose, des Sauerländischen Polizeichores, des MGV Amicitia Garbeck und des MGV Eisborn sowie interne Feierlichkeiten runden das Jahr ab.</p>
<p style="text-align: justify;" align="justify">Im Hintergrund läuft zusätzlich bereits die konkrete Planung für 2011. So findet im Februar ein offizieller Festakt zum 25-jährigen Bestehen statt, im März ein zweitägiges Freundschaftssingen, im Juli ein großes Sommerfest auch mit vielen Ehemaligen und dann im Oktober als Höhepunkt an zwei Tagen eine Chorrevue auf der Wilhelmshöhe, für die der Verein sämtliche Dinge in Eigenregie anfertigt und plant (z.B. Kostüme, Maske, Bühnenbilder, Catering, Moderation). Im November 2011 präsentiert amante schließlich befreundete Top-Chöre aus ganz NRW und will über Ostern 2012 die nächste Konzertreise durchführen.</p>
<p style="text-align: justify;" align="justify">Chorleiter Michael Oel und Vorsitzender Lars Becker appellierten an alle Mitglieder, angesichts der anstehenden Aufgaben tatkräftig anzupacken und vor allem regelmäßig zu den Proben zu kommen. Schon in Kürze werden über ein &#8222;Casting&#8220; zahlreiche Projektgruppen installiert, die sich dann ganz gezielt an die Arbeit machen werden.</p>
<p style="text-align: justify;" align="justify">Für ihre 15-jährige Mitgliedschaft wurden Alina und Erwin Orlich sowie Sabine Beringhoff und Lars Becker mit einem Präsent geehrt. Chorleiter Michael Oel und Bass-Sänger Markus Woitzik (100-prozentige Beteiligung bei allen 50 Chor-Terminen 2009) durften sich ebenso über süße Kleinigkeiten freuen wie Tenor Martin Schindler, der für amante die Midifiles anfertigt. Zu Beginn der Versammlung gedachten die Mitglieder der beiden im letzten Jahr verstorbenen Sänger Uli Paul und Ralf Zablotny.</p>

<p>Leistungssingen auf der Wilhelmshöhe 2010, Jubiläumskonzerte 2011, Teilnahme am Leistungssingen 2010 Menden. Mit bewährter Vorstandsmannschaft kann amante della musica menden aus einer gesunden finanziellen Lage heraus seine umfangreichen Planungen für das 25-jährige Bestehen 2011 in die Tat umsetzen, aber auch &hellip; <a href="https://www.amante-menden.de/?page_id=957">Weiterlesen <span class="meta-nav">&rarr;</span></a></p>
