{"id":995,"date":"2015-06-17T11:20:39","date_gmt":"2015-06-17T09:20:39","guid":{"rendered":"http:\/\/amante-menden.de\/?page_id=995"},"modified":"2015-06-17T11:21:08","modified_gmt":"2015-06-17T09:21:08","slug":"probenwochenende-2010","status":"publish","type":"page","link":"https:\/\/www.amante-menden.de\/?page_id=995","title":{"rendered":"Probenwochenende 2010"},"content":{"rendered":"<h3>Vom 13. Mai bis 16. Mai bereitet sich amante in Nieheim auf das Jahr 2010 vor!<\/h3>\n<h3><a href=\"http:\/\/amante-menden.de\/wordpress\/wp-content\/uploads\/2015\/06\/gruppe3.jpg\"><img loading=\"lazy\" decoding=\"async\" class=\" size-full wp-image-996 aligncenter\" src=\"http:\/\/amante-menden.de\/wordpress\/wp-content\/uploads\/2015\/06\/gruppe3.jpg\" alt=\"gruppe\" width=\"607\" height=\"300\" srcset=\"https:\/\/www.amante-menden.de\/wordpress\/wp-content\/uploads\/2015\/06\/gruppe3.jpg 607w, https:\/\/www.amante-menden.de\/wordpress\/wp-content\/uploads\/2015\/06\/gruppe3-300x148.jpg 300w\" sizes=\"auto, (max-width: 607px) 100vw, 607px\" \/><\/a><\/h3>\n<p style=\"text-align: justify;\">Im Rahmen eines viert\u00e4gigen Probewochenendes in der Kolping-Bildungsst\u00e4tte Weberhaus in Nieheim haben sich die S\u00e4ngerinnen und S\u00e4nger des Meisterchores amante della musica menden auf die kommenden musikalischen Aufgaben vorbereitet.<\/p>\n<p align=\"justify\">Am Donnerstag, 3. Juni, pr\u00e4sentiert der Klangk\u00f6rper im Rahmen eines Konzertes ab 17 Uhr auf der Wilhelmsh\u00f6he bekanntlich seine brandneue zweite CD, die 13 Titel verschiedenster Sprachen und Stilrichtungen umfasst (Einlass ab 16 Uhr). Die Karten kosten an der Abendkasse acht Euro, erm\u00e4\u00dfigt f\u00fcr Kinder und Jugendliche zwischen sechs und 18 Jahren sowie f\u00fcr Schwerbehinderte sechs Euro. Au\u00dferdem sind die Tickets im Vorverkauf in den drei KundenCentern Menden, B\u00f6sperde und Lendringsen der Mendener Bank sowie bei &#8222;Der kleine Laden&#8220; an der Beethovenstra\u00dfe im Lahrfeld erh\u00e4ltlich. Reservierungen sind m\u00f6glich per E-Mail unter karten@amante-menden.de. Vorbestellungen f\u00fcr die CD werden unter vorstand@amante-menden.de entgegen genommen.<\/p>\n<p>&nbsp;<\/p>\n<p align=\"justify\">In Nieheim wurde die bew\u00e4hrte Literatur aufgearbeitet, aber mit Chorleiter Michael Oel auch schon an einigen neuen St\u00fccken gefeilt, die amante beim Volkslieder-Leistungssingen im Oktober auff\u00fchren will. Zum ersten Mal nutzte der Chor sein j\u00e4hrliches Probewochenende auch dazu, einen Gottesdienst zu gestalten. In der katholischen Nikolaus-Kirche Nieheim sang das 43-k\u00f6pfige Ensemble vier Titel vom Chorwerk bis zum Gospel.<\/p>\n<p align=\"justify\">Eine Stadtf\u00fchrung durch die Ortschaft Nieheim, wo amante zum zweiten Mal nach 2009 zu Gast war, sowie gesellige Abende im Weberhaus rundeten die vier Tage ab. Im Anschluss reiste der Chor noch mit 33 Aktiven nach K\u00f6ln, um sich hier beim Casting f\u00fcr das neue TV-Format &#8222;X-Factor&#8220; (l\u00e4uft ab Sommer bei VOX) einer f\u00fcnfk\u00f6pfigen Jury im Paladium zu stellen. Die S\u00e4ngerinnen und S\u00e4nger pr\u00e4sentierten die beiden Titel &#8222;Coming home&#8220; (a cappella) und &#8222;Bohemian Rhapsody&#8220; (mit Halbplayback), ernteten anschlie\u00dfend viel Lob f\u00fcr einen schwungvollen Auftritt. Zu mehr reichte es allerdings nicht.<\/p>\n<p align=\"justify\">Weitere Auftritte finden in K\u00fcrze beim Freundschaftssingen des Sauerl\u00e4ndischen Polizeichores (29. Mai) sowie auf der B\u00fchne der Landesgartenschau in Hemer (3. Juli, 18 Uhr) statt. Au\u00dferdem richtet amante am 12. und 13. Juni als Partner des Chorverbandes H\u00f6nne-Ruhr das Leistungssingen mit 23 Ch\u00f6ren aus ganz NRW auf der Wilhelmsh\u00f6he aus.<\/p>\n<div id='gallery-1' class='gallery galleryid-995 gallery-columns-3 gallery-size-thumbnail'><dl class='gallery-item'>\n\t\t\t<dt class='gallery-icon landscape'>\n\t\t\t\t<a href='https:\/\/www.amante-menden.de\/?attachment_id=990'><img loading=\"lazy\" decoding=\"async\" width=\"150\" height=\"150\" src=\"https:\/\/www.amante-menden.de\/wordpress\/wp-content\/uploads\/2015\/06\/127-150x150.jpg\" class=\"attachment-thumbnail size-thumbnail\" alt=\"\" srcset=\"https:\/\/www.amante-menden.de\/wordpress\/wp-content\/uploads\/2015\/06\/127-150x150.jpg 150w, https:\/\/www.amante-menden.de\/wordpress\/wp-content\/uploads\/2015\/06\/127-144x144.jpg 144w\" sizes=\"auto, (max-width: 150px) 100vw, 150px\" \/><\/a>\n\t\t\t<\/dt><\/dl><dl class='gallery-item'>\n\t\t\t<dt class='gallery-icon portrait'>\n\t\t\t\t<a href='https:\/\/www.amante-menden.de\/?attachment_id=994'><img loading=\"lazy\" decoding=\"async\" width=\"150\" height=\"150\" src=\"https:\/\/www.amante-menden.de\/wordpress\/wp-content\/uploads\/2015\/06\/510-150x150.jpg\" class=\"attachment-thumbnail size-thumbnail\" alt=\"\" srcset=\"https:\/\/www.amante-menden.de\/wordpress\/wp-content\/uploads\/2015\/06\/510-150x150.jpg 150w, https:\/\/www.amante-menden.de\/wordpress\/wp-content\/uploads\/2015\/06\/510-144x144.jpg 144w\" sizes=\"auto, (max-width: 150px) 100vw, 150px\" \/><\/a>\n\t\t\t<\/dt><\/dl><dl class='gallery-item'>\n\t\t\t<dt class='gallery-icon portrait'>\n\t\t\t\t<a href='https:\/\/www.amante-menden.de\/?attachment_id=993'><img loading=\"lazy\" decoding=\"async\" width=\"150\" height=\"150\" src=\"https:\/\/www.amante-menden.de\/wordpress\/wp-content\/uploads\/2015\/06\/410-150x150.jpg\" class=\"attachment-thumbnail size-thumbnail\" alt=\"\" srcset=\"https:\/\/www.amante-menden.de\/wordpress\/wp-content\/uploads\/2015\/06\/410-150x150.jpg 150w, https:\/\/www.amante-menden.de\/wordpress\/wp-content\/uploads\/2015\/06\/410-144x144.jpg 144w\" sizes=\"auto, (max-width: 150px) 100vw, 150px\" \/><\/a>\n\t\t\t<\/dt><\/dl><br style=\"clear: both\" \/><dl class='gallery-item'>\n\t\t\t<dt class='gallery-icon landscape'>\n\t\t\t\t<a href='https:\/\/www.amante-menden.de\/?attachment_id=992'><img loading=\"lazy\" decoding=\"async\" width=\"150\" height=\"150\" src=\"https:\/\/www.amante-menden.de\/wordpress\/wp-content\/uploads\/2015\/06\/312-150x150.jpg\" class=\"attachment-thumbnail size-thumbnail\" alt=\"\" srcset=\"https:\/\/www.amante-menden.de\/wordpress\/wp-content\/uploads\/2015\/06\/312-150x150.jpg 150w, https:\/\/www.amante-menden.de\/wordpress\/wp-content\/uploads\/2015\/06\/312-144x144.jpg 144w\" sizes=\"auto, (max-width: 150px) 100vw, 150px\" \/><\/a>\n\t\t\t<\/dt><\/dl><dl class='gallery-item'>\n\t\t\t<dt class='gallery-icon landscape'>\n\t\t\t\t<a href='https:\/\/www.amante-menden.de\/?attachment_id=991'><img loading=\"lazy\" decoding=\"async\" width=\"150\" height=\"150\" src=\"https:\/\/www.amante-menden.de\/wordpress\/wp-content\/uploads\/2015\/06\/216-150x150.jpg\" class=\"attachment-thumbnail size-thumbnail\" alt=\"\" srcset=\"https:\/\/www.amante-menden.de\/wordpress\/wp-content\/uploads\/2015\/06\/216-150x150.jpg 150w, https:\/\/www.amante-menden.de\/wordpress\/wp-content\/uploads\/2015\/06\/216-144x144.jpg 144w\" sizes=\"auto, (max-width: 150px) 100vw, 150px\" \/><\/a>\n\t\t\t<\/dt><\/dl>\n\t\t\t<br style='clear: both' \/>\n\t\t<\/div>\n\n","protected":false},"excerpt":{"rendered":"<p>Vom 13. Mai bis 16. Mai bereitet sich amante in Nieheim auf das Jahr 2010 vor! Im Rahmen eines viert\u00e4gigen Probewochenendes in der Kolping-Bildungsst\u00e4tte Weberhaus in Nieheim haben sich die S\u00e4ngerinnen und S\u00e4nger des Meisterchores amante della musica menden auf &hellip; <a href=\"https:\/\/www.amante-menden.de\/?page_id=995\">Weiterlesen <span class=\"meta-nav\">&rarr;<\/span><\/a><\/p>\n","protected":false},"author":1,"featured_media":0,"parent":156,"menu_order":108,"comment_status":"closed","ping_status":"closed","template":"","meta":{"footnotes":""},"class_list":["post-995","page","type-page","status-publish","hentry"],"_links":{"self":[{"href":"https:\/\/www.amante-menden.de\/index.php?rest_route=\/wp\/v2\/pages\/995","targetHints":{"allow":["GET"]}}],"collection":[{"href":"https:\/\/www.amante-menden.de\/index.php?rest_route=\/wp\/v2\/pages"}],"about":[{"href":"https:\/\/www.amante-menden.de\/index.php?rest_route=\/wp\/v2\/types\/page"}],"author":[{"embeddable":true,"href":"https:\/\/www.amante-menden.de\/index.php?rest_route=\/wp\/v2\/users\/1"}],"replies":[{"embeddable":true,"href":"https:\/\/www.amante-menden.de\/index.php?rest_route=%2Fwp%2Fv2%2Fcomments&post=995"}],"version-history":[{"count":3,"href":"https:\/\/www.amante-menden.de\/index.php?rest_route=\/wp\/v2\/pages\/995\/revisions"}],"predecessor-version":[{"id":999,"href":"https:\/\/www.amante-menden.de\/index.php?rest_route=\/wp\/v2\/pages\/995\/revisions\/999"}],"up":[{"embeddable":true,"href":"https:\/\/www.amante-menden.de\/index.php?rest_route=\/wp\/v2\/pages\/156"}],"wp:attachment":[{"href":"https:\/\/www.amante-menden.de\/index.php?rest_route=%2Fwp%2Fv2%2Fmedia&parent=995"}],"curies":[{"name":"wp","href":"https:\/\/api.w.org\/{rel}","templated":true}]}}

<h3>Vom 13. Mai bis 16. Mai bereitet sich amante in Nieheim auf das Jahr 2010 vor!</h3>
<h3><a href="http://amante-menden.de/wordpress/wp-content/uploads/2015/06/gruppe3.jpg"><img loading="lazy" decoding="async" class=" size-full wp-image-996 aligncenter" src="http://amante-menden.de/wordpress/wp-content/uploads/2015/06/gruppe3.jpg" alt="gruppe" width="607" height="300" srcset="https://www.amante-menden.de/wordpress/wp-content/uploads/2015/06/gruppe3.jpg 607w, https://www.amante-menden.de/wordpress/wp-content/uploads/2015/06/gruppe3-300x148.jpg 300w" sizes="auto, (max-width: 607px) 100vw, 607px" /></a></h3>
<p style="text-align: justify;">Im Rahmen eines viertägigen Probewochenendes in der Kolping-Bildungsstätte Weberhaus in Nieheim haben sich die Sängerinnen und Sänger des Meisterchores amante della musica menden auf die kommenden musikalischen Aufgaben vorbereitet.</p>
<p align="justify">Am Donnerstag, 3. Juni, präsentiert der Klangkörper im Rahmen eines Konzertes ab 17 Uhr auf der Wilhelmshöhe bekanntlich seine brandneue zweite CD, die 13 Titel verschiedenster Sprachen und Stilrichtungen umfasst (Einlass ab 16 Uhr). Die Karten kosten an der Abendkasse acht Euro, ermäßigt für Kinder und Jugendliche zwischen sechs und 18 Jahren sowie für Schwerbehinderte sechs Euro. Außerdem sind die Tickets im Vorverkauf in den drei KundenCentern Menden, Bösperde und Lendringsen der Mendener Bank sowie bei &#8222;Der kleine Laden&#8220; an der Beethovenstraße im Lahrfeld erhältlich. Reservierungen sind möglich per E-Mail unter karten@amante-menden.de. Vorbestellungen für die CD werden unter vorstand@amante-menden.de entgegen genommen.</p>
<p>&nbsp;</p>
<p align="justify">In Nieheim wurde die bewährte Literatur aufgearbeitet, aber mit Chorleiter Michael Oel auch schon an einigen neuen Stücken gefeilt, die amante beim Volkslieder-Leistungssingen im Oktober aufführen will. Zum ersten Mal nutzte der Chor sein jährliches Probewochenende auch dazu, einen Gottesdienst zu gestalten. In der katholischen Nikolaus-Kirche Nieheim sang das 43-köpfige Ensemble vier Titel vom Chorwerk bis zum Gospel.</p>
<p align="justify">Eine Stadtführung durch die Ortschaft Nieheim, wo amante zum zweiten Mal nach 2009 zu Gast war, sowie gesellige Abende im Weberhaus rundeten die vier Tage ab. Im Anschluss reiste der Chor noch mit 33 Aktiven nach Köln, um sich hier beim Casting für das neue TV-Format &#8222;X-Factor&#8220; (läuft ab Sommer bei VOX) einer fünfköpfigen Jury im Paladium zu stellen. Die Sängerinnen und Sänger präsentierten die beiden Titel &#8222;Coming home&#8220; (a cappella) und &#8222;Bohemian Rhapsody&#8220; (mit Halbplayback), ernteten anschließend viel Lob für einen schwungvollen Auftritt. Zu mehr reichte es allerdings nicht.</p>
<p align="justify">Weitere Auftritte finden in Kürze beim Freundschaftssingen des Sauerländischen Polizeichores (29. Mai) sowie auf der Bühne der Landesgartenschau in Hemer (3. Juli, 18 Uhr) statt. Außerdem richtet amante am 12. und 13. Juni als Partner des Chorverbandes Hönne-Ruhr das Leistungssingen mit 23 Chören aus ganz NRW auf der Wilhelmshöhe aus.</p>
<div id='gallery-1' class='gallery galleryid-995 gallery-columns-3 gallery-size-thumbnail'><dl class='gallery-item'>
			<dt class='gallery-icon landscape'>
				<a href='https://www.amante-menden.de/?attachment_id=990'><img loading="lazy" decoding="async" width="150" height="150" src="https://www.amante-menden.de/wordpress/wp-content/uploads/2015/06/127-150x150.jpg" class="attachment-thumbnail size-thumbnail" alt="" srcset="https://www.amante-menden.de/wordpress/wp-content/uploads/2015/06/127-150x150.jpg 150w, https://www.amante-menden.de/wordpress/wp-content/uploads/2015/06/127-144x144.jpg 144w" sizes="auto, (max-width: 150px) 100vw, 150px" /></a>
			</dt></dl><dl class='gallery-item'>
			<dt class='gallery-icon portrait'>
				<a href='https://www.amante-menden.de/?attachment_id=994'><img loading="lazy" decoding="async" width="150" height="150" src="https://www.amante-menden.de/wordpress/wp-content/uploads/2015/06/510-150x150.jpg" class="attachment-thumbnail size-thumbnail" alt="" srcset="https://www.amante-menden.de/wordpress/wp-content/uploads/2015/06/510-150x150.jpg 150w, https://www.amante-menden.de/wordpress/wp-content/uploads/2015/06/510-144x144.jpg 144w" sizes="auto, (max-width: 150px) 100vw, 150px" /></a>
			</dt></dl><dl class='gallery-item'>
			<dt class='gallery-icon portrait'>
				<a href='https://www.amante-menden.de/?attachment_id=993'><img loading="lazy" decoding="async" width="150" height="150" src="https://www.amante-menden.de/wordpress/wp-content/uploads/2015/06/410-150x150.jpg" class="attachment-thumbnail size-thumbnail" alt="" srcset="https://www.amante-menden.de/wordpress/wp-content/uploads/2015/06/410-150x150.jpg 150w, https://www.amante-menden.de/wordpress/wp-content/uploads/2015/06/410-144x144.jpg 144w" sizes="auto, (max-width: 150px) 100vw, 150px" /></a>
			</dt></dl><br style="clear: both" /><dl class='gallery-item'>
			<dt class='gallery-icon landscape'>
				<a href='https://www.amante-menden.de/?attachment_id=992'><img loading="lazy" decoding="async" width="150" height="150" src="https://www.amante-menden.de/wordpress/wp-content/uploads/2015/06/312-150x150.jpg" class="attachment-thumbnail size-thumbnail" alt="" srcset="https://www.amante-menden.de/wordpress/wp-content/uploads/2015/06/312-150x150.jpg 150w, https://www.amante-menden.de/wordpress/wp-content/uploads/2015/06/312-144x144.jpg 144w" sizes="auto, (max-width: 150px) 100vw, 150px" /></a>
			</dt></dl><dl class='gallery-item'>
			<dt class='gallery-icon landscape'>
				<a href='https://www.amante-menden.de/?attachment_id=991'><img loading="lazy" decoding="async" width="150" height="150" src="https://www.amante-menden.de/wordpress/wp-content/uploads/2015/06/216-150x150.jpg" class="attachment-thumbnail size-thumbnail" alt="" srcset="https://www.amante-menden.de/wordpress/wp-content/uploads/2015/06/216-150x150.jpg 150w, https://www.amante-menden.de/wordpress/wp-content/uploads/2015/06/216-144x144.jpg 144w" sizes="auto, (max-width: 150px) 100vw, 150px" /></a>
			</dt></dl>
			<br style='clear: both' />
		</div>

<p>Vom 13. Mai bis 16. Mai bereitet sich amante in Nieheim auf das Jahr 2010 vor! Im Rahmen eines viertägigen Probewochenendes in der Kolping-Bildungsstätte Weberhaus in Nieheim haben sich die Sängerinnen und Sänger des Meisterchores amante della musica menden auf &hellip; <a href="https://www.amante-menden.de/?page_id=995">Weiterlesen <span class="meta-nav">&rarr;</span></a></p>
